000
CDUS46 KSGX 251421
CLICZZ


CLIMATE REPORT
NATIONAL WEATHER SERVICE SAN DIEGO, CA
721 AM PDT SAT MAR 25 2017


...................................

...THE CAMPO ASOS CA CLIMATE SUMMARY FOR MARCH 24 2017...

CLIMATE NORMAL PERIOD 1981 TO 2010
CLIMATE RECORD PERIOD 1948 TO 2017


WEATHER ITEM   OBSERVED TIME   RECORD YEAR NORMAL DEPARTURE LAST
                VALUE   (LST)  VALUE       VALUE  FROM      YEAR
                                                  NORMAL
..................................................................
TEMPERATURE (F)
 YESTERDAY
  MAXIMUM         70    333 PM  84    1956  68      2       76
  MINIMUM         32    606 AM  24    1957  36     -4       35
  AVERAGE         51                        52     -1       56

PRECIPITATION (IN)
  YESTERDAY        0.00          0.99 1983   0.07  -0.07     0.00
  MONTH TO DATE    0.11                      2.26  -2.15     0.59
  SINCE OCT 1     15.69                     12.69   3.00     7.34
  SINCE JAN 1     10.46                      8.47   1.99     4.39

DEGREE DAYS
 HEATING
  YESTERDAY       14                        13      1        9
  MONTH TO DATE  224                       328   -104      282
  SINCE MAR 1    224                       328   -104      282
  SINCE JUL 1   2134                      2379   -245     2166

 COOLING
  YESTERDAY        0                         0      0        0
  MONTH TO DATE    0                         0      0        0
  SINCE MAR 1      0                         0      0        0
  SINCE JAN 1      0                         0      0        0
..................................................................


WIND (MPH)
  RESULTANT WIND SPEED   2   RESULTANT WIND DIRECTION  SW (230)
  HIGHEST WIND SPEED    23   HIGHEST WIND DIRECTION    SW (220)
  HIGHEST GUST SPEED    28   HIGHEST GUST DIRECTION    SW (210)
  AVERAGE WIND SPEED     5.8


SKY COVER
  POSSIBLE SUNSHINE  MM
  AVERAGE SKY COVER 0.0



RELATIVE HUMIDITY (PERCENT)
 HIGHEST   100          1200 AM
 LOWEST     22          1200 PM
 AVERAGE    61

..........................................................


THE CAMPO ASOS CA CLIMATE NORMALS FOR TODAY
                         NORMAL    RECORD    YEAR
 MAXIMUM TEMPERATURE (F)   68        81      1988
 MINIMUM TEMPERATURE (F)   36        25      1959


SUNRISE AND SUNSET
MARCH 25 2017.........SUNRISE   643 AM PDT   SUNSET   701 PM PDT
MARCH 26 2017.........SUNRISE   641 AM PDT   SUNSET   702 PM PDT


-  INDICATES NEGATIVE NUMBERS.
R  INDICATES RECORD WAS SET OR TIED.
MM INDICATES DATA IS MISSING.
T  INDICATES TRACE AMOUNT.




$$
