000
CDUS46 KSGX 260017
CLICZZ


CLIMATE REPORT
NATIONAL WEATHER SERVICE SAN DIEGO, CA
417 PM PST SUN FEB 25 2018


...................................

...THE CAMPO ASOS CA CLIMATE SUMMARY FOR FEBRUARY 25 2018...
VALID TODAY AS OF 0400 PM LOCAL TIME.

CLIMATE NORMAL PERIOD 1981 TO 2010
CLIMATE RECORD PERIOD 1948 TO 2018


WEATHER ITEM   OBSERVED TIME   RECORD YEAR NORMAL DEPARTURE LAST
                VALUE   (LST)  VALUE       VALUE  FROM      YEAR
                                                  NORMAL
..................................................................
TEMPERATURE (F)
 TODAY
  MAXIMUM         56    310 PM  84    1968  65     -9       59
  MINIMUM         21    149 AM  20    1960  35    -14       24
  AVERAGE         39                        50    -11       42

PRECIPITATION (IN)
  TODAY            0.00          0.85 2003   0.11  -0.11     0.00
  MONTH TO DATE    0.23                      2.88  -2.65     1.25
  SINCE OCT 1      2.74                     10.08  -7.34    13.14
  SINCE JAN 1      2.39                      5.86  -3.47     7.91

DEGREE DAYS
 HEATING
  TODAY           26                        15     11       23
  MONTH TO DATE  409                       391     18      414
  SINCE DEC 1   1149                      1437   -288     1432
  SINCE JUL 1   1545                      2007   -462     1850

 COOLING
  TODAY            0                         0      0        0
  MONTH TO DATE    0                         0      0        0
  SINCE DEC 1      0                         0      0        0
  SINCE JAN 1      0                         0      0        0
..................................................................


WIND (MPH)
  RESULTANT WIND SPEED  13   RESULTANT WIND DIRECTION  NE (60)
  HIGHEST WIND SPEED    31   HIGHEST WIND DIRECTION    NE (60)
  HIGHEST GUST SPEED    38   HIGHEST GUST DIRECTION    NE (50)
  AVERAGE WIND SPEED    13.5


SKY COVER
  POSSIBLE SUNSHINE  MM
  AVERAGE SKY COVER 0.0



RELATIVE HUMIDITY (PERCENT)
 HIGHEST    84           200 AM
 LOWEST     16           200 PM
 AVERAGE    50

..........................................................


THE CAMPO ASOS CA CLIMATE NORMALS FOR TOMORROW
                         NORMAL    RECORD    YEAR
 MAXIMUM TEMPERATURE (F)   65        85      1986
 MINIMUM TEMPERATURE (F)   35        21      1977


SUNRISE AND SUNSET
FEBRUARY 25 2018......SUNRISE   618 AM PST   SUNSET   540 PM PST
FEBRUARY 26 2018......SUNRISE   617 AM PST   SUNSET   541 PM PST


-  INDICATES NEGATIVE NUMBERS.
R  INDICATES RECORD WAS SET OR TIED.
MM INDICATES DATA IS MISSING.
T  INDICATES TRACE AMOUNT.




$$
