000
CDUS46 KSGX 231523
CLICZZ


CLIMATE REPORT
NATIONAL WEATHER SERVICE SAN DIEGO, CA
722 AM PST MON JAN 23 2017


...................................

...THE CAMPO ASOS CA CLIMATE SUMMARY FOR JANUARY 22 2017...

CLIMATE NORMAL PERIOD 1981 TO 2010
CLIMATE RECORD PERIOD 1948 TO 2017


WEATHER ITEM   OBSERVED TIME   RECORD YEAR NORMAL DEPARTURE LAST
                VALUE   (LST)  VALUE       VALUE  FROM      YEAR
                                                  NORMAL
..................................................................
TEMPERATURE (F)
 YESTERDAY
  MAXIMUM         52   1216 PM  79    1994  63    -11       70
  MINIMUM         36    106 AM  16    1966  35      1       34
  AVERAGE         44                        49     -5       52

PRECIPITATION (IN)
  YESTERDAY        1.24R         1.01 2010   0.08   1.16     0.00
  MONTH TO DATE    5.13                      2.13   3.00     2.93
  SINCE OCT 1     10.36                      6.35   4.01     5.88
  SINCE JAN 1      5.13                      2.13   3.00     2.93

DEGREE DAYS
 HEATING
  YESTERDAY       21                        16      5       13
  MONTH TO DATE  386                       363     23      403
  SINCE DEC 1    851                       899    -48     1003
  SINCE JUL 1   1269                      1469   -200     1419

 COOLING
  YESTERDAY        0                         0      0        0
  MONTH TO DATE    0                         0      0        0
  SINCE DEC 1      0                         0      0        0
  SINCE JAN 1      0                         0      0        0
..................................................................


WIND (MPH)
  RESULTANT WIND SPEED   8   RESULTANT WIND DIRECTION  SW (210)
  HIGHEST WIND SPEED    32   HIGHEST WIND DIRECTION     W (250)
  HIGHEST GUST SPEED    41   HIGHEST GUST DIRECTION    SW (240)
  AVERAGE WIND SPEED    10.8


SKY COVER
  POSSIBLE SUNSHINE  MM
  AVERAGE SKY COVER 0.0



RELATIVE HUMIDITY (PERCENT)
 HIGHEST   100          1200 AM
 LOWEST     56          1000 AM
 AVERAGE    78

..........................................................


THE CAMPO ASOS CA CLIMATE NORMALS FOR TODAY
                         NORMAL    RECORD    YEAR
 MAXIMUM TEMPERATURE (F)   63        77      2003
 MINIMUM TEMPERATURE (F)   35        19      1966


SUNRISE AND SUNSET
JANUARY 23 2017.......SUNRISE   645 AM PST   SUNSET   511 PM PST
JANUARY 24 2017.......SUNRISE   645 AM PST   SUNSET   512 PM PST


-  INDICATES NEGATIVE NUMBERS.
R  INDICATES RECORD WAS SET OR TIED.
MM INDICATES DATA IS MISSING.
T  INDICATES TRACE AMOUNT.




$$
