000
CDUS46 KSGX 241417
CLICZZ


CLIMATE REPORT
NATIONAL WEATHER SERVICE SAN DIEGO, CA
717 AM PDT TUE MAY 24 2016


...................................

...THE CAMPO ASOS CA CLIMATE SUMMARY FOR MAY 23 2016...

CLIMATE NORMAL PERIOD 1981 TO 2010
CLIMATE RECORD PERIOD 1948 TO 2016


WEATHER ITEM   OBSERVED TIME   RECORD YEAR NORMAL DEPARTURE LAST
                VALUE   (LST)  VALUE       VALUE  FROM      YEAR
                                                  NORMAL
..................................................................
TEMPERATURE (F)
 YESTERDAY
  MAXIMUM         66    134 PM  94    1984  81    -15       59
  MINIMUM         38   1249 AM  30    1973  43     -5       48
  AVERAGE         52                        62    -10       54

PRECIPITATION (IN)
  YESTERDAY        0.00          0.45 1967   0.00   0.00     0.02
  MONTH TO DATE    0.14                      0.16  -0.02     2.31
  SINCE OCT 1      9.32                     14.24  -4.92     8.93
  SINCE JAN 1      6.37                     10.02  -3.65     5.06

DEGREE DAYS
 HEATING
  YESTERDAY       13                         4      9       11
  MONTH TO DATE  165                       127     38      220
  SINCE MAR 1    838                       844     -6      803
  SINCE JUL 1   2722                      2895   -173     2439

 COOLING
  YESTERDAY        0                         1     -1        0
  MONTH TO DATE    2                        18    -16        2
  SINCE MAR 1      2                        21    -19        7
  SINCE JAN 1      2                        21    -19        7
..................................................................


WIND (MPH)
  RESULTANT WIND SPEED  10   RESULTANT WIND DIRECTION  SW (230)
  HIGHEST WIND SPEED    24   HIGHEST WIND DIRECTION    SW (210)
  HIGHEST GUST SPEED    30   HIGHEST GUST DIRECTION    SW (210)
  AVERAGE WIND SPEED    11.0


SKY COVER
  POSSIBLE SUNSHINE  MM
  AVERAGE SKY COVER 0.0



RELATIVE HUMIDITY (PERCENT)
 HIGHEST    93           300 AM
 LOWEST     43          1200 PM
 AVERAGE    68

..........................................................


THE CAMPO ASOS CA CLIMATE NORMALS FOR TODAY
                         NORMAL    RECORD    YEAR
 MAXIMUM TEMPERATURE (F)   81        92      1984
 MINIMUM TEMPERATURE (F)   43        26      2010


SUNRISE AND SUNSET
MAY 24 2016...........SUNRISE   542 AM PDT   SUNSET   744 PM PDT
MAY 25 2016...........SUNRISE   541 AM PDT   SUNSET   745 PM PDT


-  INDICATES NEGATIVE NUMBERS.
R  INDICATES RECORD WAS SET OR TIED.
MM INDICATES DATA IS MISSING.
T  INDICATES TRACE AMOUNT.




$$
