000
CDUS46 KSGX 260018
CLICZZ


CLIMATE REPORT
NATIONAL WEATHER SERVICE SAN DIEGO, CA
518 PM PDT SAT OCT 25 2014


...................................

...THE CAMPO ASOS CA CLIMATE SUMMARY FOR OCTOBER 25 2014...
VALID TODAY AS OF 0500 PM LOCAL TIME.

CLIMATE NORMAL PERIOD 1981 TO 2010
CLIMATE RECORD PERIOD 1948 TO 2014


WEATHER ITEM   OBSERVED TIME   RECORD YEAR NORMAL DEPARTURE LAST
                VALUE   (LST)  VALUE       VALUE  FROM      YEAR
                                                  NORMAL
..................................................................
TEMPERATURE (F)
 TODAY
  MAXIMUM         83    117 PM  92    1990  77      6       85
  MINIMUM         48    456 AM  27    1975  40      8       36
  AVERAGE         66                        58      8       61

PRECIPITATION (IN)
  TODAY            0.00          0.49 1951   0.02  -0.02     0.00
  MONTH TO DATE    0.00                      0.62  -0.62     0.76
  SINCE JUL 1      2.03                      1.98   0.05     2.70
  SINCE JAN 1      4.79                     12.13  -7.34     7.48

SNOWFALL (IN)
  TODAY            0.0
  MONTH TO DATE    0.0
  SINCE JAN 1      0.0
  SINCE JUL 1      0.0
  SNOW DEPTH       0

DEGREE DAYS
 HEATING
  TODAY            0                         7     -7        4
  MONTH TO DATE   33                       116    -83      174
  SINCE SEP 1     48                       152   -104      215
  SINCE JUL 1     50                       166   -116      217

 COOLING
  TODAY            1                         0      1        0
  MONTH TO DATE   38                        27     11        2
  SINCE SEP 1    268                       188     80      192
  SINCE JAN 1    900                       838     62      909
..................................................................


WIND (MPH)
  RESULTANT WIND SPEED   2   RESULTANT WIND DIRECTION  SW (220)
  HIGHEST WIND SPEED    21   HIGHEST WIND DIRECTION    SW (220)
  HIGHEST GUST SPEED    27   HIGHEST GUST DIRECTION    SW (210)
  AVERAGE WIND SPEED     8.4


SKY COVER
  POSSIBLE SUNSHINE  MM
  AVERAGE SKY COVER 0.0



RELATIVE HUMIDITY (PERCENT)
 HIGHEST    66           500 AM
 LOWEST     26          1200 PM
 AVERAGE    46

..........................................................


THE CAMPO ASOS CA CLIMATE NORMALS FOR TOMORROW
                         NORMAL    RECORD    YEAR
 MAXIMUM TEMPERATURE (F)   77        95      1990
 MINIMUM TEMPERATURE (F)   40        28      1970


SUNRISE AND SUNSET
OCTOBER 25 2014.......SUNRISE   658 AM PDT   SUNSET   602 PM PDT
OCTOBER 26 2014.......SUNRISE   658 AM PDT   SUNSET   601 PM PDT


-  INDICATES NEGATIVE NUMBERS.
R  INDICATES RECORD WAS SET OR TIED.
MM INDICATES DATA IS MISSING.
T  INDICATES TRACE AMOUNT.




$$
