000
CDUS46 KSGX 290018
CLICZZ


CLIMATE REPORT
NATIONAL WEATHER SERVICE SAN DIEGO, CA
518 PM PDT SAT MAR 28 2015


...................................

...THE CAMPO ASOS CA CLIMATE SUMMARY FOR MARCH 28 2015...
VALID TODAY AS OF 0500 PM LOCAL TIME.

CLIMATE NORMAL PERIOD 1981 TO 2010
CLIMATE RECORD PERIOD 1948 TO 2015


WEATHER ITEM   OBSERVED TIME   RECORD YEAR NORMAL DEPARTURE LAST
                VALUE   (LST)  VALUE       VALUE  FROM      YEAR
                                                  NORMAL
..................................................................
TEMPERATURE (F)
 TODAY
  MAXIMUM         86R   203 PM  81    1969  69     17       71
  MINIMUM         38    454 AM  20    1972  36      2       32
  AVERAGE         62                        52     10       52

PRECIPITATION (IN)
  TODAY            0.00          1.33 1998   0.06  -0.06     0.00
  MONTH TO DATE    1.45                      2.52  -1.07     0.75
  SINCE OCT 1      6.35                     12.95  -6.60     4.32
  SINCE JAN 1      2.48                      8.73  -6.25     2.07

SNOWFALL (IN)
  TODAY            0.0
  MONTH TO DATE    0.0
  SINCE MAR 1      0.0
  SINCE JUL 1      0.0
  SNOW DEPTH       0

DEGREE DAYS
 HEATING
  TODAY            3                        13    -10       13
  MONTH TO DATE  281                       380    -99      331
  SINCE MAR 1    281                       380    -99      331
  SINCE JUL 1   1917                      2431   -514     2201

 COOLING
  TODAY            0                         0      0        0
  MONTH TO DATE    0                         0      0        0
  SINCE MAR 1      0                         0      0        0
  SINCE JAN 1      0                         0      0        0
..................................................................


WIND (MPH)
  RESULTANT WIND SPEED   1   RESULTANT WIND DIRECTION   W (280)
  HIGHEST WIND SPEED    18   HIGHEST WIND DIRECTION    SW (220)
  HIGHEST GUST SPEED    23   HIGHEST GUST DIRECTION     W (260)
  AVERAGE WIND SPEED     7.8


SKY COVER
  POSSIBLE SUNSHINE  MM
  AVERAGE SKY COVER 0.0



RELATIVE HUMIDITY (PERCENT)
 HIGHEST    70           500 AM
 LOWEST      8           100 PM
 AVERAGE    39

..........................................................


THE CAMPO ASOS CA CLIMATE NORMALS FOR TOMORROW
                         NORMAL    RECORD    YEAR
 MAXIMUM TEMPERATURE (F)   69        84      1971
 MINIMUM TEMPERATURE (F)   36        19      1972


SUNRISE AND SUNSET
MARCH 28 2015.........SUNRISE   639 AM PDT   SUNSET   703 PM PDT
MARCH 29 2015.........SUNRISE   638 AM PDT   SUNSET   704 PM PDT


-  INDICATES NEGATIVE NUMBERS.
R  INDICATES RECORD WAS SET OR TIED.
MM INDICATES DATA IS MISSING.
T  INDICATES TRACE AMOUNT.




$$
