000
CDUS46 KSGX 100119
CLICZZ


CLIMATE REPORT
NATIONAL WEATHER SERVICE SAN DIEGO, CA
519 PM PST FRI DEC 9 2016


...................................

...THE CAMPO ASOS CA CLIMATE SUMMARY FOR DECEMBER 9 2016...
VALID TODAY AS OF 0500 PM LOCAL TIME.

CLIMATE NORMAL PERIOD 1981 TO 2010
CLIMATE RECORD PERIOD 1948 TO 2016


WEATHER ITEM   OBSERVED TIME   RECORD YEAR NORMAL DEPARTURE LAST
                VALUE   (LST)  VALUE       VALUE  FROM      YEAR
                                                  NORMAL
..................................................................
TEMPERATURE (F)
 TODAY
  MAXIMUM         65    339 PM  81    1981  63      2       47
  MINIMUM         35    645 AM  17    1960  32      3       45
  AVERAGE         50                        48      2       46

PRECIPITATION (IN)
  TODAY            0.00          0.74 1972   0.08  -0.08     0.00
  MONTH TO DATE    0.00                      0.58  -0.58     0.00
  SINCE OCT 1      0.94                      2.53  -1.59     1.70
  SINCE JAN 1      8.32                     14.04  -5.72     8.54

DEGREE DAYS
 HEATING
  TODAY           15                        17     -2       19
  MONTH TO DATE  154                       150      4      108
  SINCE DEC 1    154                       150      4      108
  SINCE JUL 1    572                       720   -148      524

 COOLING
  TODAY            0                         0      0        0
  MONTH TO DATE    0                         0      0        0
  SINCE DEC 1      0                         0      0        0
  SINCE JAN 1    955                       841    114      983
..................................................................


WIND (MPH)
  RESULTANT WIND SPEED   1   RESULTANT WIND DIRECTION  NE (50)
  HIGHEST WIND SPEED    16   HIGHEST WIND DIRECTION    SW (220)
  HIGHEST GUST SPEED    18   HIGHEST GUST DIRECTION    SW (220)
  AVERAGE WIND SPEED     5.4


SKY COVER
  POSSIBLE SUNSHINE  MM
  AVERAGE SKY COVER 0.0



RELATIVE HUMIDITY (PERCENT)
 HIGHEST    92           200 AM
 LOWEST     48           300 PM
 AVERAGE    70

..........................................................


THE CAMPO ASOS CA CLIMATE NORMALS FOR TOMORROW
                         NORMAL    RECORD    YEAR
 MAXIMUM TEMPERATURE (F)   63        83      1995
 MINIMUM TEMPERATURE (F)   32        19      1960


SUNRISE AND SUNSET
DECEMBER  9 2016......SUNRISE   637 AM PST   SUNSET   440 PM PST
DECEMBER 10 2016......SUNRISE   637 AM PST   SUNSET   440 PM PST


-  INDICATES NEGATIVE NUMBERS.
R  INDICATES RECORD WAS SET OR TIED.
MM INDICATES DATA IS MISSING.
T  INDICATES TRACE AMOUNT.




$$
