000
CDUS46 KSGX 171131
CLICZZ


CLIMATE REPORT
NATIONAL WEATHER SERVICE SAN DIEGO, CA
431 AM PDT THU AUG 17 2017


...................................

...THE CAMPO ASOS CA CLIMATE SUMMARY FOR AUGUST 16 2017...

CLIMATE NORMAL PERIOD 1981 TO 2010
CLIMATE RECORD PERIOD 1948 TO 2017


WEATHER ITEM   OBSERVED TIME   RECORD YEAR NORMAL DEPARTURE LAST
                VALUE   (LST)  VALUE       VALUE  FROM      YEAR
                                                  NORMAL
..................................................................
TEMPERATURE (F)
 YESTERDAY
  MAXIMUM         83    257 PM 106    1962  95    -12      101
  MINIMUM         47    506 AM  36    1993  53     -6       60
  AVERAGE         65                        74     -9       81

PRECIPITATION (IN)
  YESTERDAY        0.00          1.16 1970   0.02  -0.02     0.00
  MONTH TO DATE    0.00                      0.37  -0.37     0.00
  SINCE OCT 1     16.74                     15.06   1.68     9.32
  SINCE JAN 1     11.51                     10.84   0.67     6.37

DEGREE DAYS
 HEATING
  YESTERDAY        0                         0      0        0
  MONTH TO DATE    4                         0      4        0
  SINCE JUN 1     41                        63    -22       27
  SINCE JUL 1      4                         7     -3        0

 COOLING
  YESTERDAY        0                         9     -9       16
  MONTH TO DATE  163                       144     19      156
  SINCE JUN 1    698                       486    212      677
  SINCE JAN 1    725                       516    209      680
..................................................................


WIND (MPH)
  RESULTANT WIND SPEED   4   RESULTANT WIND DIRECTION  SW (210)
  HIGHEST WIND SPEED    18   HIGHEST WIND DIRECTION    SW (210)
  HIGHEST GUST SPEED    24   HIGHEST GUST DIRECTION    SW (220)
  AVERAGE WIND SPEED     7.4


SKY COVER
  POSSIBLE SUNSHINE  MM
  AVERAGE SKY COVER 0.0



RELATIVE HUMIDITY (PERCENT)
 HIGHEST    96           100 AM
 LOWEST     14          1200 PM
 AVERAGE    55

..........................................................


THE CAMPO ASOS CA CLIMATE NORMALS FOR TODAY
                         NORMAL    RECORD    YEAR
 MAXIMUM TEMPERATURE (F)   95       103      1962
 MINIMUM TEMPERATURE (F)   53        35      1975


SUNRISE AND SUNSET
AUGUST 17 2017........SUNRISE   611 AM PDT   SUNSET   728 PM PDT
AUGUST 18 2017........SUNRISE   612 AM PDT   SUNSET   727 PM PDT


-  INDICATES NEGATIVE NUMBERS.
R  INDICATES RECORD WAS SET OR TIED.
MM INDICATES DATA IS MISSING.
T  INDICATES TRACE AMOUNT.




$$
