000
CDUS46 KSGX 231427
CLICZZ


CLIMATE REPORT
NATIONAL WEATHER SERVICE SAN DIEGO, CA
726 AM PDT SAT AUG 23 2014


...................................

...THE CAMPO ASOS CA CLIMATE SUMMARY FOR AUGUST 22 2014...

CLIMATE NORMAL PERIOD 1981 TO 2010
CLIMATE RECORD PERIOD 1948 TO 2014


WEATHER ITEM   OBSERVED TIME   RECORD YEAR NORMAL DEPARTURE LAST
                VALUE   (LST)  VALUE       VALUE  FROM      YEAR
                                                  NORMAL
..................................................................
TEMPERATURE (F)
 YESTERDAY
  MAXIMUM         87   1222 PM 103    1998  94     -7      100
  MINIMUM         53    537 AM  37    1968  53      0       61
  AVERAGE         70                        74     -4       81

PRECIPITATION (IN)
  YESTERDAY        0.00          0.03 1982   0.03  -0.03     0.00
  MONTH TO DATE    0.48                      0.51  -0.03     0.00
  SINCE JUL 1      0.62                      0.83  -0.21     0.24
  SINCE JAN 1      3.38                     10.98  -7.60     5.02

SNOWFALL (IN)
  YESTERDAY        0.0
  MONTH TO DATE    0.0
  SINCE JAN 1      0.0
  SINCE JUL 1      0.0
  SNOW DEPTH       0

DEGREE DAYS
 HEATING
  YESTERDAY        0                         0      0        0
  MONTH TO DATE    2                         0      2        2
  SINCE JUN 1     30                        63    -33       30
  SINCE JUL 1      2                         7     -5        2

 COOLING
  YESTERDAY        5                         9     -4       16
  MONTH TO DATE  166                       198    -32      156
  SINCE JUN 1    512                       540    -28      576
  SINCE JAN 1    564                       570     -6      603
..................................................................


WIND (MPH)
  RESULTANT WIND SPEED   3   RESULTANT WIND DIRECTION  SW (210)
  HIGHEST WIND SPEED    22   HIGHEST WIND DIRECTION    SW (230)
  HIGHEST GUST SPEED    27   HIGHEST GUST DIRECTION    SW (230)
  AVERAGE WIND SPEED     8.2


SKY COVER
  POSSIBLE SUNSHINE  MM
  AVERAGE SKY COVER 0.0



RELATIVE HUMIDITY (PERCENT)
 HIGHEST    89           500 AM
 LOWEST     14          1200 PM
 AVERAGE    52

..........................................................


THE CAMPO ASOS CA CLIMATE NORMALS FOR TODAY
                         NORMAL    RECORD    YEAR
 MAXIMUM TEMPERATURE (F)   94       105      1956
 MINIMUM TEMPERATURE (F)   53        35      1989


SUNRISE AND SUNSET
AUGUST 23 2014........SUNRISE   615 AM PDT   SUNSET   721 PM PDT
AUGUST 24 2014........SUNRISE   616 AM PDT   SUNSET   720 PM PDT


-  INDICATES NEGATIVE NUMBERS.
R  INDICATES RECORD WAS SET OR TIED.
MM INDICATES DATA IS MISSING.
T  INDICATES TRACE AMOUNT.




$$
