000
CDUS46 KSGX 120017
CLICZZ


CLIMATE REPORT
NATIONAL WEATHER SERVICE SAN DIEGO, CA
417 PM PST THU FEB 11 2016


...................................

...THE CAMPO ASOS CA CLIMATE SUMMARY FOR FEBRUARY 11 2016...
VALID TODAY AS OF 0400 PM LOCAL TIME.

CLIMATE NORMAL PERIOD 1981 TO 2010
CLIMATE RECORD PERIOD 1948 TO 2016


WEATHER ITEM   OBSERVED TIME   RECORD YEAR NORMAL DEPARTURE LAST
                VALUE   (LST)  VALUE       VALUE  FROM      YEAR
                                                  NORMAL
..................................................................
TEMPERATURE (F)
 TODAY
  MAXIMUM         78    221 PM  81    1971  64     14       72
  MINIMUM         40    246 AM  20    1953  35      5       52
  AVERAGE         59                        49     10       62

PRECIPITATION (IN)
  TODAY            0.00          1.09 1973   0.11  -0.11     0.00
  MONTH TO DATE    0.20                      1.15  -0.95     0.00
  SINCE OCT 1      6.75                      8.35  -1.60     4.23
  SINCE JAN 1      3.80                      4.13  -0.33     0.36

DEGREE DAYS
 HEATING
  TODAY            6                        16    -10        3
  MONTH TO DATE  148                       176    -28      100
  SINCE DEC 1   1308                      1222     86     1039
  SINCE JUL 1   1724                      1792    -68     1420

 COOLING
  TODAY            0                         0      0        0
  MONTH TO DATE    0                         0      0        0
  SINCE DEC 1      0                         0      0        0
  SINCE JAN 1      0                         0      0        0
..................................................................


WIND (MPH)
  RESULTANT WIND SPEED  10   RESULTANT WIND DIRECTION  NE (60)
  HIGHEST WIND SPEED    20   HIGHEST WIND DIRECTION     E (80)
  HIGHEST GUST SPEED    24   HIGHEST GUST DIRECTION     E (70)
  AVERAGE WIND SPEED    10.3


SKY COVER
  POSSIBLE SUNSHINE  MM
  AVERAGE SKY COVER 0.0



RELATIVE HUMIDITY (PERCENT)
 HIGHEST    43          1200 AM
 LOWEST     11           200 PM
 AVERAGE    27

..........................................................


THE CAMPO ASOS CA CLIMATE NORMALS FOR TOMORROW
                         NORMAL    RECORD    YEAR
 MAXIMUM TEMPERATURE (F)   64        83      1957
 MINIMUM TEMPERATURE (F)   35        19      1953


SUNRISE AND SUNSET
FEBRUARY 11 2016......SUNRISE   633 AM PST   SUNSET   528 PM PST
FEBRUARY 12 2016......SUNRISE   632 AM PST   SUNSET   529 PM PST


-  INDICATES NEGATIVE NUMBERS.
R  INDICATES RECORD WAS SET OR TIED.
MM INDICATES DATA IS MISSING.
T  INDICATES TRACE AMOUNT.




$$
