000
CDUS43 KUNR 040832
CLID07


CLIMATE REPORT
NATIONAL WEATHER SERVICE RAPID CITY SD
132 AM MST SUN DEC 4 2016


...................................

...THE FAITH SD CLIMATE SUMMARY FOR DECEMBER 3 2016...

CLIMATE NORMAL PERIOD 1981 TO 2010
CLIMATE RECORD PERIOD 9999 TO 9999


WEATHER ITEM   OBSERVED TIME   NORMAL DEPARTURE LAST
                VALUE   (LST)  VALUE  FROM      YEAR
                                      NORMAL
......................................................
TEMPERATURE (F)
 YESTERDAY
  MAXIMUM         34    935 PM  33      1       44
  MINIMUM         15   1255 AM  14      1       24
  AVERAGE         25            23      2       34

PRECIPITATION (IN)
  YESTERDAY        0.00          0.01  -0.01     0.00
  MONTH TO DATE    0.00          0.03  -0.03     0.07
  SINCE DEC 1      0.00          0.03  -0.03     0.07
  SINCE JAN 1     14.10         17.29  -3.19    15.46

DEGREE DAYS
 HEATING
  YESTERDAY       40            42     -2       31
  MONTH TO DATE  122           124     -2      107
  SINCE DEC 1    122           124     -2      107
  SINCE JUL 1   1373          1907   -534     1493

 COOLING
  YESTERDAY        0             0      0        0
  MONTH TO DATE    0             0      0        0
  SINCE DEC 1      0             0      0        0
  SINCE JAN 1    734           635     99      691
......................................................


WIND (MPH)
  HIGHEST WIND SPEED    21   HIGHEST WIND DIRECTION     W (290)
  HIGHEST GUST SPEED    25   HIGHEST GUST DIRECTION     W (290)
  AVERAGE WIND SPEED    12.8




RELATIVE HUMIDITY (PERCENT)
 HIGHEST   100          1200 AM
 LOWEST     78          1100 PM
 AVERAGE    89

..........................................................




SUNRISE AND SUNSET
DECEMBER  4 2016......SUNRISE   710 AM MST   SUNSET   407 PM MST
DECEMBER  5 2016......SUNRISE   711 AM MST   SUNSET   407 PM MST


-  INDICATES NEGATIVE NUMBERS.
R  INDICATES RECORD WAS SET OR TIED.
MM INDICATES DATA IS MISSING.
T  INDICATES TRACE AMOUNT.




$$
