000
CDUS43 KUNR 030843
CLID07


CLIMATE REPORT
NATIONAL WEATHER SERVICE RAPID CITY SD
243 AM MDT FRI JUL 3 2015


...................................

...THE FAITH SD CLIMATE SUMMARY FOR JULY 2 2015...

CLIMATE NORMAL PERIOD 1981 TO 2010
CLIMATE RECORD PERIOD 9999 TO 9999


WEATHER ITEM   OBSERVED TIME   NORMAL DEPARTURE LAST
                VALUE   (LST)  VALUE  FROM      YEAR
                                      NORMAL
......................................................
TEMPERATURE (F)
 YESTERDAY
  MAXIMUM         81    232 PM  84     -3       76
  MINIMUM         62   1118 PM  57      5       50
  AVERAGE         72            70      2       63

PRECIPITATION (IN)
  YESTERDAY        0.00          0.10  -0.10     0.00
  MONTH TO DATE    0.00          0.21  -0.21     0.02
  SINCE JUN 1      2.64          3.30  -0.66     5.95
  SINCE JAN 1      9.88          9.60   0.28    10.53

DEGREE DAYS
 HEATING
  YESTERDAY        0             1     -1        2
  MONTH TO DATE    0             2     -2        5
  SINCE JUN 1     34            92    -58      110
  SINCE JUL 1      0             2     -2        5

 COOLING
  YESTERDAY        7             6      1        0
  MONTH TO DATE   12            12      0        0
  SINCE JUN 1    107           100      7       22
  SINCE JAN 1    109           112     -3       52
......................................................


WIND (MPH)
  HIGHEST WIND SPEED    18   HIGHEST WIND DIRECTION     N (350)
  HIGHEST GUST SPEED    24   HIGHEST GUST DIRECTION     N (350)
  AVERAGE WIND SPEED     8.4




RELATIVE HUMIDITY (PERCENT)
 HIGHEST    93          1200 AM
 LOWEST     45           100 PM
 AVERAGE    69

..........................................................




SUNRISE AND SUNSET
JULY  3 2015..........SUNRISE   506 AM MDT   SUNSET   838 PM MDT
JULY  4 2015..........SUNRISE   507 AM MDT   SUNSET   838 PM MDT


-  INDICATES NEGATIVE NUMBERS.
R  INDICATES RECORD WAS SET OR TIED.
MM INDICATES DATA IS MISSING.
T  INDICATES TRACE AMOUNT.




$$
