000
CDUS43 KUNR 230830
CLID07


CLIMATE REPORT
NATIONAL WEATHER SERVICE RAPID CITY SD
230 AM MDT THU OCT 23 2014


...................................

...THE FAITH SD CLIMATE SUMMARY FOR OCTOBER 22 2014...

CLIMATE NORMAL PERIOD 1981 TO 2010
CLIMATE RECORD PERIOD 9999 TO 9999


WEATHER ITEM   OBSERVED TIME   NORMAL DEPARTURE LAST
                VALUE   (LST)  VALUE  FROM      YEAR
                                      NORMAL
......................................................
TEMPERATURE (F)
 YESTERDAY
  MAXIMUM         65    253 PM  56      9       49
  MINIMUM         42    935 PM  33      9       37
  AVERAGE         54            45      9       43

PRECIPITATION (IN)
  YESTERDAY        0.00          0.07  -0.07     0.03
  MONTH TO DATE    0.53          1.02  -0.49     2.47
  SINCE SEP 1      1.67          2.38  -0.71     3.57
  SINCE JAN 1     18.18         16.20   1.98    15.94

DEGREE DAYS
 HEATING
  YESTERDAY       11            20     -9       22
  MONTH TO DATE  280           364    -84      441
  SINCE SEP 1    485           563    -78      521
  SINCE JUL 1    528           596    -68      536

 COOLING
  YESTERDAY        0             0      0        0
  MONTH TO DATE    0             0      0        0
  SINCE SEP 1     46            59    -13      130
  SINCE JAN 1    445           634   -189      720
......................................................


WIND (MPH)
  HIGHEST WIND SPEED    23   HIGHEST WIND DIRECTION     W (290)
  HIGHEST GUST SPEED    31   HIGHEST GUST DIRECTION    NW (310)
  AVERAGE WIND SPEED    12.5




RELATIVE HUMIDITY (PERCENT)
 HIGHEST    71           700 AM
 LOWEST     27           400 PM
 AVERAGE    49

..........................................................




SUNRISE AND SUNSET
OCTOBER 23 2014.......SUNRISE   714 AM MDT   SUNSET   550 PM MDT
OCTOBER 24 2014.......SUNRISE   716 AM MDT   SUNSET   548 PM MDT


-  INDICATES NEGATIVE NUMBERS.
R  INDICATES RECORD WAS SET OR TIED.
MM INDICATES DATA IS MISSING.
T  INDICATES TRACE AMOUNT.




$$
