000
CDUS43 KUNR 290838
CLID07


CLIMATE REPORT
NATIONAL WEATHER SERVICE RAPID CITY SD
235 AM MDT WED MAR 29 2017


...................................

...THE FAITH SD CLIMATE SUMMARY FOR MARCH 28 2017...

CLIMATE NORMAL PERIOD 1981 TO 2010
CLIMATE RECORD PERIOD 9999 TO 9999


WEATHER ITEM   OBSERVED TIME   NORMAL DEPARTURE LAST
                VALUE   (LST)  VALUE  FROM      YEAR
                                      NORMAL
......................................................
TEMPERATURE (F)
 YESTERDAY
  MAXIMUM         52        MM  48      4       62
  MINIMUM         39        MM  26     13       32
  AVERAGE         46            37      9       47

PRECIPITATION (IN)
  YESTERDAY        0.12          0.05   0.07     0.00
  MONTH TO DATE    0.50          0.84  -0.34     0.59
  SINCE MAR 1      0.50          0.84  -0.34     0.59
  SINCE JAN 1      1.52          1.46   0.06     2.10

DEGREE DAYS
 HEATING
  YESTERDAY       19            28     -9       18
  MONTH TO DATE  844           923    -79      707
  SINCE MAR 1    844           923    -79      707
  SINCE JUL 1   6195          6611   -416     5653

 COOLING
  YESTERDAY        0             0      0        0
  MONTH TO DATE    0             0      0        0
  SINCE MAR 1      0             0      0        0
  SINCE JAN 1      0             0      0        0
......................................................


WIND (MPH)
  HIGHEST WIND SPEED    MM   HIGHEST WIND DIRECTION    MM
  HIGHEST GUST SPEED    MM   HIGHEST GUST DIRECTION    MM
  AVERAGE WIND SPEED    MM




RELATIVE HUMIDITY (PERCENT)
 HIGHEST   100           600 PM
 LOWEST     70          1200 AM
 AVERAGE    85

..........................................................




SUNRISE AND SUNSET
MARCH 29 2017.........SUNRISE   634 AM MDT   SUNSET   712 PM MDT
MARCH 30 2017.........SUNRISE   632 AM MDT   SUNSET   714 PM MDT


-  INDICATES NEGATIVE NUMBERS.
R  INDICATES RECORD WAS SET OR TIED.
MM INDICATES DATA IS MISSING.
T  INDICATES TRACE AMOUNT.




$$
