000
CDUS43 KUNR 200849
CLID07


CLIMATE REPORT
NATIONAL WEATHER SERVICE RAPID CITY SD
247 AM MDT THU JUL 20 2017


...................................

...THE FAITH SD CLIMATE SUMMARY FOR JULY 19 2017...

CLIMATE NORMAL PERIOD 1981 TO 2010
CLIMATE RECORD PERIOD 9999 TO 9999


WEATHER ITEM   OBSERVED TIME   NORMAL DEPARTURE LAST
                VALUE   (LST)  VALUE  FROM      YEAR
                                      NORMAL
......................................................
TEMPERATURE (F)
 YESTERDAY
  MAXIMUM         90    453 PM  87      3      100
  MINIMUM         64    158 AM  60      4       69
  AVERAGE         77            73      4       85

PRECIPITATION (IN)
  YESTERDAY        0.00          0.08  -0.08     0.00
  MONTH TO DATE    0.39          2.06  -1.67     0.76
  SINCE JUN 1      2.87          5.15  -2.28     2.45
  SINCE JAN 1      7.15         11.45  -4.30     9.30

DEGREE DAYS
 HEATING
  YESTERDAY        0             0      0        0
  MONTH TO DATE    0             5     -5        3
  SINCE JUN 1     30            95    -65       18
  SINCE JUL 1      0             5     -5        3

 COOLING
  YESTERDAY       12             8      4       20
  MONTH TO DATE  248           140    108      140
  SINCE JUN 1    374           228    146      315
  SINCE JAN 1    386           240    146      317
......................................................


WIND (MPH)
  HIGHEST WIND SPEED    32   HIGHEST WIND DIRECTION    NE (60)
  HIGHEST GUST SPEED    37   HIGHEST GUST DIRECTION    NE (60)
  AVERAGE WIND SPEED    13.2




RELATIVE HUMIDITY (PERCENT)
 HIGHEST    93           100 AM
 LOWEST     38           500 PM
 AVERAGE    66

..........................................................




SUNRISE AND SUNSET
JULY 20 2017..........SUNRISE   521 AM MDT   SUNSET   828 PM MDT
JULY 21 2017..........SUNRISE   522 AM MDT   SUNSET   827 PM MDT


-  INDICATES NEGATIVE NUMBERS.
R  INDICATES RECORD WAS SET OR TIED.
MM INDICATES DATA IS MISSING.
T  INDICATES TRACE AMOUNT.




$$
