000
CDUS43 KUNR 240833
CLID07


CLIMATE REPORT
NATIONAL WEATHER SERVICE RAPID CITY SD
233 AM MDT SUN JUL 24 2016


...................................

...THE FAITH SD CLIMATE SUMMARY FOR JULY 23 2016...

CLIMATE NORMAL PERIOD 1981 TO 2010
CLIMATE RECORD PERIOD 9999 TO 9999


WEATHER ITEM   OBSERVED TIME   NORMAL DEPARTURE LAST
                VALUE   (LST)  VALUE  FROM      YEAR
                                      NORMAL
......................................................
TEMPERATURE (F)
 YESTERDAY
  MAXIMUM         91    348 PM  87      4       99
  MINIMUM         63   1138 PM  60      3       64
  AVERAGE         77            73      4       82

PRECIPITATION (IN)
  YESTERDAY        0.00          0.07  -0.07     0.00
  MONTH TO DATE    0.76          2.34  -1.58     0.26
  SINCE JUN 1      2.45          5.43  -2.98     2.90
  SINCE JAN 1      9.30         11.73  -2.43    10.14

DEGREE DAYS
 HEATING
  YESTERDAY        0             0      0        0
  MONTH TO DATE    3             5     -2        0
  SINCE JUN 1     18            95    -77       34
  SINCE JUL 1      3             5     -2        0

 COOLING
  YESTERDAY       12             9      3       17
  MONTH TO DATE  218           176     42      184
  SINCE JUN 1    393           264    129      279
  SINCE JAN 1    395           276    119      281
......................................................


WIND (MPH)
  HIGHEST WIND SPEED    35   HIGHEST WIND DIRECTION     N (350)
  HIGHEST GUST SPEED    42   HIGHEST GUST DIRECTION    SE (130)
  AVERAGE WIND SPEED    17.0




RELATIVE HUMIDITY (PERCENT)
 HIGHEST    90           500 AM
 LOWEST     15           600 PM
 AVERAGE    53

..........................................................




SUNRISE AND SUNSET
JULY 24 2016..........SUNRISE   525 AM MDT   SUNSET   823 PM MDT
JULY 25 2016..........SUNRISE   526 AM MDT   SUNSET   822 PM MDT


-  INDICATES NEGATIVE NUMBERS.
R  INDICATES RECORD WAS SET OR TIED.
MM INDICATES DATA IS MISSING.
T  INDICATES TRACE AMOUNT.




$$
