000
CDUS43 KUNR 180835
CLID07


CLIMATE REPORT
NATIONAL WEATHER SERVICE RAPID CITY SD
135 AM MST SUN FEB 18 2018


...................................

...THE FAITH SD CLIMATE SUMMARY FOR FEBRUARY 17 2018...

CLIMATE NORMAL PERIOD 1981 TO 2010
CLIMATE RECORD PERIOD 9999 TO 9999


WEATHER ITEM   OBSERVED TIME   NORMAL DEPARTURE LAST
                VALUE   (LST)  VALUE  FROM      YEAR
                                      NORMAL
......................................................
TEMPERATURE (F)
 YESTERDAY
  MAXIMUM         24    703 AM  34    -10       53
  MINIMUM         13    604 PM  14     -1       31
  AVERAGE         19            24     -5       42

PRECIPITATION (IN)
  YESTERDAY        0.00          0.01  -0.01     0.00
  MONTH TO DATE    0.79          0.29   0.50     0.08
  SINCE DEC 1      1.55          0.89   0.66     1.07
  SINCE JAN 1      0.94          0.49   0.45     0.63

DEGREE DAYS
 HEATING
  YESTERDAY       46            41      5       23
  MONTH TO DATE  976           727    249      723
  SINCE DEC 1   3718          3473    245     3780
  SINCE JUL 1   5341          5256     85     5031

 COOLING
  YESTERDAY        0             0      0        0
  MONTH TO DATE    0             0      0        0
  SINCE DEC 1      0             0      0        0
  SINCE JAN 1      0             0      0        0
......................................................


WIND (MPH)
  HIGHEST WIND SPEED    21   HIGHEST WIND DIRECTION     E (90)
  HIGHEST GUST SPEED    26   HIGHEST GUST DIRECTION    NW (330)
  AVERAGE WIND SPEED    12.4




RELATIVE HUMIDITY (PERCENT)
 HIGHEST   100           400 AM
 LOWEST     71           100 PM
 AVERAGE    86

..........................................................




SUNRISE AND SUNSET
FEBRUARY 18 2018......SUNRISE   644 AM MST   SUNSET   520 PM MST
FEBRUARY 19 2018......SUNRISE   643 AM MST   SUNSET   522 PM MST


-  INDICATES NEGATIVE NUMBERS.
R  INDICATES RECORD WAS SET OR TIED.
MM INDICATES DATA IS MISSING.
T  INDICATES TRACE AMOUNT.




$$
