512
CDUS43 KUNR 300831
CLID07


CLIMATE REPORT
NATIONAL WEATHER SERVICE RAPID CITY SD
231 AM MDT TUE AUG 30 2016


...................................

...THE FAITH SD CLIMATE SUMMARY FOR AUGUST 29 2016...

CLIMATE NORMAL PERIOD 1981 TO 2010
CLIMATE RECORD PERIOD 9999 TO 9999


WEATHER ITEM   OBSERVED TIME   NORMAL DEPARTURE LAST
                VALUE   (LST)  VALUE  FROM      YEAR
                                      NORMAL
......................................................
TEMPERATURE (F)
 YESTERDAY
  MAXIMUM         86    339 PM  83      3       94
  MINIMUM         58    527 AM  55      3       62
  AVERAGE         72            69      3       78

PRECIPITATION (IN)
  YESTERDAY        0.00          0.06  -0.06     0.00
  MONTH TO DATE    1.23          1.52  -0.29     2.51
  SINCE JUN 1      4.77          7.41  -2.64     5.73
  SINCE JAN 1     11.62         13.71  -2.09    12.97

DEGREE DAYS
 HEATING
  YESTERDAY        0             2     -2        0
  MONTH TO DATE   26            14     12       29
  SINCE JUN 1     44           116    -72       63
  SINCE JUL 1     29            26      3       29

 COOLING
  YESTERDAY        7             5      2       13
  MONTH TO DATE  211           221    -10      208
  SINCE JUN 1    668           554    114      560
  SINCE JAN 1    670           566    104      562
......................................................


WIND (MPH)
  HIGHEST WIND SPEED    25   HIGHEST WIND DIRECTION    NE (40)
  HIGHEST GUST SPEED    32   HIGHEST GUST DIRECTION    NE (50)
  AVERAGE WIND SPEED    14.6




RELATIVE HUMIDITY (PERCENT)
 HIGHEST    87           400 AM
 LOWEST     25           300 PM
 AVERAGE    56

..........................................................




SUNRISE AND SUNSET
AUGUST 30 2016........SUNRISE   608 AM MDT   SUNSET   728 PM MDT
AUGUST 31 2016........SUNRISE   609 AM MDT   SUNSET   726 PM MDT


-  INDICATES NEGATIVE NUMBERS.
R  INDICATES RECORD WAS SET OR TIED.
MM INDICATES DATA IS MISSING.
T  INDICATES TRACE AMOUNT.




$$
