000
CDUS43 KUNR 030833
CLID07


CLIMATE REPORT
NATIONAL WEATHER SERVICE RAPID CITY SD
232 AM MDT MON AUG 3 2015


...................................

...THE FAITH SD CLIMATE SUMMARY FOR AUGUST 2 2015...

CLIMATE NORMAL PERIOD 1981 TO 2010
CLIMATE RECORD PERIOD 9999 TO 9999


WEATHER ITEM   OBSERVED TIME   NORMAL DEPARTURE LAST
                VALUE   (LST)  VALUE  FROM      YEAR
                                      NORMAL
......................................................
TEMPERATURE (F)
 YESTERDAY
  MAXIMUM         87    349 PM  87      0       86
  MINIMUM         58    455 AM  60     -2       56
  AVERAGE         73            74     -1       71

PRECIPITATION (IN)
  YESTERDAY        0.00          0.07  -0.07     0.00
  MONTH TO DATE    0.00          0.14  -0.14     0.00
  SINCE JUN 1      3.22          6.03  -2.81     6.36
  SINCE JAN 1     10.46         12.33  -1.87    10.94

DEGREE DAYS
 HEATING
  YESTERDAY        0             0      0        0
  MONTH TO DATE    0             0      0        0
  SINCE JUN 1     34           102    -68      122
  SINCE JUL 1      0            12    -12       17

 COOLING
  YESTERDAY        8             9     -1        6
  MONTH TO DATE   23            18      5       17
  SINCE JUN 1    375           351     24      215
  SINCE JAN 1    377           363     14      245
......................................................


WIND (MPH)
  HIGHEST WIND SPEED    24   HIGHEST WIND DIRECTION     N (20)
  HIGHEST GUST SPEED    28   HIGHEST GUST DIRECTION     N (20)
  AVERAGE WIND SPEED    11.7




RELATIVE HUMIDITY (PERCENT)
 HIGHEST    67           500 AM
 LOWEST     24           300 PM
 AVERAGE    46

..........................................................




SUNRISE AND SUNSET
AUGUST  3 2015........SUNRISE   535 AM MDT   SUNSET   812 PM MDT
AUGUST  4 2015........SUNRISE   537 AM MDT   SUNSET   811 PM MDT


-  INDICATES NEGATIVE NUMBERS.
R  INDICATES RECORD WAS SET OR TIED.
MM INDICATES DATA IS MISSING.
T  INDICATES TRACE AMOUNT.




$$
