000
CDUS42 KMLB 272118
CLIDAB


CLIMATE REPORT
NATIONAL WEATHER SERVICE MELBOURNE FL
417 PM EST MON FEB 27 2017


...................................

...THE DAYTONA BEACH CLIMATE SUMMARY FOR FEBRUARY 27 2017...
VALID TODAY AS OF 0400 PM LOCAL TIME.

CLIMATE NORMAL PERIOD 1981 TO 2010
CLIMATE RECORD PERIOD 1923 TO 2017


WEATHER ITEM   OBSERVED TIME   RECORD YEAR NORMAL DEPARTURE LAST
                VALUE   (LST)  VALUE       VALUE  FROM      YEAR
                                                  NORMAL
..................................................................
TEMPERATURE (F)
 TODAY
  MAXIMUM         81   1259 PM  87    1971  72      9       63
  MINIMUM         51    505 AM  28    1980  52     -1       42
  AVERAGE         66                        62      4       53

PRECIPITATION (IN)
  TODAY            0.00          1.54 1946   0.11  -0.11     0.00
  MONTH TO DATE    2.03                      2.67  -0.64     3.66
  SINCE DEC 1      4.71                      8.04  -3.33    11.28
  SINCE JAN 1      4.01                      5.41  -1.40    10.71

SNOWFALL (IN)
  TODAY            0.0
  MONTH TO DATE    0.0
  SINCE JUL 1      0.0

DEGREE DAYS
 HEATING
  TODAY            0                         5     -5       12
  MONTH TO DATE   55                       161   -106      172
  SINCE DEC 1    269                       604   -335      440
  SINCE JUL 1    306                       678   -372      452

 COOLING
  TODAY            1                         2     -1        0
  MONTH TO DATE   46                        31     15       37
  SINCE DEC 1    221                       111    110      259
  SINCE JAN 1    113                        60     53       50
..................................................................


WIND (MPH)
  HIGHEST WIND SPEED    17   HIGHEST WIND DIRECTION     S (160)
  HIGHEST GUST SPEED    26   HIGHEST GUST DIRECTION     E (100)
  AVERAGE WIND SPEED     7.0


SKY COVER
  AVERAGE SKY COVER 0.2


WEATHER CONDITIONS
 THE FOLLOWING WEATHER WAS RECORDED TODAY.
  HAZE


RELATIVE HUMIDITY (PERCENT)
 HIGHEST    93           500 AM
 LOWEST     62          1200 PM
 AVERAGE    78

..........................................................


THE DAYTONA BEACH CLIMATE NORMALS FOR TOMORROW
                         NORMAL    RECORD    YEAR
 MAXIMUM TEMPERATURE (F)   72        87      1971
                                             1939
 MINIMUM TEMPERATURE (F)   52        28      1943


SUNRISE AND SUNSET
FEBRUARY 27 2017......SUNRISE   651 AM EST   SUNSET   623 PM EST
FEBRUARY 28 2017......SUNRISE   650 AM EST   SUNSET   623 PM EST


-  INDICATES NEGATIVE NUMBERS.
R  INDICATES RECORD WAS SET OR TIED.
MM INDICATES DATA IS MISSING.
T  INDICATES TRACE AMOUNT.




$$
