000
CDUS42 KMLB 210628
CLIDAB


CLIMATE REPORT
NATIONAL WEATHER SERVICE MELBOURNE FL
228 AM EDT MON AUG 21 2017


...................................

...THE DAYTONA BEACH CLIMATE SUMMARY FOR AUGUST 20 2017...

CLIMATE NORMAL PERIOD 1981 TO 2010
CLIMATE RECORD PERIOD 1923 TO 2017


WEATHER ITEM   OBSERVED TIME   RECORD YEAR NORMAL DEPARTURE LAST
                VALUE   (LST)  VALUE       VALUE  FROM      YEAR
                                                  NORMAL
..................................................................
TEMPERATURE (F)
 YESTERDAY
  MAXIMUM         88   1229 PM  97    1938  89     -1       96
  MINIMUM         77    605 AM  69    2006  73      4       74
                                      1992
                                      1972
  AVERAGE         83                        81      2       85

PRECIPITATION (IN)
  YESTERDAY        T             4.47 2008   0.22  -0.22     0.00
  MONTH TO DATE    5.00                      3.96   1.04     1.12
  SINCE JUN 1     20.42                     15.62   4.80     5.40
  SINCE JAN 1     28.65                     30.69  -2.04    25.40

SNOWFALL (IN)
  YESTERDAY        0.0
  MONTH TO DATE    0.0
  SINCE JUL 1      0.0

DEGREE DAYS
 HEATING
  YESTERDAY        0                         0      0        0
  MONTH TO DATE    0                         0      0        0
  SINCE JUN 1      0                         0      0        0
  SINCE JUL 1      0                         0      0        0

 COOLING
  YESTERDAY       18                        16      2       20
  MONTH TO DATE  378                       337     41      376
  SINCE JUN 1   1410                      1299    111     1478
  SINCE JAN 1   2227                      1900    327     2252
..................................................................


WIND (MPH)
  HIGHEST WIND SPEED    12   HIGHEST WIND DIRECTION     E (70)
  HIGHEST GUST SPEED    13   HIGHEST GUST DIRECTION     E (110)
  AVERAGE WIND SPEED     3.0


SKY COVER
  AVERAGE SKY COVER 0.7


WEATHER CONDITIONS
 THE FOLLOWING WEATHER WAS RECORDED YESTERDAY.
  LIGHT RAIN
  FOG


RELATIVE HUMIDITY (PERCENT)
 HIGHEST   100           300 AM
 LOWEST     72          1100 AM
 AVERAGE    86

..........................................................


THE DAYTONA BEACH CLIMATE NORMALS FOR TODAY
                         NORMAL    RECORD    YEAR
 MAXIMUM TEMPERATURE (F)   89        96      2016
                                             1941
 MINIMUM TEMPERATURE (F)   73        67      1940


SUNRISE AND SUNSET
AUGUST 21 2017........SUNRISE   656 AM EDT   SUNSET   758 PM EDT
AUGUST 22 2017........SUNRISE   657 AM EDT   SUNSET   757 PM EDT


-  INDICATES NEGATIVE NUMBERS.
R  INDICATES RECORD WAS SET OR TIED.
MM INDICATES DATA IS MISSING.
T  INDICATES TRACE AMOUNT.




$$
