000
CDUS42 KMLB 220635
CLIDAB


CLIMATE REPORT
NATIONAL WEATHER SERVICE MELBOURNE FL
235 AM EDT FRI AUG 22 2014


...................................

...THE DAYTONA BEACH CLIMATE SUMMARY FOR AUGUST 21 2014...

CLIMATE NORMAL PERIOD 1981 TO 2010
CLIMATE RECORD PERIOD 1923 TO 2014


WEATHER ITEM   OBSERVED TIME   RECORD YEAR NORMAL DEPARTURE LAST
                VALUE   (LST)  VALUE       VALUE  FROM      YEAR
                                                  NORMAL
..................................................................
TEMPERATURE (F)
 YESTERDAY
  MAXIMUM         94    113 PM  96    1941  89      5       88
  MINIMUM         74   1146 PM  67    1940  73      1       79
  AVERAGE         84                        81      3       84

PRECIPITATION (IN)
  YESTERDAY        0.00          2.10 1953   0.21  -0.21     0.22
  MONTH TO DATE    2.18                      4.17  -1.99     3.50
  SINCE JUN 1     13.36                     15.83  -2.47    17.68
  SINCE JAN 1     33.11                     30.90   2.21    32.51

SNOWFALL (IN)
  YESTERDAY        0.0
  MONTH TO DATE    0.0
  SINCE JUL 1      0.0

DEGREE DAYS
 HEATING
  YESTERDAY        0                         0      0        0
  MONTH TO DATE    0                         0      0        0
  SINCE JUN 1      0                         0      0        0
  SINCE JUL 1      0                         0      0        0

 COOLING
  YESTERDAY       19                        16      3       19
  MONTH TO DATE  380                       353     27      382
  SINCE JUN 1   1342                      1315     27     1377
  SINCE JAN 1   2008                      1916     92     2029
..................................................................


WIND (MPH)
  HIGHEST WIND SPEED    17   HIGHEST WIND DIRECTION    SW (240)
  HIGHEST GUST SPEED    22   HIGHEST GUST DIRECTION     W (250)
  AVERAGE WIND SPEED     4.4


SKY COVER
  AVERAGE SKY COVER 0.4


WEATHER CONDITIONS
 THE FOLLOWING WEATHER WAS RECORDED YESTERDAY.
  THUNDERSTORM


RELATIVE HUMIDITY (PERCENT)
 HIGHEST    94           500 AM
 LOWEST     56          1200 PM
 AVERAGE    75

..........................................................


THE DAYTONA BEACH CLIMATE NORMALS FOR TODAY
                         NORMAL    RECORD    YEAR
 MAXIMUM TEMPERATURE (F)   89        97      1980
 MINIMUM TEMPERATURE (F)   73        66      1940


SUNRISE AND SUNSET
AUGUST 22 2014........SUNRISE   657 AM EDT   SUNSET   757 PM EDT
AUGUST 23 2014........SUNRISE   657 AM EDT   SUNSET   756 PM EDT


-  INDICATES NEGATIVE NUMBERS.
R  INDICATES RECORD WAS SET OR TIED.
MM INDICATES DATA IS MISSING.
T  INDICATES TRACE AMOUNT.




$$
