000
CDUS42 KMLB 080627
CLIDAB


CLIMATE REPORT
NATIONAL WEATHER SERVICE MELBOURNE FL
127 AM EST MON FEB 8 2016


...................................

...THE DAYTONA BEACH CLIMATE SUMMARY FOR FEBRUARY 7 2016...

CLIMATE NORMAL PERIOD 1981 TO 2010
CLIMATE RECORD PERIOD 1923 TO 2016


WEATHER ITEM   OBSERVED TIME   RECORD YEAR NORMAL DEPARTURE LAST
                VALUE   (LST)  VALUE       VALUE  FROM      YEAR
                                                  NORMAL
..................................................................
TEMPERATURE (F)
 YESTERDAY
  MAXIMUM         57    405 PM  86    1938  70    -13       70
  MINIMUM         42   1159 PM  30    1984  49     -7       45
                                      1978
  AVERAGE         50                        60    -10       58

PRECIPITATION (IN)
  YESTERDAY        0.01          1.98 1971   0.09  -0.08     0.00
  MONTH TO DATE    2.85                      0.67   2.18     0.65
  SINCE DEC 1     10.47                      6.04   4.43     6.03
  SINCE JAN 1      9.90                      3.41   6.49     3.20

SNOWFALL (IN)
  YESTERDAY       MM
  MONTH TO DATE    0.0
  SINCE JUL 1      0.0

DEGREE DAYS
 HEATING
  YESTERDAY       15                         7      8        7
  MONTH TO DATE   36                        49    -13       45
  SINCE DEC 1    304                       492   -188      358
  SINCE JUL 1    316                       566   -250      487

 COOLING
  YESTERDAY        0                         1     -1        0
  MONTH TO DATE   21                         7     14        0
  SINCE DEC 1    243                        87    156      114
  SINCE JAN 1     34                        36     -2       31
..................................................................


WIND (MPH)
  HIGHEST WIND SPEED    23   HIGHEST WIND DIRECTION    NW (300)
  HIGHEST GUST SPEED    30   HIGHEST GUST DIRECTION     W (280)
  AVERAGE WIND SPEED    11.9


SKY COVER
  AVERAGE SKY COVER 0.6


WEATHER CONDITIONS
 THE FOLLOWING WEATHER WAS RECORDED YESTERDAY.
  LIGHT RAIN
  FOG


RELATIVE HUMIDITY (PERCENT)
 HIGHEST   100           300 AM
 LOWEST     47           500 PM
 AVERAGE    74

..........................................................


THE DAYTONA BEACH CLIMATE NORMALS FOR TODAY
                         NORMAL    RECORD    YEAR
 MAXIMUM TEMPERATURE (F)   70        85      1949
 MINIMUM TEMPERATURE (F)   49        32      1952


SUNRISE AND SUNSET
FEBRUARY  8 2016......SUNRISE   709 AM EST   SUNSET   608 PM EST
FEBRUARY  9 2016......SUNRISE   708 AM EST   SUNSET   609 PM EST


-  INDICATES NEGATIVE NUMBERS.
R  INDICATES RECORD WAS SET OR TIED.
MM INDICATES DATA IS MISSING.
T  INDICATES TRACE AMOUNT.




$$
