000
CDUS42 KMLB 170648
CLIDAB


CLIMATE REPORT
NATIONAL WEATHER SERVICE MELBOURNE FL
138 AM EST SUN DEC 17 2017


...................................

...THE DAYTONA BEACH CLIMATE SUMMARY FOR DECEMBER 16 2017...

CLIMATE NORMAL PERIOD 1981 TO 2010
CLIMATE RECORD PERIOD 1923 TO 2017


WEATHER ITEM   OBSERVED TIME   RECORD YEAR NORMAL DEPARTURE LAST
                VALUE   (LST)  VALUE       VALUE  FROM      YEAR
                                                  NORMAL
..................................................................
TEMPERATURE (F)
 YESTERDAY
  MAXIMUM         64    351 PM  84    2015  70     -6       74
                                      1948
  MINIMUM         52   1157 PM  28    1968  50      2       46
  AVERAGE         58                        60     -2       60

PRECIPITATION (IN)
  YESTERDAY        0.00          1.01 2007   0.08  -0.08     0.00
  MONTH TO DATE    1.16                      1.25  -0.09     0.63
  SINCE DEC 1      1.16                      1.25  -0.09     0.63
  SINCE JAN 1     49.94                     48.24   1.70    44.57

SNOWFALL (IN)
  YESTERDAY        0.0
  MONTH TO DATE    0.0
  SINCE JUL 1      0.0

DEGREE DAYS
 HEATING
  YESTERDAY        7                         6      1        5
  MONTH TO DATE   79                        82     -3       38
  SINCE DEC 1     79                        82     -3       38
  SINCE JUL 1    113                       156    -43       75

 COOLING
  YESTERDAY        0                         2     -2        0
  MONTH TO DATE   36                        32      4       52
  SINCE DEC 1     36                        32      4       52
  SINCE JAN 1   3445                      2944    501     3431
..................................................................


WIND (MPH)
  HIGHEST WIND SPEED    14   HIGHEST WIND DIRECTION     N (10)
  HIGHEST GUST SPEED    18   HIGHEST GUST DIRECTION     N (10)
  AVERAGE WIND SPEED     5.2


SKY COVER
  AVERAGE SKY COVER 0.5


WEATHER CONDITIONS
 THE FOLLOWING WEATHER WAS RECORDED YESTERDAY.
  NO SIGNIFICANT WEATHER WAS OBSERVED.


RELATIVE HUMIDITY (PERCENT)
 HIGHEST    93           200 AM
 LOWEST     63           200 PM
 AVERAGE    78

..........................................................


THE DAYTONA BEACH CLIMATE NORMALS FOR TODAY
                         NORMAL    RECORD    YEAR
 MAXIMUM TEMPERATURE (F)   70        84      2015
 MINIMUM TEMPERATURE (F)   50        27      1968


SUNRISE AND SUNSET
DECEMBER 17 2017......SUNRISE   712 AM EST   SUNSET   529 PM EST
DECEMBER 18 2017......SUNRISE   713 AM EST   SUNSET   529 PM EST


-  INDICATES NEGATIVE NUMBERS.
R  INDICATES RECORD WAS SET OR TIED.
MM INDICATES DATA IS MISSING.
T  INDICATES TRACE AMOUNT.




$$
