065
CDUS42 KMLB 212115
CLIDAB


CLIMATE REPORT
NATIONAL WEATHER SERVICE MELBOURNE FL
414 PM EST SAT JAN 21 2017


...................................

...THE DAYTONA BEACH CLIMATE SUMMARY FOR JANUARY 21 2017...
VALID TODAY AS OF 0400 PM LOCAL TIME.

CLIMATE NORMAL PERIOD 1981 TO 2010
CLIMATE RECORD PERIOD 1923 TO 2017


WEATHER ITEM   OBSERVED TIME   RECORD YEAR NORMAL DEPARTURE LAST
                VALUE   (LST)  VALUE       VALUE  FROM      YEAR
                                                  NORMAL
..................................................................
TEMPERATURE (F)
 TODAY
  MAXIMUM         82    346 PM  83    1990  69     13       71
                                      1959
  MINIMUM         59    608 AM  15    1985  47     12       40
  AVERAGE         71                        58     13       56

PRECIPITATION (IN)
  TODAY            0.00          1.51 2010   0.09  -0.09     0.00
  MONTH TO DATE    1.32                      1.82  -0.50     3.19
  SINCE DEC 1      2.02                      4.45  -2.43     3.76
  SINCE JAN 1      1.32                      1.82  -0.50     3.19

SNOWFALL (IN)
  TODAY            0.0
  MONTH TO DATE    0.0
  SINCE JUL 1      0.0

DEGREE DAYS
 HEATING
  TODAY            0                         8     -8        9
  MONTH TO DATE   64                       168   -104      150
  SINCE DEC 1    143                       360   -217      175
  SINCE JUL 1    180                       434   -254      187

 COOLING
  TODAY            6                         1      5        0
  MONTH TO DATE   52                        21     31       13
  SINCE DEC 1    160                        72     88      222
  SINCE JAN 1     52                        21     31       13
..................................................................


WIND (MPH)
  HIGHEST WIND SPEED    18   HIGHEST WIND DIRECTION    SW (210)
  HIGHEST GUST SPEED    25   HIGHEST GUST DIRECTION    SW (210)
  AVERAGE WIND SPEED     6.4


SKY COVER
  AVERAGE SKY COVER 0.3


WEATHER CONDITIONS
 THE FOLLOWING WEATHER WAS RECORDED TODAY.
  FOG


RELATIVE HUMIDITY (PERCENT)
 HIGHEST   100          1200 AM
 LOWEST     45           300 PM
 AVERAGE    73

..........................................................


THE DAYTONA BEACH CLIMATE NORMALS FOR TOMORROW
                         NORMAL    RECORD    YEAR
 MAXIMUM TEMPERATURE (F)   69        83      1937
                                             1935
 MINIMUM TEMPERATURE (F)   47        18      1985


SUNRISE AND SUNSET
JANUARY 21 2017.......SUNRISE   718 AM EST   SUNSET   554 PM EST
JANUARY 22 2017.......SUNRISE   717 AM EST   SUNSET   555 PM EST


-  INDICATES NEGATIVE NUMBERS.
R  INDICATES RECORD WAS SET OR TIED.
MM INDICATES DATA IS MISSING.
T  INDICATES TRACE AMOUNT.




$$
