000
CDUS41 KRNK 142203
CLIDAN


CLIMATE REPORT
NATIONAL WEATHER SERVICE BLACKSBURG VA
503 PM EST THU DEC 14 2017


...................................

...THE DANVILLE VA CLIMATE SUMMARY FOR DECEMBER 14 2017...
VALID TODAY AS OF 0500 PM LOCAL TIME.

CLIMATE NORMAL PERIOD 1981 TO 2010
CLIMATE RECORD PERIOD 1948 TO 2017


WEATHER ITEM   OBSERVED TIME   RECORD YEAR NORMAL DEPARTURE LAST
                VALUE   (LST)  VALUE       VALUE  FROM      YEAR
                                                  NORMAL
..................................................................
TEMPERATURE (F)
 TODAY
  MAXIMUM         52    211 PM  74    1948  50      2       50
  MINIMUM         28    750 AM  14    1955  31     -3       34
  AVERAGE         40                        40      0       42

PRECIPITATION (IN)
  TODAY            0.00          1.78 1953   0.11  -0.11     0.00
  MONTH TO DATE    0.61                      1.58  -0.97     1.30
  SINCE DEC 1      0.61                      1.58  -0.97     1.30
  SINCE JAN 1     42.30                     42.72  -0.42    46.51

SNOWFALL (IN)
  TODAY            0.0                                       0.0
  MONTH TO DATE    4.9                                       0.0
  SINCE DEC 1      4.9                                       0.0
  SINCE JUL 1      4.9                                       0.0
  SNOW DEPTH       0

DEGREE DAYS
 HEATING
  TODAY           25                        25      0       23
  MONTH TO DATE  338                       325     13      333
  SINCE DEC 1    338                       325     13      333
  SINCE JUL 1   1060                      1034     26      903

 COOLING
  TODAY            0                         0      0        0
  MONTH TO DATE    0                         0      0        0
  SINCE DEC 1      0                         0      0        0
  SINCE JAN 1   1401                      1439    -38     1651
..................................................................


WIND (MPH)
  HIGHEST WIND SPEED    15   HIGHEST WIND DIRECTION    NW (300)
  HIGHEST GUST SPEED    19   HIGHEST GUST DIRECTION    NW (320)
  AVERAGE WIND SPEED     6.8


SKY COVER
  AVERAGE SKY COVER 0.1


WEATHER CONDITIONS
 THE FOLLOWING WEATHER WAS RECORDED TODAY.
  NO SIGNIFICANT WEATHER WAS OBSERVED.


RELATIVE HUMIDITY (PERCENT)
 HIGHEST    63           700 AM
 LOWEST     35           300 PM
 AVERAGE    49

..........................................................


THE DANVILLE VA CLIMATE NORMALS FOR TOMORROW
                         NORMAL    RECORD    YEAR
 MAXIMUM TEMPERATURE (F)   49        71      2015
 MINIMUM TEMPERATURE (F)   30         9      1962


SUNRISE AND SUNSET
DECEMBER 14 2017......SUNRISE   722 AM EST   SUNSET   503 PM EST
DECEMBER 15 2017......SUNRISE   722 AM EST   SUNSET   503 PM EST


-  INDICATES NEGATIVE NUMBERS.
R  INDICATES RECORD WAS SET OR TIED.
MM INDICATES DATA IS MISSING.
T  INDICATES TRACE AMOUNT.

REMARKS:
DUE TO MISSING RAINFALL ON AUGUST 21-24...ALL PRECIPITATION DATA
WILL BE CALCULATED WITHOUT DATA FROM THESE DATES.


$$
