000
CDUS41 KRNK 200913
CLIDAN


CLIMATE REPORT
NATIONAL WEATHER SERVICE BLACKSBURG VA
511 AM EDT SUN APR 20 2014


...................................

...THE DANVILLE VA CLIMATE SUMMARY FOR APRIL 19 2014...

CLIMATE NORMAL PERIOD 1981 TO 2010
CLIMATE RECORD PERIOD 1948 TO 2014


WEATHER ITEM   OBSERVED TIME   RECORD YEAR NORMAL DEPARTURE LAST
                VALUE   (LST)  VALUE       VALUE  FROM      YEAR
                                                  NORMAL
..................................................................
TEMPERATURE (F)
 YESTERDAY
  MAXIMUM         63    356 PM  94    1976  71     -8       79
  MINIMUM         46    520 AM  29    1983  48     -2       57
  AVERAGE         55                        59     -4

PRECIPITATION (IN)
  YESTERDAY        0.28          1.27 1988   0.11   0.17    MM
  MONTH TO DATE    3.21                      2.24   0.97     1.96
  SINCE MAR 1      6.41                      6.35   0.06     4.51
  SINCE JAN 1     11.53                     12.78  -1.25    14.32

SNOWFALL (IN)
  YESTERDAY        0.0
  MONTH TO DATE    0.0
  SINCE MAR 1      5.5
  SINCE JUL 1     13.4
  SNOW DEPTH       0

DEGREE DAYS
 HEATING
  YESTERDAY       10                         7      3
  MONTH TO DATE  150                       173    -23
  SINCE MAR 1    795                       683    112
  SINCE JUL 1   3800                      3684    116

 COOLING
  YESTERDAY        0                         1     -1
  MONTH TO DATE   13                        18     -5
  SINCE MAR 1     13                        21     -8
  SINCE JAN 1     13                        21     -8
..................................................................


WIND (MPH)
  HIGHEST WIND SPEED    17   HIGHEST WIND DIRECTION    NE (60)
  HIGHEST GUST SPEED    22   HIGHEST GUST DIRECTION    NE (40)
  AVERAGE WIND SPEED     7.1


SKY COVER
  POSSIBLE SUNSHINE  MM
  AVERAGE SKY COVER 0.8


WEATHER CONDITIONS
 THE FOLLOWING WEATHER WAS RECORDED YESTERDAY.
  LIGHT RAIN


RELATIVE HUMIDITY (PERCENT)
 HIGHEST    93           300 AM
 LOWEST     48           300 PM
 AVERAGE    71

..........................................................


THE DANVILLE VA CLIMATE NORMALS FOR TODAY
                         NORMAL    RECORD    YEAR
 MAXIMUM TEMPERATURE (F)   71        94      1976
 MINIMUM TEMPERATURE (F)   48        30      2001


SUNRISE AND SUNSET
APRIL 20 2014.........SUNRISE   637 AM EDT   SUNSET   756 PM EDT
APRIL 21 2014.........SUNRISE   636 AM EDT   SUNSET   757 PM EDT


-  INDICATES NEGATIVE NUMBERS.
R  INDICATES RECORD WAS SET OR TIED.
MM INDICATES DATA IS MISSING.
T  INDICATES TRACE AMOUNT.

REMARKS:
DUE TO A POWER FAILURE CAUSING A MISSING LOW TEMPERATURE ON
JANUARY 22...THE SEASONAL TOTAL AND DEPARTURE FROM NORMAL FOR HDD
WILL BE CALCULATED WITHOUT DATA FROM THAT DATE.


$$
