000
CDUS41 KRNK 221003
CLIDAN


CLIMATE REPORT
NATIONAL WEATHER SERVICE BLACKSBURG VA
500 AM EST MON DEC 22 2014


...................................

...THE DANVILLE VA CLIMATE SUMMARY FOR DECEMBER 21 2014...

CLIMATE NORMAL PERIOD 1981 TO 2010
CLIMATE RECORD PERIOD 1948 TO 2014


WEATHER ITEM   OBSERVED TIME   RECORD YEAR NORMAL DEPARTURE LAST
                VALUE   (LST)  VALUE       VALUE  FROM      YEAR
                                                  NORMAL
..................................................................
TEMPERATURE (F)
 YESTERDAY
  MAXIMUM         49    241 PM  73    2013  48      1       73
  MINIMUM         36   1000 PM  10    1981  30      6       47
  AVERAGE         43                        39      4

PRECIPITATION (IN)
  YESTERDAY        0.00          1.92 1951   0.11  -0.11     0.00
  MONTH TO DATE    0.53                      2.32  -1.79     1.05
  SINCE DEC 1      0.53                      2.32  -1.79     1.05
  SINCE JAN 1     41.01                     43.46  -2.45    47.60

SNOWFALL (IN)
  YESTERDAY        0.0
  MONTH TO DATE    T
  SINCE DEC 1      T
  SINCE JUL 1      T
  SNOW DEPTH       0

DEGREE DAYS
 HEATING
  YESTERDAY       22                        26     -4
  MONTH TO DATE  442                       505    -63
  SINCE DEC 1    442                       505    -63
  SINCE JUL 1   1202                      1214    -12

 COOLING
  YESTERDAY        0                         0      0
  MONTH TO DATE    0                         0      0
  SINCE DEC 1      0                         0      0
  SINCE JAN 1   1419                      1439    -20
..................................................................


WIND (MPH)
  HIGHEST WIND SPEED    10   HIGHEST WIND DIRECTION    NE (40)
  HIGHEST GUST SPEED    12   HIGHEST GUST DIRECTION    NE (50)
  AVERAGE WIND SPEED     2.8


SKY COVER
  POSSIBLE SUNSHINE  MM
  AVERAGE SKY COVER 0.8


WEATHER CONDITIONS
 THE FOLLOWING WEATHER WAS RECORDED YESTERDAY.
  NO SIGNIFICANT WEATHER WAS OBSERVED.


RELATIVE HUMIDITY (PERCENT)
 HIGHEST    85           200 AM
 LOWEST     56           300 PM
 AVERAGE    71

..........................................................


THE DANVILLE VA CLIMATE NORMALS FOR TODAY
                         NORMAL    RECORD    YEAR
 MAXIMUM TEMPERATURE (F)   48        72      2013
 MINIMUM TEMPERATURE (F)   29         9      1989


SUNRISE AND SUNSET
DECEMBER 22 2014......SUNRISE   726 AM EST   SUNSET   506 PM EST
DECEMBER 23 2014......SUNRISE   727 AM EST   SUNSET   506 PM EST


-  INDICATES NEGATIVE NUMBERS.
R  INDICATES RECORD WAS SET OR TIED.
MM INDICATES DATA IS MISSING.
T  INDICATES TRACE AMOUNT.




$$
