000
CDUS41 KRNK 190750
CLIDAN


CLIMATE REPORT
NATIONAL WEATHER SERVICE BLACKSBURG VA
343 AM EDT THU OCT 19 2017


...................................

...THE DANVILLE VA CLIMATE SUMMARY FOR OCTOBER 18 2017...

CLIMATE NORMAL PERIOD 1981 TO 2010
CLIMATE RECORD PERIOD 1948 TO 2017


WEATHER ITEM   OBSERVED TIME   RECORD YEAR NORMAL DEPARTURE LAST
                VALUE   (LST)  VALUE       VALUE  FROM      YEAR
                                                  NORMAL
..................................................................
TEMPERATURE (F)
 YESTERDAY
  MAXIMUM         68    347 PM  86    2007  69     -1       84
  MINIMUM         34    641 AM  31    2015  48    -14       54
                                      1982
  AVERAGE         51                        59     -8       69

PRECIPITATION (IN)
  YESTERDAY        0.00          1.54 1975   0.12  -0.12     0.00
  MONTH TO DATE    1.43                      2.07  -0.64     5.01
  SINCE SEP 1      4.03                      6.03  -2.00     7.92
  SINCE JAN 1     38.13                     36.32   1.81    44.18

SNOWFALL (IN)
  YESTERDAY        0.0                                       0.0
  MONTH TO DATE    0.0                                       0.0
  SINCE SEP 1      0.0                                       0.0
  SINCE JUL 1      0.0                                       0.0
  SNOW DEPTH       0

DEGREE DAYS
 HEATING
  YESTERDAY       14                         7      7        0
  MONTH TO DATE   53                        89    -36       51
  SINCE SEP 1     85                       117    -32       51
  SINCE JUL 1     85                       117    -32       51

 COOLING
  YESTERDAY        0                         1     -1        4
  MONTH TO DATE   64                        25     39       21
  SINCE SEP 1    227                       201     26      325
  SINCE JAN 1   1401                      1428    -27     1630
..................................................................


WIND (MPH)
  HIGHEST WIND SPEED     8   HIGHEST WIND DIRECTION     E (80)
  HIGHEST GUST SPEED    12   HIGHEST GUST DIRECTION     E (90)
  AVERAGE WIND SPEED     0.8


SKY COVER
  AVERAGE SKY COVER 0.0


WEATHER CONDITIONS
 THE FOLLOWING WEATHER WAS RECORDED YESTERDAY.
  NO SIGNIFICANT WEATHER WAS OBSERVED.


RELATIVE HUMIDITY (PERCENT)
 HIGHEST   100          1200 AM
 LOWEST     32           425 PM
 AVERAGE    66

..........................................................


THE DANVILLE VA CLIMATE NORMALS FOR TODAY
                         NORMAL    RECORD    YEAR
 MAXIMUM TEMPERATURE (F)   69        86      2016
 MINIMUM TEMPERATURE (F)   48        27      1948


SUNRISE AND SUNSET
OCTOBER 19 2017.......SUNRISE   728 AM EDT   SUNSET   635 PM EDT
OCTOBER 20 2017.......SUNRISE   729 AM EDT   SUNSET   634 PM EDT


-  INDICATES NEGATIVE NUMBERS.
R  INDICATES RECORD WAS SET OR TIED.
MM INDICATES DATA IS MISSING.
T  INDICATES TRACE AMOUNT.


REMARKS:
DUE TO MISSING RAINFALL ON AUGUST 21-24...ALL PRECIPITATION DATA
WILL BE CALCULATED WITHOUT DATA FROM THESE DATES.


$$
