000
CDUS41 KRNK 260618
CLIDAN


CLIMATE REPORT
NATIONAL WEATHER SERVICE BLACKSBURG VA
217 AM EDT TUE JUL 26 2016


...................................

...THE DANVILLE VA CLIMATE SUMMARY FOR JULY 25 2016...

CLIMATE NORMAL PERIOD 1981 TO 2010
CLIMATE RECORD PERIOD 1948 TO 2016


WEATHER ITEM   OBSERVED TIME   RECORD YEAR NORMAL DEPARTURE LAST
                VALUE   (LST)  VALUE       VALUE  FROM      YEAR
                                                  NORMAL
..................................................................
TEMPERATURE (F)
 YESTERDAY
  MAXIMUM         96    401 PM 102    2010  88      8       88
  MINIMUM         71    523 AM  56    1969  69      2       66
  AVERAGE         84                        78      6       77

PRECIPITATION (IN)
  YESTERDAY        0.00          0.84 1951   0.13  -0.13     0.00
  MONTH TO DATE    2.84                      3.75  -0.91     5.60
  SINCE JUN 1     10.54                      7.60   2.94    13.72
  SINCE JAN 1     30.09                     25.48   4.61    23.60

SNOWFALL (IN)
  YESTERDAY        0.0                                       0.0
  MONTH TO DATE    0.0                                       0.0
  SINCE JUN 1      0.0                                       0.0
  SINCE JUL 1      0.0                                       0.0
  SNOW DEPTH       0

DEGREE DAYS
 HEATING
  YESTERDAY        0                         0      0        0
  MONTH TO DATE    0                         0      0        0
  SINCE JUN 1      0                         3     -3        5
  SINCE JUL 1      0                         0      0        0

 COOLING
  YESTERDAY       19                        13      6       12
  MONTH TO DATE  345                       325     20      337
  SINCE JUN 1    621                       622     -1      715
  SINCE JAN 1    760                       766     -6      942
..................................................................


WIND (MPH)
  HIGHEST WIND SPEED    12   HIGHEST WIND DIRECTION    SW (230)
  HIGHEST GUST SPEED    16   HIGHEST GUST DIRECTION    SW (240)
  AVERAGE WIND SPEED     3.7


SKY COVER
  AVERAGE SKY COVER 0.0


WEATHER CONDITIONS
 THE FOLLOWING WEATHER WAS RECORDED YESTERDAY.
  FOG


RELATIVE HUMIDITY (PERCENT)
 HIGHEST   100           300 AM
 LOWEST     42           400 PM
 AVERAGE    71

..........................................................


THE DANVILLE VA CLIMATE NORMALS FOR TODAY
                         NORMAL    RECORD    YEAR
 MAXIMUM TEMPERATURE (F)   88        99      2012
                                             1987
 MINIMUM TEMPERATURE (F)   69        55      1969


SUNRISE AND SUNSET
JULY 26 2016..........SUNRISE   619 AM EDT   SUNSET   828 PM EDT
JULY 27 2016..........SUNRISE   620 AM EDT   SUNSET   827 PM EDT


-  INDICATES NEGATIVE NUMBERS.
R  INDICATES RECORD WAS SET OR TIED.
MM INDICATES DATA IS MISSING.
T  INDICATES TRACE AMOUNT.




$$
