000
CDUS41 KRNK 300912
CLIDAN


CLIMATE REPORT
NATIONAL WEATHER SERVICE BLACKSBURG VA
511 AM EDT THU OCT 30 2014


...................................

...THE DANVILLE VA CLIMATE SUMMARY FOR OCTOBER 29 2014...

CLIMATE NORMAL PERIOD 1981 TO 2010
CLIMATE RECORD PERIOD 1948 TO 2014


WEATHER ITEM   OBSERVED TIME   RECORD YEAR NORMAL DEPARTURE LAST
                VALUE   (LST)  VALUE       VALUE  FROM      YEAR
                                                  NORMAL
..................................................................
TEMPERATURE (F)
 YESTERDAY
  MAXIMUM         71    150 PM  85    1984  67      4       72
  MINIMUM         55   1133 PM  27    1976  44     11       53
  AVERAGE         63                        55      8

PRECIPITATION (IN)
  YESTERDAY        0.01          1.36 1984   0.12  -0.11     0.00
  MONTH TO DATE    4.13                      3.30   0.83     1.20
  SINCE SEP 1      8.01                      7.26   0.75     2.35
  SINCE JAN 1     37.76                     37.55   0.21    43.66

SNOWFALL (IN)
  YESTERDAY        0.0
  MONTH TO DATE    0.0
  SINCE SEP 1      0.0
  SINCE JUL 1      0.0
  SNOW DEPTH       0

DEGREE DAYS
 HEATING
  YESTERDAY        2                        10     -8
  MONTH TO DATE  130                       185    -55
  SINCE SEP 1    142                       213    -71
  SINCE JUL 1    142                       213    -71

 COOLING
  YESTERDAY        0                         1     -1
  MONTH TO DATE   33                        36     -3
  SINCE SEP 1    229                       212     17
  SINCE JAN 1   1418                      1439    -21
..................................................................


WIND (MPH)
  HIGHEST WIND SPEED    15   HIGHEST WIND DIRECTION    NW (330)
  HIGHEST GUST SPEED    18   HIGHEST GUST DIRECTION    NW (330)
  AVERAGE WIND SPEED     5.5


SKY COVER
  POSSIBLE SUNSHINE  MM
  AVERAGE SKY COVER 0.5


WEATHER CONDITIONS
 THE FOLLOWING WEATHER WAS RECORDED YESTERDAY.
  LIGHT RAIN


RELATIVE HUMIDITY (PERCENT)
 HIGHEST    87           200 AM
 LOWEST     51           900 PM
 AVERAGE    69

..........................................................


THE DANVILLE VA CLIMATE NORMALS FOR TODAY
                         NORMAL    RECORD    YEAR
 MAXIMUM TEMPERATURE (F)   66        85      1950
 MINIMUM TEMPERATURE (F)   44        24      1965


SUNRISE AND SUNSET
OCTOBER 30 2014.......SUNRISE   739 AM EDT   SUNSET   623 PM EDT
OCTOBER 31 2014.......SUNRISE   740 AM EDT   SUNSET   622 PM EDT


-  INDICATES NEGATIVE NUMBERS.
R  INDICATES RECORD WAS SET OR TIED.
MM INDICATES DATA IS MISSING.
T  INDICATES TRACE AMOUNT.




$$
