000
CDUS41 KRNK 180922
CLIDAN


CLIMATE REPORT
NATIONAL WEATHER SERVICE BLACKSBURG VA
515 AM EDT THU SEP 18 2014


...................................

...THE DANVILLE VA CLIMATE SUMMARY FOR SEPTEMBER 17 2014...

CLIMATE NORMAL PERIOD 1981 TO 2010
CLIMATE RECORD PERIOD 1948 TO 2014


WEATHER ITEM   OBSERVED TIME   RECORD YEAR NORMAL DEPARTURE LAST
                VALUE   (LST)  VALUE       VALUE  FROM      YEAR
                                                  NORMAL
..................................................................
TEMPERATURE (F)
 YESTERDAY
  MAXIMUM         77    405 PM  98    1958  79     -2       75
  MINIMUM         59   1156 PM  44    1966  60     -1       51
  AVERAGE         68                        70     -2

PRECIPITATION (IN)
  YESTERDAY        0.00          2.10 2004   0.13  -0.13     0.00
  MONTH TO DATE    3.10                      2.28   0.82     0.24
  SINCE SEP 1      3.10                      2.28   0.82     0.24
  SINCE JAN 1     32.85                     32.57   0.28    41.55

SNOWFALL (IN)
  YESTERDAY        0.0
  MONTH TO DATE    0.0
  SINCE SEP 1      0.0
  SINCE JUL 1      0.0
  SNOW DEPTH       0

DEGREE DAYS
 HEATING
  YESTERDAY        0                         1     -1
  MONTH TO DATE    0                         4     -4
  SINCE SEP 1      0                         4     -4
  SINCE JUL 1      0                         4     -4

 COOLING
  YESTERDAY        3                         5     -2
  MONTH TO DATE  163                       128     35
  SINCE SEP 1    163                       128     35
  SINCE JAN 1   1352                      1355     -3
..................................................................


WIND (MPH)
  HIGHEST WIND SPEED    12   HIGHEST WIND DIRECTION    NE (60)
  HIGHEST GUST SPEED    17   HIGHEST GUST DIRECTION    NE (60)
  AVERAGE WIND SPEED     5.5


SKY COVER
  POSSIBLE SUNSHINE  MM
  AVERAGE SKY COVER 0.6


WEATHER CONDITIONS
 THE FOLLOWING WEATHER WAS RECORDED YESTERDAY.
  FOG


RELATIVE HUMIDITY (PERCENT)
 HIGHEST    93           800 PM
 LOWEST     60           300 PM
 AVERAGE    77

..........................................................


THE DANVILLE VA CLIMATE NORMALS FOR TODAY
                         NORMAL    RECORD    YEAR
 MAXIMUM TEMPERATURE (F)   79        97      1954
 MINIMUM TEMPERATURE (F)   59        46      2000


SUNRISE AND SUNSET
SEPTEMBER 18 2014.....SUNRISE   702 AM EDT   SUNSET   720 PM EDT
SEPTEMBER 19 2014.....SUNRISE   703 AM EDT   SUNSET   719 PM EDT


-  INDICATES NEGATIVE NUMBERS.
R  INDICATES RECORD WAS SET OR TIED.
MM INDICATES DATA IS MISSING.
T  INDICATES TRACE AMOUNT.



$$
