000
CDUS41 KILN 100534
CLIDAY


CLIMATE REPORT
NATIONAL WEATHER SERVICE WILMINGTON OH
1234 AM EST WED FEB 10 2016


...................................

...THE DAYTON OH CLIMATE SUMMARY FOR FEBRUARY 9 2016...

CLIMATE NORMAL PERIOD 1981 TO 2010
CLIMATE RECORD PERIOD 1869 TO 2016


WEATHER ITEM   OBSERVED TIME   RECORD YEAR NORMAL DEPARTURE LAST
                VALUE   (LST)  VALUE       VALUE  FROM      YEAR
                                                  NORMAL
..................................................................
TEMPERATURE (F)
 YESTERDAY
  MAXIMUM         25   1246 PM  65    2001  37    -12       42
  MINIMUM         16   1159 PM -21    1899  22     -6       24
  AVERAGE         21                        30     -9       33

PRECIPITATION (IN)
  YESTERDAY        0.05          0.62 1959   0.08  -0.03      T
  MONTH TO DATE    1.34                      0.73   0.61     0.58
  SINCE DEC 1      7.23                      6.56   0.67     6.34
  SINCE JAN 1      2.84                      3.44  -0.60     3.55

SNOWFALL (IN)
  YESTERDAY        1.0           6.3  1896   0.2    0.8      0.0
  MONTH TO DATE    1.3                       2.0   -0.7      1.0
  SINCE DEC 1      6.3                      14.4   -8.1      8.8
  SINCE JUL 1      6.3                      15.4   -9.1     12.9
  SNOW DEPTH       1

DEGREE DAYS
 HEATING
  YESTERDAY       44                        35      9       32
  MONTH TO DATE  273                       325    -52      297
  SINCE DEC 1   2068                      2537   -469     2403
  SINCE JUL 1   2904                      3648   -744     3619

 COOLING
  YESTERDAY        0                         0      0        0
  MONTH TO DATE    0                         0      0        0
  SINCE DEC 1      0                         0      0        0
  SINCE JAN 1      0                         0      0        0
..................................................................


WIND (MPH)
  RESULTANT WIND SPEED  15   RESULTANT WIND DIRECTION   W (270)
  HIGHEST WIND SPEED    22   HIGHEST WIND DIRECTION     W (290)
  HIGHEST GUST SPEED    27   HIGHEST GUST DIRECTION     W (280)
  AVERAGE WIND SPEED    15.7



WEATHER CONDITIONS
 THE FOLLOWING WEATHER WAS RECORDED YESTERDAY.
  SNOW
  LIGHT SNOW
  FOG


RELATIVE HUMIDITY (PERCENT)
 HIGHEST    96           400 AM
 LOWEST     77          1000 PM
 AVERAGE    87

..........................................................


THE DAYTON OH CLIMATE NORMALS FOR TODAY
                         NORMAL    RECORD    YEAR
 MAXIMUM TEMPERATURE (F)   37        72      1932
 MINIMUM TEMPERATURE (F)   22       -22      1899


SUNRISE AND SUNSET
FEBRUARY 10 2016......SUNRISE   736 AM EST   SUNSET   606 PM EST
FEBRUARY 11 2016......SUNRISE   735 AM EST   SUNSET   608 PM EST


-  INDICATES NEGATIVE NUMBERS.
R  INDICATES RECORD WAS SET OR TIED.
MM INDICATES DATA IS MISSING.
T  INDICATES TRACE AMOUNT.




$$
