000
CDUS41 KILN 260538
CLIDAY


CLIMATE REPORT
NATIONAL WEATHER SERVICE WILMINGTON OH
138 AM EDT MON SEP 26 2016


...................................

...THE DAYTON OH CLIMATE SUMMARY FOR SEPTEMBER 25 2016...

CLIMATE NORMAL PERIOD 1981 TO 2010
CLIMATE RECORD PERIOD 1869 TO 2016


WEATHER ITEM   OBSERVED TIME   RECORD YEAR NORMAL DEPARTURE LAST
                VALUE   (LST)  VALUE       VALUE  FROM      YEAR
                                                  NORMAL
..................................................................
TEMPERATURE (F)
 YESTERDAY
  MAXIMUM         84    430 PM  94    1908  72     12       79
                                      1900
  MINIMUM         56    642 AM  35    1903  51      5       55
  AVERAGE         70                        62      8       67

PRECIPITATION (IN)
  YESTERDAY        0.00          2.19 1993   0.10  -0.10     0.00
  MONTH TO DATE    1.90                      2.77  -0.87     0.77
  SINCE SEP 1      1.90                      2.77  -0.87     0.77
  SINCE JAN 1     28.43                     31.08  -2.65    30.51

SNOWFALL (IN)
  YESTERDAY        0.0          MM      MM   0.0    0.0      0.0
  MONTH TO DATE    0.0                       0.0    0.0      0.0
  SINCE SEP 1      0.0                       0.0    0.0      0.0
  SINCE JUL 1      0.0                       0.0    0.0      0.0
  SNOW DEPTH       0

DEGREE DAYS
 HEATING
  YESTERDAY        0                         5     -5        0
  MONTH TO DATE    0                        58    -58       23
  SINCE SEP 1      0                        58    -58       23
  SINCE JUL 1      3                        60    -57       32

 COOLING
  YESTERDAY        5                         2      3        2
  MONTH TO DATE  175                        92     83      147
  SINCE SEP 1    175                        92     83      147
  SINCE JAN 1   1203                       874    329     1048
..................................................................


WIND (MPH)
  RESULTANT WIND SPEED   4   RESULTANT WIND DIRECTION  SE (120)
  HIGHEST WIND SPEED     9   HIGHEST WIND DIRECTION    SE (150)
  HIGHEST GUST SPEED    11   HIGHEST GUST DIRECTION    SE (140)
  AVERAGE WIND SPEED     5.0



WEATHER CONDITIONS
 THE FOLLOWING WEATHER WAS RECORDED YESTERDAY.
  NO SIGNIFICANT WEATHER WAS OBSERVED.


RELATIVE HUMIDITY (PERCENT)
 HIGHEST    86           300 AM
 LOWEST     51           100 PM
 AVERAGE    69

..........................................................


THE DAYTON OH CLIMATE NORMALS FOR TODAY
                         NORMAL    RECORD    YEAR
 MAXIMUM TEMPERATURE (F)   72        96      1900
 MINIMUM TEMPERATURE (F)   51        35      1940
                                             1928


SUNRISE AND SUNSET
SEPTEMBER 26 2016.....SUNRISE   729 AM EDT   SUNSET   726 PM EDT
SEPTEMBER 27 2016.....SUNRISE   730 AM EDT   SUNSET   725 PM EDT


-  INDICATES NEGATIVE NUMBERS.
R  INDICATES RECORD WAS SET OR TIED.
MM INDICATES DATA IS MISSING.
T  INDICATES TRACE AMOUNT.




$$
