000
CDUS41 KILN 062050
CLIDAY


CLIMATE REPORT
NATIONAL WEATHER SERVICE WILMINGTON OH
449 PM EDT FRI MAY 6 2016


...................................

...THE DAYTON OH CLIMATE SUMMARY FOR MAY 6 2016...
VALID TODAY AS OF 0400 PM LOCAL TIME.

CLIMATE NORMAL PERIOD 1981 TO 2010
CLIMATE RECORD PERIOD 1869 TO 2016


WEATHER ITEM   OBSERVED TIME   RECORD YEAR NORMAL DEPARTURE LAST
                VALUE   (LST)  VALUE       VALUE  FROM      YEAR
                                                  NORMAL
..................................................................
TEMPERATURE (F)
 TODAY
  MAXIMUM         69    331 PM  89    1949  69      0       86
  MINIMUM         44    544 AM  31    1968  48     -4       56
  AVERAGE         57                        58     -1       71

PRECIPITATION (IN)
  TODAY            0.00          0.91 1971   0.15  -0.15     0.00
  MONTH TO DATE    0.76                      0.90  -0.14     0.88
  SINCE MAR 1      9.21                      8.33   0.88    10.05
  SINCE JAN 1     14.03                     13.28   0.75    14.41

SNOWFALL (IN)
  TODAY            0.0           0.0    MM   0.0    0.0      0.0
  MONTH TO DATE    0.0                       0.0    0.0      0.0
  SINCE MAR 1      2.1                       4.0   -1.9      5.7
  SINCE JUL 1     12.7                      23.3  -10.6     27.7
  SNOW DEPTH       0

DEGREE DAYS
 HEATING
  TODAY            8                         7      1        0
  MONTH TO DATE   57                        48      9        8
  SINCE MAR 1   1005                      1224   -219     1139
  SINCE JUL 1   4546                      5499   -953     5702

 COOLING
  TODAY            0                         1     -1        6
  MONTH TO DATE    3                         6     -3       18
  SINCE MAR 1      7                        16     -9       22
  SINCE JAN 1      7                        16     -9       22
..................................................................


WIND (MPH)
  RESULTANT WIND SPEED   8   RESULTANT WIND DIRECTION   N (340)
  HIGHEST WIND SPEED    17   HIGHEST WIND DIRECTION    NW (320)
  HIGHEST GUST SPEED    24   HIGHEST GUST DIRECTION     N (350)
  AVERAGE WIND SPEED     8.8


SKY COVER
  POSSIBLE SUNSHINE  MM
  AVERAGE SKY COVER 0.3


WEATHER CONDITIONS
 THE FOLLOWING WEATHER WAS RECORDED TODAY.
  NO SIGNIFICANT WEATHER WAS OBSERVED.


RELATIVE HUMIDITY (PERCENT)
 HIGHEST    92           300 AM
 LOWEST     37          1200 PM
 AVERAGE    65

..........................................................


THE DAYTON OH CLIMATE NORMALS FOR TOMORROW
                         NORMAL    RECORD    YEAR
 MAXIMUM TEMPERATURE (F)   69        87      2015
                                             1926
                                             1897
 MINIMUM TEMPERATURE (F)   49        28      1974


SUNRISE AND SUNSET
MAY  6 2016...........SUNRISE   631 AM EDT   SUNSET   837 PM EDT
MAY  7 2016...........SUNRISE   629 AM EDT   SUNSET   838 PM EDT


-  INDICATES NEGATIVE NUMBERS.
R  INDICATES RECORD WAS SET OR TIED.
MM INDICATES DATA IS MISSING.
T  INDICATES TRACE AMOUNT.




$$
