741
CDUS41 KILN 282050
CLIDAY


CLIMATE REPORT
NATIONAL WEATHER SERVICE WILMINGTON OH
450 PM EDT SUN MAY 28 2017


...................................

...THE DAYTON OH CLIMATE SUMMARY FOR MAY 28 2017...
VALID TODAY AS OF 0400 PM LOCAL TIME.

CLIMATE NORMAL PERIOD 1981 TO 2010
CLIMATE RECORD PERIOD 1869 TO 2017


WEATHER ITEM   OBSERVED TIME   RECORD YEAR NORMAL DEPARTURE LAST
                VALUE   (LST)  VALUE       VALUE  FROM      YEAR
                                                  NORMAL
..................................................................
TEMPERATURE (F)
 TODAY
  MAXIMUM         76    312 PM  98    1911  75      1       81
  MINIMUM         63    334 AM  33    1907  55      8       68
  AVERAGE         70                        65      5       75

PRECIPITATION (IN)
  TODAY            0.00          1.01 1929   0.15  -0.15     0.13
  MONTH TO DATE    6.39                      4.20   2.19     2.88
  SINCE MAR 1     16.80                     11.63   5.17    11.33
  SINCE JAN 1     21.74                     16.58   5.16    16.15

SNOWFALL (IN)
  TODAY            0.0           0.0    MM   0.0    0.0      0.0
  MONTH TO DATE    0.0                       0.0    0.0      0.0
  SINCE MAR 1      1.3                       4.0   -2.7      2.1
  SINCE JUL 1      8.5                      23.3  -14.8     12.7
  SNOW DEPTH       0

DEGREE DAYS
 HEATING
  TODAY            0                         3     -3        0
  MONTH TO DATE  160                       160      0      188
  SINCE MAR 1   1125                      1336   -211     1136
  SINCE JUL 1   4555                      5611  -1056     4677

 COOLING
  TODAY            5                         3      2       10
  MONTH TO DATE   52                        50      2       45
  SINCE MAR 1     85                        60     25       49
  SINCE JAN 1     85                        60     25       49
..................................................................


WIND (MPH)
  RESULTANT WIND SPEED   8   RESULTANT WIND DIRECTION  SW (210)
  HIGHEST WIND SPEED    24   HIGHEST WIND DIRECTION     W (250)
  HIGHEST GUST SPEED    29   HIGHEST GUST DIRECTION     W (250)
  AVERAGE WIND SPEED     9.9


SKY COVER
  POSSIBLE SUNSHINE  MM
  AVERAGE SKY COVER 0.8


WEATHER CONDITIONS
 THE FOLLOWING WEATHER WAS RECORDED TODAY.
  FOG


RELATIVE HUMIDITY (PERCENT)
 HIGHEST    93          1200 AM
 LOWEST     64           100 PM
 AVERAGE    79

..........................................................


THE DAYTON OH CLIMATE NORMALS FOR TOMORROW
                         NORMAL    RECORD    YEAR
 MAXIMUM TEMPERATURE (F)   75        98      1911
 MINIMUM TEMPERATURE (F)   56        35      1906


SUNRISE AND SUNSET
MAY 28 2017...........SUNRISE   612 AM EDT   SUNSET   857 PM EDT
MAY 29 2017...........SUNRISE   612 AM EDT   SUNSET   857 PM EDT


-  INDICATES NEGATIVE NUMBERS.
R  INDICATES RECORD WAS SET OR TIED.
MM INDICATES DATA IS MISSING.
T  INDICATES TRACE AMOUNT.




$$
