000
CDUS41 KILN 280528
CLIDAY


CLIMATE REPORT
NATIONAL WEATHER SERVICE WILMINGTON OH
127 AM EDT TUE MAR 28 2017


...................................

...THE DAYTON OH CLIMATE SUMMARY FOR MARCH 27 2017...

CLIMATE NORMAL PERIOD 1981 TO 2010
CLIMATE RECORD PERIOD 1869 TO 2017


WEATHER ITEM   OBSERVED TIME   RECORD YEAR NORMAL DEPARTURE LAST
                VALUE   (LST)  VALUE       VALUE  FROM      YEAR
                                                  NORMAL
..................................................................
TEMPERATURE (F)
 YESTERDAY
  MAXIMUM         65   1257 PM  83    1910  54     11       74
  MINIMUM         48    402 AM  11    1955  35     13       37
  AVERAGE         57                        44     13       56

PRECIPITATION (IN)
  YESTERDAY        0.20          1.90 1913   0.12   0.08     0.29
  MONTH TO DATE    4.37                      2.83   1.54     4.04
  SINCE MAR 1      4.37                      2.83   1.54     4.04
  SINCE JAN 1      9.31                      7.78   1.53     8.86

SNOWFALL (IN)
  YESTERDAY        0.0           1.2  1930   0.1   -0.1      0.0
  MONTH TO DATE    1.3                       3.2   -1.9      1.4
  SINCE MAR 1      1.3                       3.2   -1.9      1.4
  SINCE JUL 1      8.5                      22.5  -14.0     12.0
  SNOW DEPTH       0

DEGREE DAYS
 HEATING
  YESTERDAY        8                        21    -13        9
  MONTH TO DATE  683                       686     -3      476
  SINCE MAR 1    683                       686     -3      476
  SINCE JUL 1   4113                      4961   -848     4017

 COOLING
  YESTERDAY        0                         0      0        0
  MONTH TO DATE    2                         0      2        0
  SINCE MAR 1      2                         0      2        0
  SINCE JAN 1      2                         0      2        0
..................................................................


WIND (MPH)
  RESULTANT WIND SPEED   5   RESULTANT WIND DIRECTION   S (190)
  HIGHEST WIND SPEED    12   HIGHEST WIND DIRECTION    SE (150)
  HIGHEST GUST SPEED    15   HIGHEST GUST DIRECTION    SW (210)
  AVERAGE WIND SPEED     7.1



WEATHER CONDITIONS
 THE FOLLOWING WEATHER WAS RECORDED YESTERDAY.
  THUNDERSTORM
  RAIN
  LIGHT RAIN
  FOG


RELATIVE HUMIDITY (PERCENT)
 HIGHEST   100           300 AM
 LOWEST     56           100 PM
 AVERAGE    78

..........................................................


THE DAYTON OH CLIMATE NORMALS FOR TODAY
                         NORMAL    RECORD    YEAR
 MAXIMUM TEMPERATURE (F)   55        85      1910
 MINIMUM TEMPERATURE (F)   35        16      1955


SUNRISE AND SUNSET
MARCH 28 2017.........SUNRISE   727 AM EDT   SUNSET   757 PM EDT
MARCH 29 2017.........SUNRISE   725 AM EDT   SUNSET   758 PM EDT


-  INDICATES NEGATIVE NUMBERS.
R  INDICATES RECORD WAS SET OR TIED.
MM INDICATES DATA IS MISSING.
T  INDICATES TRACE AMOUNT.




$$
