000
CDUS41 KILN 210610
CLIDAY


CLIMATE REPORT
NATIONAL WEATHER SERVICE WILMINGTON OH
208 AM EDT THU AUG 21 2014


...................................

...THE DAYTON OH CLIMATE SUMMARY FOR AUGUST 20 2014...

CLIMATE NORMAL PERIOD 1981 TO 2010
CLIMATE RECORD PERIOD 1869 TO 2014


WEATHER ITEM   OBSERVED TIME   RECORD YEAR NORMAL DEPARTURE LAST
                VALUE   (LST)  VALUE       VALUE  FROM      YEAR
                                                  NORMAL
..................................................................
TEMPERATURE (F)
 YESTERDAY
  MAXIMUM         88    309 PM  98    1983  83      5       85
                                      1962
  MINIMUM         66    634 AM  50    1897  63      3       63
  AVERAGE         77                        72      5       74

PRECIPITATION (IN)
  YESTERDAY        0.02          2.69 2004   0.10  -0.08     0.00
  MONTH TO DATE    0.82                      1.91  -1.09     1.32
  SINCE JUN 1      7.58                     10.19  -2.61     8.02
  SINCE JAN 1     25.66                     27.23  -1.57    22.32

SNOWFALL (IN)
  YESTERDAY        0.0           0.0    MM   0.0    0.0      0.0
  MONTH TO DATE    0.0                       0.0    0.0      0.0
  SINCE JUN 1      0.0                       0.0    0.0      0.0
  SINCE JUL 1      0.0                       0.0    0.0      0.0
  SNOW DEPTH       0

DEGREE DAYS
 HEATING
  YESTERDAY        0                         0      0        0
  MONTH TO DATE    3                         0      3        9
  SINCE JUN 1      9                        22    -13       23
  SINCE JUL 1      7                         0      7       12

 COOLING
  YESTERDAY       12                         8      4        9
  MONTH TO DATE  146                       166    -20      126
  SINCE JUN 1    601                       635    -34      623
  SINCE JAN 1    730                       705     25      754
..................................................................


WIND (MPH)
  RESULTANT WIND SPEED   9   RESULTANT WIND DIRECTION  SW (240)
  HIGHEST WIND SPEED    21   HIGHEST WIND DIRECTION     W (290)
  HIGHEST GUST SPEED    25   HIGHEST GUST DIRECTION     W (270)
  AVERAGE WIND SPEED     9.8



WEATHER CONDITIONS
 THE FOLLOWING WEATHER WAS RECORDED YESTERDAY.
  THUNDERSTORM
  LIGHT RAIN


RELATIVE HUMIDITY (PERCENT)
 HIGHEST    87           500 AM
 LOWEST     43           300 PM
 AVERAGE    65

..........................................................


THE DAYTON OH CLIMATE NORMALS FOR TODAY
                         NORMAL    RECORD    YEAR
 MAXIMUM TEMPERATURE (F)   83       100      1936
 MINIMUM TEMPERATURE (F)   62        46      1950


SUNRISE AND SUNSET
AUGUST 21 2014........SUNRISE   654 AM EDT   SUNSET   825 PM EDT
AUGUST 22 2014........SUNRISE   655 AM EDT   SUNSET   823 PM EDT


-  INDICATES NEGATIVE NUMBERS.
R  INDICATES RECORD WAS SET OR TIED.
MM INDICATES DATA IS MISSING.
T  INDICATES TRACE AMOUNT.




$$
