000
CDUS41 KILN 262110
CLIDAY


CLIMATE REPORT
NATIONAL WEATHER SERVICE WILMINGTON OH
508 PM EDT TUE MAY 26 2015


...................................

...THE DAYTON OH CLIMATE SUMMARY FOR MAY 26 2015...
VALID TODAY AS OF 0500 PM LOCAL TIME.

CLIMATE NORMAL PERIOD 1981 TO 2010
CLIMATE RECORD PERIOD 1869 TO 2015


WEATHER ITEM   OBSERVED TIME   RECORD YEAR NORMAL DEPARTURE LAST
                VALUE   (LST)  VALUE       VALUE  FROM      YEAR
                                                  NORMAL
..................................................................
TEMPERATURE (F)
 TODAY
  MAXIMUM         86    226 PM  95    1911  74     12       85
  MINIMUM         68    654 AM  37    1983  55     13       59
                                      1897
  AVERAGE         77                        64     13       72

PRECIPITATION (IN)
  TODAY            0.08          1.78 1989   0.15  -0.07     0.00
  MONTH TO DATE    1.38                      3.90  -2.52     4.60
  SINCE MAR 1     10.55                     11.33  -0.78    13.02
  SINCE JAN 1     14.91                     16.28  -1.37    18.00

SNOWFALL (IN)
  TODAY            0.0           0.0    MM   0.0    0.0      0.0
  MONTH TO DATE    0.0                       0.0    0.0      0.0
  SINCE MAR 1      5.7                       4.0    1.7      8.2
  SINCE JUL 1     27.7                      23.3    4.4     53.6
  SNOW DEPTH       0

DEGREE DAYS
 HEATING
  TODAY            0                         3     -3        0
  MONTH TO DATE   67                       154    -87      130
  SINCE MAR 1   1198                      1330   -132     1339
  SINCE JUL 1   5761                      5605    156     5938

 COOLING
  TODAY           12                         3      9        7
  MONTH TO DATE  129                        44     85       74
  SINCE MAR 1    133                        54     79       82
  SINCE JAN 1    133                        54     79       82
..................................................................


WIND (MPH)
  RESULTANT WIND SPEED  12   RESULTANT WIND DIRECTION   S (190)
  HIGHEST WIND SPEED    24   HIGHEST WIND DIRECTION     S (190)
  HIGHEST GUST SPEED    47   HIGHEST GUST DIRECTION     S (180)
  AVERAGE WIND SPEED    11.9


SKY COVER
  POSSIBLE SUNSHINE  MM
  AVERAGE SKY COVER 0.8


WEATHER CONDITIONS
 THE FOLLOWING WEATHER WAS RECORDED TODAY.
  THUNDERSTORM
  RAIN
  LIGHT RAIN


RELATIVE HUMIDITY (PERCENT)
 HIGHEST    87           500 AM
 LOWEST     51           100 PM
 AVERAGE    69

..........................................................


THE DAYTON OH CLIMATE NORMALS FOR TOMORROW
                         NORMAL    RECORD    YEAR
 MAXIMUM TEMPERATURE (F)   75        95      1911
 MINIMUM TEMPERATURE (F)   55        33      1961


SUNRISE AND SUNSET
MAY 26 2015...........SUNRISE   614 AM EDT   SUNSET   854 PM EDT
MAY 27 2015...........SUNRISE   613 AM EDT   SUNSET   855 PM EDT


-  INDICATES NEGATIVE NUMBERS.
R  INDICATES RECORD WAS SET OR TIED.
MM INDICATES DATA IS MISSING.
T  INDICATES TRACE AMOUNT.




$$
