389
CDUS41 KILN 270610
CLIDAY


CLIMATE REPORT
NATIONAL WEATHER SERVICE WILMINGTON OH
209 AM EDT WED JUL 27 2016


...................................

...THE DAYTON OH CLIMATE SUMMARY FOR JULY 26 2016...

CLIMATE NORMAL PERIOD 1981 TO 2010
CLIMATE RECORD PERIOD 1869 TO 2016


WEATHER ITEM   OBSERVED TIME   RECORD YEAR NORMAL DEPARTURE LAST
                VALUE   (LST)  VALUE       VALUE  FROM      YEAR
                                                  NORMAL
..................................................................
TEMPERATURE (F)
 YESTERDAY
  MAXIMUM         84   1131 AM 101    1901  84      0       87
  MINIMUM         70    556 AM  52    1977  64      6       71
                                      1962
                                      1911
  AVERAGE         77                        74      3       79

PRECIPITATION (IN)
  YESTERDAY        T             1.45 1992   0.12  -0.12      T
  MONTH TO DATE    2.49                      3.55  -1.06     3.41
  SINCE JUN 1      6.09                      7.72  -1.63    11.29
  SINCE JAN 1     22.31                     24.76  -2.45    26.61

SNOWFALL (IN)
  YESTERDAY        0.0           0.0         0.0    0.0      0.0
  MONTH TO DATE    0.0                       0.0    0.0      0.0
  SINCE JUN 1      0.0                       0.0    0.0      0.0
  SINCE JUL 1      0.0                       0.0    0.0      0.0
  SNOW DEPTH       0

DEGREE DAYS
 HEATING
  YESTERDAY        0                         0      0        0
  MONTH TO DATE    3                         0      3        0
  SINCE JUN 1      7                        22    -15       20
  SINCE JUL 1      3                         0      3        0

 COOLING
  YESTERDAY       12                         9      3       14
  MONTH TO DATE  271                       234     37      218
  SINCE JUN 1    512                       424     88      472
  SINCE JAN 1    591                       494     97      647
..................................................................


WIND (MPH)
  RESULTANT WIND SPEED   3   RESULTANT WIND DIRECTION  NW (330)
  HIGHEST WIND SPEED     9   HIGHEST WIND DIRECTION    SW (240)
  HIGHEST GUST SPEED    11   HIGHEST GUST DIRECTION    NW (310)
  AVERAGE WIND SPEED     4.3



WEATHER CONDITIONS
 THE FOLLOWING WEATHER WAS RECORDED YESTERDAY.
  LIGHT RAIN


RELATIVE HUMIDITY (PERCENT)
 HIGHEST    90           400 AM
 LOWEST     58          1000 AM
 AVERAGE    74

..........................................................


THE DAYTON OH CLIMATE NORMALS FOR TODAY
                         NORMAL    RECORD    YEAR
 MAXIMUM TEMPERATURE (F)   84       104      1901
 MINIMUM TEMPERATURE (F)   64        50      1900


SUNRISE AND SUNSET
JULY 27 2016..........SUNRISE   631 AM EDT   SUNSET   855 PM EDT
JULY 28 2016..........SUNRISE   632 AM EDT   SUNSET   854 PM EDT


-  INDICATES NEGATIVE NUMBERS.
R  INDICATES RECORD WAS SET OR TIED.
MM INDICATES DATA IS MISSING.
T  INDICATES TRACE AMOUNT.




$$
