000
CDUS41 KILN 180544
CLIDAY


CLIMATE REPORT
NATIONAL WEATHER SERVICE WILMINGTON OH
1244 AM EST MON DEC 18 2017


...................................

...THE DAYTON OH CLIMATE SUMMARY FOR DECEMBER 17 2017...

CLIMATE NORMAL PERIOD 1981 TO 2010
CLIMATE RECORD PERIOD 1869 TO 2017


WEATHER ITEM   OBSERVED TIME   RECORD YEAR NORMAL DEPARTURE LAST
                VALUE   (LST)  VALUE       VALUE  FROM      YEAR
                                                  NORMAL
..................................................................
TEMPERATURE (F)
 YESTERDAY
  MAXIMUM         42    301 PM  66    1984  37      5       37
  MINIMUM         36    522 AM  -7    1989  24     12       28
  AVERAGE         39                        30      9       33

PRECIPITATION (IN)
  YESTERDAY        0.01          1.77 2001   0.09  -0.08     1.03
  MONTH TO DATE    0.43                      1.71  -1.28     2.25
  SINCE DEC 1      0.43                      1.71  -1.28     2.25
  SINCE JAN 1     49.72                     39.64  10.08    35.04

SNOWFALL (IN)
  YESTERDAY        0.0           6.2  1981   0.2   -0.2      0.0
  MONTH TO DATE    2.4                       2.0    0.4      4.0
  SINCE DEC 1      2.4                       2.0    0.4      4.0
  SINCE JUL 1      2.4                       3.0   -0.6      4.0
  SNOW DEPTH       0

DEGREE DAYS
 HEATING
  YESTERDAY       26                        35     -9       32
  MONTH TO DATE  545                       543      2      629
  SINCE DEC 1    545                       543      2      629
  SINCE JUL 1   1552                      1654   -102     1402

 COOLING
  YESTERDAY        0                         0      0        0
  MONTH TO DATE    0                         0      0        0
  SINCE DEC 1      0                         0      0        0
  SINCE JAN 1    899                       891      8     1247
..................................................................


WIND (MPH)
  RESULTANT WIND SPEED   9   RESULTANT WIND DIRECTION   S (200)
  HIGHEST WIND SPEED    16   HIGHEST WIND DIRECTION     N (360)
  HIGHEST GUST SPEED    28   HIGHEST GUST DIRECTION    SW (210)
  AVERAGE WIND SPEED     8.9



WEATHER CONDITIONS
 THE FOLLOWING WEATHER WAS RECORDED YESTERDAY.
  LIGHT RAIN
  FOG


RELATIVE HUMIDITY (PERCENT)
 HIGHEST    92           600 PM
 LOWEST     70          1200 AM
 AVERAGE    81

..........................................................


THE DAYTON OH CLIMATE NORMALS FOR TODAY
                         NORMAL    RECORD    YEAR
 MAXIMUM TEMPERATURE (F)   37        62      1967
                                             1908
 MINIMUM TEMPERATURE (F)   23        -3      1989
                                             1985
                                             1953


SUNRISE AND SUNSET
DECEMBER 18 2017......SUNRISE   753 AM EST   SUNSET   514 PM EST
DECEMBER 19 2017......SUNRISE   754 AM EST   SUNSET   514 PM EST


-  INDICATES NEGATIVE NUMBERS.
R  INDICATES RECORD WAS SET OR TIED.
MM INDICATES DATA IS MISSING.
T  INDICATES TRACE AMOUNT.




$$
