000
CDUS41 KILN 220548
CLIDAY


CLIMATE REPORT
NATIONAL WEATHER SERVICE WILMINGTON OH
1236 AM EST WED FEB 22 2017


...................................

...THE DAYTON OH CLIMATE SUMMARY FOR FEBRUARY 21 2017...

CLIMATE NORMAL PERIOD 1981 TO 2010
CLIMATE RECORD PERIOD 1869 TO 2017


WEATHER ITEM   OBSERVED TIME   RECORD YEAR NORMAL DEPARTURE LAST
                VALUE   (LST)  VALUE       VALUE  FROM      YEAR
                                                  NORMAL
..................................................................
TEMPERATURE (F)
 YESTERDAY
  MAXIMUM         65    253 PM  68    1930  41     24       56
  MINIMUM         46    501 AM  -4    2008  24     22       31
                                      1963
  AVERAGE         56                        32     24       44

PRECIPITATION (IN)
  YESTERDAY        0.01          1.39 1945   0.08  -0.07     0.00
  MONTH TO DATE    1.01                      1.67  -0.66     1.46
  SINCE DEC 1      7.42                      7.50  -0.08     7.35
  SINCE JAN 1      4.43                      4.38   0.05     2.96

SNOWFALL (IN)
  YESTERDAY        0.0           9.0  1912   0.2   -0.2      0.0
  MONTH TO DATE    1.2                       4.5   -3.3      4.1
  SINCE DEC 1      7.2                      16.9   -9.7      9.1
  SINCE JUL 1      7.2                      17.9  -10.7      9.1
  SNOW DEPTH       0

DEGREE DAYS
 HEATING
  YESTERDAY        9                        33    -24       21
  MONTH TO DATE  541                       733   -192      709
  SINCE DEC 1   2552                      2945   -393     2504
  SINCE JUL 1   3325                      4056   -731     3340

 COOLING
  YESTERDAY        0                         0      0        0
  MONTH TO DATE    0                         0      0        0
  SINCE DEC 1      0                         0      0        0
  SINCE JAN 1      0                         0      0        0
..................................................................


WIND (MPH)
  RESULTANT WIND SPEED   8   RESULTANT WIND DIRECTION   S (190)
  HIGHEST WIND SPEED    14   HIGHEST WIND DIRECTION     S (200)
  HIGHEST GUST SPEED    19   HIGHEST GUST DIRECTION    SW (210)
  AVERAGE WIND SPEED     9.2



WEATHER CONDITIONS
 THE FOLLOWING WEATHER WAS RECORDED YESTERDAY.
  LIGHT RAIN
  FOG


RELATIVE HUMIDITY (PERCENT)
 HIGHEST    93          1000 PM
 LOWEST     52           200 PM
 AVERAGE    73

..........................................................


THE DAYTON OH CLIMATE NORMALS FOR TODAY
                         NORMAL    RECORD    YEAR
 MAXIMUM TEMPERATURE (F)   41        69      1922
 MINIMUM TEMPERATURE (F)   25       -10      1963


SUNRISE AND SUNSET
FEBRUARY 22 2017......SUNRISE   720 AM EST   SUNSET   621 PM EST
FEBRUARY 23 2017......SUNRISE   718 AM EST   SUNSET   622 PM EST


-  INDICATES NEGATIVE NUMBERS.
R  INDICATES RECORD WAS SET OR TIED.
MM INDICATES DATA IS MISSING.
T  INDICATES TRACE AMOUNT.




$$
