000
CDUS41 KILN 022059
CLIDAY


CLIMATE REPORT
NATIONAL WEATHER SERVICE WILMINGTON OH
458 PM EDT TUE SEP 2 2014


...................................

...THE DAYTON OH CLIMATE SUMMARY FOR SEPTEMBER 2 2014...
VALID TODAY AS OF 0400 PM LOCAL TIME.

CLIMATE NORMAL PERIOD 1981 TO 2010
CLIMATE RECORD PERIOD 1869 TO 2014


WEATHER ITEM   OBSERVED TIME   RECORD YEAR NORMAL DEPARTURE LAST
                VALUE   (LST)  VALUE       VALUE  FROM      YEAR
                                                  NORMAL
..................................................................
TEMPERATURE (F)
 TODAY
  MAXIMUM         79    126 PM  99    1953  81     -2       86
  MINIMUM         68    829 AM  40    1909  60      8       62
  AVERAGE         74                        70      4       74

PRECIPITATION (IN)
  TODAY            0.26          1.48 1993   0.12   0.14     0.00
  MONTH TO DATE    0.26                      0.23   0.03     0.00
  SINCE SEP 1      0.26                      0.23   0.03     0.00
  SINCE JAN 1     28.16                     28.54  -0.38    22.38

SNOWFALL (IN)
  TODAY            0.0           0.0    MM   0.0    0.0      0.0
  MONTH TO DATE    0.0                       0.0    0.0      0.0
  SINCE SEP 1      0.0                       0.0    0.0      0.0
  SINCE JUL 1      0.0                       0.0    0.0      0.0
  SNOW DEPTH       0

DEGREE DAYS
 HEATING
  TODAY            0                         1     -1        0
  MONTH TO DATE    0                         2     -2        0
  SINCE SEP 1      0                         2     -2        0
  SINCE JUL 1      7                         4      3       12

 COOLING
  TODAY            9                         6      3        9
  MONTH TO DATE   23                        12     11       21
  SINCE SEP 1     23                        12     11       21
  SINCE JAN 1    893                       794     99      908
..................................................................


WIND (MPH)
  RESULTANT WIND SPEED   7   RESULTANT WIND DIRECTION  SW (230)
  HIGHEST WIND SPEED    23   HIGHEST WIND DIRECTION    NW (300)
  HIGHEST GUST SPEED    31   HIGHEST GUST DIRECTION    NW (300)
  AVERAGE WIND SPEED     8.0


SKY COVER
  POSSIBLE SUNSHINE  MM
  AVERAGE SKY COVER 0.8


WEATHER CONDITIONS
 THE FOLLOWING WEATHER WAS RECORDED TODAY.
  THUNDERSTORM
  RAIN
  LIGHT RAIN
  FOG


RELATIVE HUMIDITY (PERCENT)
 HIGHEST    93           400 AM
 LOWEST     67          1200 PM
 AVERAGE    80

..........................................................


THE DAYTON OH CLIMATE NORMALS FOR TOMORROW
                         NORMAL    RECORD    YEAR
 MAXIMUM TEMPERATURE (F)   80        97      2011
                                             1925
                                             1913
 MINIMUM TEMPERATURE (F)   60        42      1908


SUNRISE AND SUNSET
SEPTEMBER  2 2014.....SUNRISE   706 AM EDT   SUNSET   807 PM EDT
SEPTEMBER  3 2014.....SUNRISE   707 AM EDT   SUNSET   805 PM EDT


-  INDICATES NEGATIVE NUMBERS.
R  INDICATES RECORD WAS SET OR TIED.
MM INDICATES DATA IS MISSING.
T  INDICATES TRACE AMOUNT.




$$
