000
CDUS41 KILN 030549
CLIDAY


CLIMATE REPORT
NATIONAL WEATHER SERVICE WILMINGTON OH
1249 AM EST SAT DEC 3 2016


...................................

...THE DAYTON OH CLIMATE SUMMARY FOR DECEMBER 2 2016...

CLIMATE NORMAL PERIOD 1981 TO 2010
CLIMATE RECORD PERIOD 1869 TO 2016


WEATHER ITEM   OBSERVED TIME   RECORD YEAR NORMAL DEPARTURE LAST
                VALUE   (LST)  VALUE       VALUE  FROM      YEAR
                                                  NORMAL
..................................................................
TEMPERATURE (F)
 YESTERDAY
  MAXIMUM         39    316 PM  72    1982  43     -4       47
  MINIMUM         34    924 AM   4    1976  28      6       32
  AVERAGE         37                        36      1       40

PRECIPITATION (IN)
  YESTERDAY        T             1.49 1991   0.10  -0.10     0.02
  MONTH TO DATE    T                         0.20  -0.20     0.05
  SINCE DEC 1      T                         0.20  -0.20     0.05
  SINCE JAN 1     32.79                     38.13  -5.34    36.78

SNOWFALL (IN)
  YESTERDAY        0.0           2.2  1929   0.1   -0.1      0.2
  MONTH TO DATE    0.0                       0.2   -0.2      0.2
  SINCE DEC 1      0.0                       0.2   -0.2      0.2
  SINCE JUL 1      T                         1.2   -1.2      0.2
  SNOW DEPTH       0

DEGREE DAYS
 HEATING
  YESTERDAY       28                        29     -1       25
  MONTH TO DATE   56                        58     -2       45
  SINCE DEC 1     56                        58     -2       45
  SINCE JUL 1    829                      1169   -340      881

 COOLING
  YESTERDAY        0                         0      0        0
  MONTH TO DATE    0                         0      0        0
  SINCE DEC 1      0                         0      0        0
  SINCE JAN 1   1247                       891    356     1078
..................................................................


WIND (MPH)
  RESULTANT WIND SPEED  11   RESULTANT WIND DIRECTION   W (270)
  HIGHEST WIND SPEED    20   HIGHEST WIND DIRECTION     W (290)
  HIGHEST GUST SPEED    25   HIGHEST GUST DIRECTION     W (280)
  AVERAGE WIND SPEED    11.0



WEATHER CONDITIONS
 THE FOLLOWING WEATHER WAS RECORDED YESTERDAY.
  LIGHT RAIN
  FOG


RELATIVE HUMIDITY (PERCENT)
 HIGHEST    82           700 AM
 LOWEST     70          1200 AM
 AVERAGE    76

..........................................................


THE DAYTON OH CLIMATE NORMALS FOR TODAY
                         NORMAL    RECORD    YEAR
 MAXIMUM TEMPERATURE (F)   42        71      1982
 MINIMUM TEMPERATURE (F)   28         0      1929


SUNRISE AND SUNSET
DECEMBER  3 2016......SUNRISE   742 AM EST   SUNSET   512 PM EST
DECEMBER  4 2016......SUNRISE   742 AM EST   SUNSET   512 PM EST


-  INDICATES NEGATIVE NUMBERS.
R  INDICATES RECORD WAS SET OR TIED.
MM INDICATES DATA IS MISSING.
T  INDICATES TRACE AMOUNT.




$$
