000
CDUS41 KILN 222152
CLIDAY


CLIMATE REPORT
NATIONAL WEATHER SERVICE WILMINGTON OH
452 PM EST MON DEC 22 2014


...................................

...THE DAYTON OH CLIMATE SUMMARY FOR DECEMBER 22 2014...
VALID TODAY AS OF 0400 PM LOCAL TIME.

CLIMATE NORMAL PERIOD 1981 TO 2010
CLIMATE RECORD PERIOD 1869 TO 2014


WEATHER ITEM   OBSERVED TIME   RECORD YEAR NORMAL DEPARTURE LAST
                VALUE   (LST)  VALUE       VALUE  FROM      YEAR
                                                  NORMAL
..................................................................
TEMPERATURE (F)
 TODAY
  MAXIMUM         47    345 PM  62    2013  36     11       62
                                      1941
  MINIMUM         26    404 AM -20    1989  23      3       37
  AVERAGE         37                        29      8       50

PRECIPITATION (IN)
  TODAY            0.00          1.34 1981   0.11  -0.11     0.48
  MONTH TO DATE    2.00                      2.20  -0.20     4.41
  SINCE DEC 1      2.00                      2.20  -0.20     4.41
  SINCE JAN 1     35.19                     40.13  -4.94    36.36

SNOWFALL (IN)
  TODAY            0.0          13.4  1981   0.2   -0.2      0.0
  MONTH TO DATE    0.1                       2.8   -2.7     12.4
  SINCE DEC 1      0.1                       2.8   -2.7     12.4
  SINCE JUL 1      4.2                       3.8    0.4     14.4
  SNOW DEPTH       0

DEGREE DAYS
 HEATING
  TODAY           28                        36     -8       15
  MONTH TO DATE  658                       719    -61      690
  SINCE DEC 1    658                       719    -61      690
  SINCE JUL 1   1874                      1830     44     1814

 COOLING
  TODAY            0                         0      0        0
  MONTH TO DATE    0                         0      0        0
  SINCE DEC 1      0                         0      0        0
  SINCE JAN 1    977                       891     86     1062
..................................................................


WIND (MPH)
  RESULTANT WIND SPEED   8   RESULTANT WIND DIRECTION   E (110)
  HIGHEST WIND SPEED    15   HIGHEST WIND DIRECTION    SE (130)
  HIGHEST GUST SPEED    18   HIGHEST GUST DIRECTION    SE (120)
  AVERAGE WIND SPEED     7.9


SKY COVER
  POSSIBLE SUNSHINE  MM
  AVERAGE SKY COVER 0.7


WEATHER CONDITIONS
 THE FOLLOWING WEATHER WAS RECORDED TODAY.
  FOG
  HAZE


RELATIVE HUMIDITY (PERCENT)
 HIGHEST    92           300 AM
 LOWEST     65           200 PM
 AVERAGE    79

..........................................................


THE DAYTON OH CLIMATE NORMALS FOR TOMORROW
                         NORMAL    RECORD    YEAR
 MAXIMUM TEMPERATURE (F)   36        59      1957
 MINIMUM TEMPERATURE (F)   22        -8      1960


SUNRISE AND SUNSET
DECEMBER 22 2014......SUNRISE   755 AM EST   SUNSET   516 PM EST
DECEMBER 23 2014......SUNRISE   756 AM EST   SUNSET   516 PM EST


-  INDICATES NEGATIVE NUMBERS.
R  INDICATES RECORD WAS SET OR TIED.
MM INDICATES DATA IS MISSING.
T  INDICATES TRACE AMOUNT.




$$
