000
CDUS43 KDVN 011034
CLIDBQ


CLIMATE REPORT
NATIONAL WEATHER SERVICE QUAD CITIES IA IL
434 AM CST SUN FEB 1 2015


...................................

...THE DUBUQUE IA CLIMATE SUMMARY FOR JANUARY 31 2015...

CLIMATE NORMAL PERIOD 1981 TO 2010
CLIMATE RECORD PERIOD 1873 TO 2015


WEATHER ITEM   OBSERVED TIME   RECORD YEAR NORMAL DEPARTURE LAST
                VALUE   (LST)  VALUE       VALUE  FROM      YEAR
                                                  NORMAL
..................................................................
TEMPERATURE (F)
 YESTERDAY
  MAXIMUM         36    249 PM  60    1989  28      8        9
  MINIMUM         19    554 AM -24    1996  12      7        0
  AVERAGE         28                        20      8        5

PRECIPITATION (IN)
  YESTERDAY        0.32          0.65 1908   0.04   0.28      T
  MONTH TO DATE    0.93                      1.17  -0.24     0.95
  SINCE DEC 1      1.86                      3.01  -1.15     2.19
  SINCE JAN 1      0.93                      1.17  -0.24     0.95

SNOWFALL (IN)
  YESTERDAY        2.8          MM      MM   0.4    2.4       T
  MONTH TO DATE   10.7                      10.0    0.7     14.1
  SINCE DEC 1     10.7                      21.8  -11.1     32.5
  SINCE JUL 1     14.2                      24.6  -10.4     36.4
  SNOW DEPTH       T

DEGREE DAYS
 HEATING
  YESTERDAY       37                        45     -8       60
  MONTH TO DATE 1402                      1423    -21     1717
  SINCE DEC 1   2546                      2737   -191     3243
  SINCE JUL 1   4328                      4237     91     4842

 COOLING
  YESTERDAY        0                         0      0        0
  MONTH TO DATE    0                         0      0        0
  SINCE DEC 1      0                         0      0        0
  SINCE JAN 1      0                         0      0        0
..................................................................


WIND (MPH)
  HIGHEST WIND SPEED    15   HIGHEST WIND DIRECTION    SW (210)
  HIGHEST GUST SPEED    19   HIGHEST GUST DIRECTION    SW (210)
  AVERAGE WIND SPEED     8.5


SKY COVER
  POSSIBLE SUNSHINE  MM
  AVERAGE SKY COVER 0.7


WEATHER CONDITIONS
 THE FOLLOWING WEATHER WAS RECORDED YESTERDAY.
  SNOW
  LIGHT SNOW
  FOG


RELATIVE HUMIDITY (PERCENT)
 HIGHEST    92           700 PM
 LOWEST     75          1200 PM
 AVERAGE    84

..........................................................


THE DUBUQUE IA CLIMATE NORMALS FOR TODAY
                         NORMAL    RECORD    YEAR
 MAXIMUM TEMPERATURE (F)   28        51      1877
 MINIMUM TEMPERATURE (F)   12       -21      1951
                                             1918


SUNRISE AND SUNSET
FEBRUARY  1 2015......SUNRISE   717 AM CST   SUNSET   517 PM CST
FEBRUARY  2 2015......SUNRISE   716 AM CST   SUNSET   518 PM CST


-  INDICATES NEGATIVE NUMBERS.
R  INDICATES RECORD WAS SET OR TIED.
MM INDICATES DATA IS MISSING.
T  INDICATES TRACE AMOUNT.




$$
