000
CDUS43 KDVN 292122
CLIDBQ


CLIMATE REPORT
NATIONAL WEATHER SERVICE QUAD CITIES IA IL
422 PM CDT WED MAR 29 2017


...................................

...THE DUBUQUE IA CLIMATE SUMMARY FOR MARCH 29 2017...
VALID TODAY AS OF 0400 PM LOCAL TIME.

CLIMATE NORMAL PERIOD 1981 TO 2010
CLIMATE RECORD PERIOD 1873 TO 2017


WEATHER ITEM   OBSERVED TIME   RECORD YEAR NORMAL DEPARTURE LAST
                VALUE   (LST)  VALUE       VALUE  FROM      YEAR
                                                  NORMAL
..................................................................
TEMPERATURE (F)
 TODAY
  MAXIMUM         46    259 PM  86    1895  51     -5       59
  MINIMUM         37    554 AM   2    1887  31      6       34
  AVERAGE         42                        41      1       47

PRECIPITATION (IN)
  TODAY            T             0.99 1974   0.09  -0.09     0.00
  MONTH TO DATE    1.27                      2.21  -0.94     2.76
  SINCE MAR 1      1.27                      2.21  -0.94     2.76
  SINCE JAN 1      5.08                      4.82   0.26     3.84

SNOWFALL (IN)
  TODAY            0.0          MM      MM   0.1   -0.1      0.0
  MONTH TO DATE    4.5                       6.0   -1.5      2.8
  SINCE MAR 1      4.5                       6.0   -1.5      2.8
  SINCE JUL 1     27.1                      39.6  -12.5     34.3
  SNOW DEPTH       0

DEGREE DAYS
 HEATING
  TODAY           23                        24     -1       18
  MONTH TO DATE  836                       871    -35      715
  SINCE MAR 1    836                       871    -35      715
  SINCE JUL 1   5317                      6264   -947     5192

 COOLING
  TODAY            0                         0      0        0
  MONTH TO DATE    0                         0      0        0
  SINCE MAR 1      0                         0      0        0
  SINCE JAN 1      0                         0      0        0
..................................................................


WIND (MPH)
  HIGHEST WIND SPEED    23   HIGHEST WIND DIRECTION     E (70)
  HIGHEST GUST SPEED    30   HIGHEST GUST DIRECTION     E (80)
  AVERAGE WIND SPEED    11.7


SKY COVER
  POSSIBLE SUNSHINE  MM
  AVERAGE SKY COVER 0.5


WEATHER CONDITIONS
 THE FOLLOWING WEATHER WAS RECORDED TODAY.
  LIGHT RAIN
  FOG


RELATIVE HUMIDITY (PERCENT)
 HIGHEST    92          1200 AM
 LOWEST     60           300 PM
 AVERAGE    76

..........................................................


THE DUBUQUE IA CLIMATE NORMALS FOR TOMORROW
                         NORMAL    RECORD    YEAR
 MAXIMUM TEMPERATURE (F)   51        81      1943
 MINIMUM TEMPERATURE (F)   32         4      1964


SUNRISE AND SUNSET
MARCH 29 2017.........SUNRISE   650 AM CDT   SUNSET   726 PM CDT
MARCH 30 2017.........SUNRISE   648 AM CDT   SUNSET   727 PM CDT


-  INDICATES NEGATIVE NUMBERS.
R  INDICATES RECORD WAS SET OR TIED.
MM INDICATES DATA IS MISSING.
T  INDICATES TRACE AMOUNT.




$$
