000
CDUS43 KDVN 260915
CLIDBQ


CLIMATE REPORT
NATIONAL WEATHER SERVICE QUAD CITIES IA IL
414 AM CDT FRI AUG 26 2016


...................................

...THE DUBUQUE IA CLIMATE SUMMARY FOR AUGUST 25 2016...

CLIMATE NORMAL PERIOD 1981 TO 2010
CLIMATE RECORD PERIOD 1873 TO 2016


WEATHER ITEM   OBSERVED TIME   RECORD YEAR NORMAL DEPARTURE LAST
                VALUE   (LST)  VALUE       VALUE  FROM      YEAR
                                                  NORMAL
..................................................................
TEMPERATURE (F)
 YESTERDAY
  MAXIMUM         78    156 PM  95    1948  79     -1       73
  MINIMUM         63   1159 PM  42    1958  59      4       51
  AVERAGE         71                        69      2       62

PRECIPITATION (IN)
  YESTERDAY        0.00          1.42 1880   0.14  -0.14     0.00
  MONTH TO DATE    3.16                      3.59  -0.43     1.31
  SINCE JUN 1     17.62                     12.30   5.32    10.85
  SINCE JAN 1     28.57                     25.17   3.40    21.62

SNOWFALL (IN)
  YESTERDAY        0.0          MM      MM   0.0    0.0      0.0
  MONTH TO DATE    0.0                       0.0    0.0      0.0
  SINCE JUN 1      0.0                       0.0    0.0       T
  SINCE JUL 1      0.0                       0.0    0.0      0.0
  SNOW DEPTH       0

DEGREE DAYS
 HEATING
  YESTERDAY        0                         1     -1        3
  MONTH TO DATE    2                        10     -8       15
  SINCE JUN 1     20                        58    -38       51
  SINCE JUL 1      7                        18    -11       28

 COOLING
  YESTERDAY        6                         5      1        0
  MONTH TO DATE  190                       150     40      138
  SINCE JUN 1    589                       513     76      450
  SINCE JAN 1    640                       550     90      486
..................................................................


WIND (MPH)
  HIGHEST WIND SPEED    12   HIGHEST WIND DIRECTION     N (350)
  HIGHEST GUST SPEED    15   HIGHEST GUST DIRECTION     N (350)
  AVERAGE WIND SPEED     5.2


SKY COVER
  POSSIBLE SUNSHINE  MM
  AVERAGE SKY COVER 0.3


WEATHER CONDITIONS
 THE FOLLOWING WEATHER WAS RECORDED YESTERDAY.
  NO SIGNIFICANT WEATHER WAS OBSERVED.


RELATIVE HUMIDITY (PERCENT)
 HIGHEST    93           900 PM
 LOWEST     54          1200 PM
 AVERAGE    74

..........................................................


THE DUBUQUE IA CLIMATE NORMALS FOR TODAY
                         NORMAL    RECORD    YEAR
 MAXIMUM TEMPERATURE (F)   79        95      2003
 MINIMUM TEMPERATURE (F)   59        44      1964


SUNRISE AND SUNSET
AUGUST 26 2016........SUNRISE   622 AM CDT   SUNSET   746 PM CDT
AUGUST 27 2016........SUNRISE   623 AM CDT   SUNSET   744 PM CDT


-  INDICATES NEGATIVE NUMBERS.
R  INDICATES RECORD WAS SET OR TIED.
MM INDICATES DATA IS MISSING.
T  INDICATES TRACE AMOUNT.




$$
