000
CDUS43 KDVN 280916
CLIDBQ


CLIMATE REPORT
NATIONAL WEATHER SERVICE QUAD CITIES IA IL
413 AM CDT FRI AUG 28 2015


...................................

...THE DUBUQUE IA CLIMATE SUMMARY FOR AUGUST 27 2015...

CLIMATE NORMAL PERIOD 1981 TO 2010
CLIMATE RECORD PERIOD 1873 TO 2015


WEATHER ITEM   OBSERVED TIME   RECORD YEAR NORMAL DEPARTURE LAST
                VALUE   (LST)  VALUE       VALUE  FROM      YEAR
                                                  NORMAL
..................................................................
TEMPERATURE (F)
 YESTERDAY
  MAXIMUM         73    314 PM  94    1895  79     -6       76
                                      1886
  MINIMUM         54    519 AM  43    1915  59     -5       60
  AVERAGE         64                        69     -5       68

PRECIPITATION (IN)
  YESTERDAY        0.00          1.77 2009   0.13  -0.13     0.00
  MONTH TO DATE    1.31                      3.85  -2.54     3.01
  SINCE JUN 1     10.85                     12.56  -1.71    17.66
  SINCE JAN 1     21.62                     25.43  -3.81    30.04

SNOWFALL (IN)
  YESTERDAY        0.0          MM      MM   0.0    0.0      0.0
  MONTH TO DATE    0.0                       0.0    0.0      0.0
  SINCE JUN 1      T                         0.0    0.0      0.0
  SINCE JUL 1      0.0                       0.0    0.0      0.0
  SNOW DEPTH       0

DEGREE DAYS
 HEATING
  YESTERDAY        1                         1      0        0
  MONTH TO DATE   17                        12      5        2
  SINCE JUN 1     53                        60     -7       39
  SINCE JUL 1     30                        20     10       29

 COOLING
  YESTERDAY        0                         5     -5        3
  MONTH TO DATE  138                       160    -22      145
  SINCE JUN 1    450                       523    -73      401
  SINCE JAN 1    486                       560    -74      455
..................................................................


WIND (MPH)
  HIGHEST WIND SPEED    15   HIGHEST WIND DIRECTION     S (170)
  HIGHEST GUST SPEED    18   HIGHEST GUST DIRECTION     S (170)
  AVERAGE WIND SPEED     7.2


SKY COVER
  POSSIBLE SUNSHINE  MM
  AVERAGE SKY COVER 0.2


WEATHER CONDITIONS
 THE FOLLOWING WEATHER WAS RECORDED YESTERDAY.
  FOG


RELATIVE HUMIDITY (PERCENT)
 HIGHEST   100           500 AM
 LOWEST     61          1200 PM
 AVERAGE    81

..........................................................


THE DUBUQUE IA CLIMATE NORMALS FOR TODAY
                         NORMAL    RECORD    YEAR
 MAXIMUM TEMPERATURE (F)   78        97      1984
 MINIMUM TEMPERATURE (F)   59        40      1986


SUNRISE AND SUNSET
AUGUST 28 2015........SUNRISE   623 AM CDT   SUNSET   744 PM CDT
AUGUST 29 2015........SUNRISE   624 AM CDT   SUNSET   742 PM CDT


-  INDICATES NEGATIVE NUMBERS.
R  INDICATES RECORD WAS SET OR TIED.
MM INDICATES DATA IS MISSING.
T  INDICATES TRACE AMOUNT.




$$
