000
CDUS43 KDVN 250918
CLIDBQ


CLIMATE REPORT
NATIONAL WEATHER SERVICE QUAD CITIES IA IL
416 AM CDT SUN SEP 25 2016


...................................

...THE DUBUQUE IA CLIMATE SUMMARY FOR SEPTEMBER 24 2016...

CLIMATE NORMAL PERIOD 1981 TO 2010
CLIMATE RECORD PERIOD 1873 TO 2016


WEATHER ITEM   OBSERVED TIME   RECORD YEAR NORMAL DEPARTURE LAST
                VALUE   (LST)  VALUE       VALUE  FROM      YEAR
                                                  NORMAL
..................................................................
TEMPERATURE (F)
 YESTERDAY
  MAXIMUM         70    527 PM  90    1935  69      1       81
                                      1891
  MINIMUM         63    221 AM  28    2012  48     15       58
  AVERAGE         67                        58      9       70

PRECIPITATION (IN)
  YESTERDAY        0.00          2.38 1994   0.12  -0.12     0.00
  MONTH TO DATE    5.15                      2.84   2.31     2.91
  SINCE SEP 1      5.15                      2.84   2.31     2.91
  SINCE JAN 1     34.31                     28.82   5.49    25.74

SNOWFALL (IN)
  YESTERDAY        0.0          MM      MM   0.0    0.0      0.0
  MONTH TO DATE    0.0                       0.0    0.0      0.0
  SINCE SEP 1      0.0                       0.0    0.0      0.0
  SINCE JUL 1      0.0                       0.0    0.0      0.0
  SNOW DEPTH       0

DEGREE DAYS
 HEATING
  YESTERDAY        0                         7     -7        0
  MONTH TO DATE   10                        99    -89       40
  SINCE SEP 1     10                        99    -89       40
  SINCE JUL 1     17                       126   -109       73

 COOLING
  YESTERDAY        2                         1      1        5
  MONTH TO DATE   83                        56     27      137
  SINCE SEP 1     83                        56     27      137
  SINCE JAN 1    763                       632    131      630
..................................................................


WIND (MPH)
  HIGHEST WIND SPEED    14   HIGHEST WIND DIRECTION    SE (130)
  HIGHEST GUST SPEED    19   HIGHEST GUST DIRECTION    SE (130)
  AVERAGE WIND SPEED     7.9


SKY COVER
  POSSIBLE SUNSHINE  MM
  AVERAGE SKY COVER 0.7


WEATHER CONDITIONS
 THE FOLLOWING WEATHER WAS RECORDED YESTERDAY.
  FOG
  HAZE


RELATIVE HUMIDITY (PERCENT)
 HIGHEST   100           200 AM
 LOWEST     84           300 PM
 AVERAGE    92

..........................................................


THE DUBUQUE IA CLIMATE NORMALS FOR TODAY
                         NORMAL    RECORD    YEAR
 MAXIMUM TEMPERATURE (F)   69        90      1920
 MINIMUM TEMPERATURE (F)   47        30      1942


SUNRISE AND SUNSET
SEPTEMBER 25 2016.....SUNRISE   654 AM CDT   SUNSET   654 PM CDT
SEPTEMBER 26 2016.....SUNRISE   655 AM CDT   SUNSET   652 PM CDT


-  INDICATES NEGATIVE NUMBERS.
R  INDICATES RECORD WAS SET OR TIED.
MM INDICATES DATA IS MISSING.
T  INDICATES TRACE AMOUNT.




$$
