000
CDUS43 KDVN 270936
CLIDBQ


CLIMATE REPORT
NATIONAL WEATHER SERVICE QUAD CITIES IA IL
434 AM CDT WED MAY 27 2015


...................................

...THE DUBUQUE IA CLIMATE SUMMARY FOR MAY 26 2015...

CLIMATE NORMAL PERIOD 1981 TO 2010
CLIMATE RECORD PERIOD 1873 TO 2015


WEATHER ITEM   OBSERVED TIME   RECORD YEAR NORMAL DEPARTURE LAST
                VALUE   (LST)  VALUE       VALUE  FROM      YEAR
                                                  NORMAL
..................................................................
TEMPERATURE (F)
 YESTERDAY
  MAXIMUM         71    107 PM  91    1914  72     -1       81
  MINIMUM         59   1115 PM  33    1961  52      7       65
  AVERAGE         65                        62      3       73

PRECIPITATION (IN)
  YESTERDAY        1.18          2.25 1965   0.14   1.04     0.05
  MONTH TO DATE    5.46                      3.50   1.96     2.27
  SINCE MAR 1      8.16                      9.57  -1.41     9.40
  SINCE JAN 1     10.45                     12.18  -1.73    11.88

SNOWFALL (IN)
  YESTERDAY        0.0          MM      MM   0.0    0.0      0.0
  MONTH TO DATE    0.0                       0.1   -0.1       T
  SINCE MAR 1      4.1                       8.4   -4.3     11.6
  SINCE JUL 1     33.7                      42.0   -8.3     63.3
  SNOW DEPTH       0

DEGREE DAYS
 HEATING
  YESTERDAY        0                         5     -5        0
  MONTH TO DATE  163                       205    -42      224
  SINCE MAR 1   1518                      1633   -115     1948
  SINCE JUL 1   7366                      7026    340     8324

 COOLING
  YESTERDAY        0                         2     -2        8
  MONTH TO DATE   24                        22      2       28
  SINCE MAR 1     24                        27     -3       28
  SINCE JAN 1     24                        27     -3       28
..................................................................


WIND (MPH)
  HIGHEST WIND SPEED    32   HIGHEST WIND DIRECTION    SW (240)
  HIGHEST GUST SPEED    40   HIGHEST GUST DIRECTION    SW (240)
  AVERAGE WIND SPEED    10.4


SKY COVER
  POSSIBLE SUNSHINE  MM
  AVERAGE SKY COVER 0.8


WEATHER CONDITIONS
 THE FOLLOWING WEATHER WAS RECORDED YESTERDAY.
  THUNDERSTORM
  HEAVY RAIN
  RAIN
  LIGHT RAIN
  FOG
  HAZE


RELATIVE HUMIDITY (PERCENT)
 HIGHEST   100          1000 AM
 LOWEST     78           100 PM
 AVERAGE    89

..........................................................


THE DUBUQUE IA CLIMATE NORMALS FOR TODAY
                         NORMAL    RECORD    YEAR
 MAXIMUM TEMPERATURE (F)   73        94      1874
 MINIMUM TEMPERATURE (F)   52        35      1961


SUNRISE AND SUNSET
MAY 27 2015...........SUNRISE   531 AM CDT   SUNSET   829 PM CDT
MAY 28 2015...........SUNRISE   531 AM CDT   SUNSET   830 PM CDT


-  INDICATES NEGATIVE NUMBERS.
R  INDICATES RECORD WAS SET OR TIED.
MM INDICATES DATA IS MISSING.
T  INDICATES TRACE AMOUNT.




$$
