000
CDUS43 KDVN 220907
CLIDBQ


CLIMATE REPORT
NATIONAL WEATHER SERVICE QUAD CITIES IA IL
406 AM CDT THU JUN 22 2017


...................................

...THE DUBUQUE IA CLIMATE SUMMARY FOR JUNE 21 2017...

CLIMATE NORMAL PERIOD 1981 TO 2010
CLIMATE RECORD PERIOD 1873 TO 2017


WEATHER ITEM   OBSERVED TIME   RECORD YEAR NORMAL DEPARTURE LAST
                VALUE   (LST)  VALUE       VALUE  FROM      YEAR
                                                  NORMAL
..................................................................
TEMPERATURE (F)
 YESTERDAY
  MAXIMUM         74    414 PM 100    1988  80     -6       82
  MINIMUM         54    343 AM  42    1992  60     -6       57
  AVERAGE         64                        70     -6       70

PRECIPITATION (IN)
  YESTERDAY        0.04          1.47 1997   0.15  -0.11     0.00
  MONTH TO DATE    1.26                      3.12  -1.86     4.77
  SINCE JUN 1      1.26                      3.12  -1.86     4.77
  SINCE JAN 1     14.97                     15.99  -1.02    15.72

SNOWFALL (IN)
  YESTERDAY        0.0          MM      MM   0.0    0.0      0.0
  MONTH TO DATE    0.0                       0.0    0.0      0.0
  SINCE JUN 1      0.0                       0.0    0.0      0.0
  SINCE JUL 1     27.2                      41.9  -14.7     34.8
  SNOW DEPTH       0

DEGREE DAYS
 HEATING
  YESTERDAY        1                         1      0        0
  MONTH TO DATE    4                        36    -32        9
  SINCE JUN 1      4                        36    -32        9
  SINCE JUL 1   6056                      7082  -1026     5976

 COOLING
  YESTERDAY        0                         6     -6        5
  MONTH TO DATE  141                        82     59      122
  SINCE JUN 1    141                        82     59      122
  SINCE JAN 1    165                       119     46      173
..................................................................


WIND (MPH)
  HIGHEST WIND SPEED    17   HIGHEST WIND DIRECTION    SE (120)
  HIGHEST GUST SPEED    22   HIGHEST GUST DIRECTION     S (170)
  AVERAGE WIND SPEED     7.7


SKY COVER
  POSSIBLE SUNSHINE  MM
  AVERAGE SKY COVER 0.1


WEATHER CONDITIONS
 THE FOLLOWING WEATHER WAS RECORDED YESTERDAY.
  RAIN


RELATIVE HUMIDITY (PERCENT)
 HIGHEST    93           500 AM
 LOWEST     53          1000 AM
 AVERAGE    73

..........................................................


THE DUBUQUE IA CLIMATE NORMALS FOR TODAY
                         NORMAL    RECORD    YEAR
 MAXIMUM TEMPERATURE (F)   80        97      1988
 MINIMUM TEMPERATURE (F)   60        44      1963


SUNRISE AND SUNSET
JUNE 22 2017..........SUNRISE   526 AM CDT   SUNSET   844 PM CDT
JUNE 23 2017..........SUNRISE   527 AM CDT   SUNSET   844 PM CDT


-  INDICATES NEGATIVE NUMBERS.
R  INDICATES RECORD WAS SET OR TIED.
MM INDICATES DATA IS MISSING.
T  INDICATES TRACE AMOUNT.




$$
