000
CDUS41 KLWX 240522
CLIDCA


CLIMATE REPORT
NATIONAL WEATHER SERVICE BALTIMORE MD/WASHINGTON DC
120 AM EDT THU APR 24 2014


...................................

...THE WASHINGTON NATIONAL DC CLIMATE SUMMARY FOR APRIL 23 2014...

CLIMATE NORMAL PERIOD 1981 TO 2010
CLIMATE RECORD PERIOD 1871 TO 2014


WEATHER ITEM   OBSERVED TIME   RECORD YEAR NORMAL DEPARTURE LAST
                VALUE   (LST)  VALUE       VALUE  FROM      YEAR
                                                  NORMAL
..................................................................
TEMPERATURE (F)
 YESTERDAY
  MAXIMUM         61    340 PM  95    1960  69     -8       63
  MINIMUM         49   1154 PM  33    1933  49      0       48
                                      1882
  AVERAGE         55                        59     -4       56

PRECIPITATION (IN)
  YESTERDAY        0.00          1.38 1921   0.10  -0.10     0.00
  MONTH TO DATE    2.04                      2.34  -0.30     2.50
  SINCE MAR 1      6.30                      5.82   0.48     5.30
  SINCE JAN 1     12.90                     11.25   1.65     9.50

SNOWFALL (IN)
  YESTERDAY        0.0           T    1986   0.0    0.0
                                      1930
  MONTH TO DATE    T                         0.0    0.0
  SINCE JUL 1     32.0                      15.4   16.6
  SNOW DEPTH       0

DEGREE DAYS
 HEATING
  YESTERDAY       10                         7      3        9
  MONTH TO DATE  193                       228    -35      178
  SINCE MAR 1    871                       796     75      829
  SINCE JUL 1   4037                      3904    133     3643

 COOLING
  YESTERDAY        0                         1     -1        0
  MONTH TO DATE   21                        14      7       41
  SINCE MAR 1     21                        16      5       41
  SINCE JAN 1     21                        16      5       41
..................................................................


WIND (MPH)
  HIGHEST WIND SPEED    30   HIGHEST WIND DIRECTION    NW (330)
  HIGHEST GUST SPEED    41   HIGHEST GUST DIRECTION    NW (330)
  AVERAGE WIND SPEED    17.2


SKY COVER
  POSSIBLE SUNSHINE  MM
  AVERAGE SKY COVER 0.3


WEATHER CONDITIONS
 THE FOLLOWING WEATHER WAS RECORDED YESTERDAY.
  NO SIGNIFICANT WEATHER WAS OBSERVED.


RELATIVE HUMIDITY (PERCENT)
 HIGHEST    55          1200 AM
 LOWEST     39           100 PM
 AVERAGE    47

..........................................................


THE WASHINGTON NATIONAL DC CLIMATE NORMALS FOR TODAY
                         NORMAL    RECORD    YEAR
 MAXIMUM TEMPERATURE (F)   69        94      1960
                                             1925
 MINIMUM TEMPERATURE (F)   50        34      1930
                                             1882


SUNRISE AND SUNSET
APRIL 24 2014.........SUNRISE   619 AM EDT   SUNSET   754 PM EDT
APRIL 25 2014.........SUNRISE   618 AM EDT   SUNSET   755 PM EDT


-  INDICATES NEGATIVE NUMBERS.
R  INDICATES RECORD WAS SET OR TIED.
MM INDICATES DATA IS MISSING.
T  INDICATES TRACE AMOUNT.




$$
