194
CDUS41 KALY 240623
CLIDDH


CLIMATE REPORT
NATIONAL WEATHER SERVICE ALBANY NY
222 AM EDT FRI MAR 24 2017


...................................

...THE BENNINGTON VT CLIMATE SUMMARY FOR MARCH 23 2017...

CLIMATE NORMAL PERIOD 1981 TO 2010
CLIMATE RECORD PERIOD 9999 TO 9999


WEATHER ITEM   OBSERVED TIME   NORMAL DEPARTURE LAST
                VALUE   (LST)  VALUE  FROM      YEAR
                                      NORMAL
......................................................
TEMPERATURE (F)
 YESTERDAY
  MAXIMUM         34    419 PM  46    -12       55
  MINIMUM          7    610 AM  25    -18       35
  AVERAGE         21            36    -15       45

PRECIPITATION (IN)
  YESTERDAY        0.00          0.11  -0.11     0.01
  MONTH TO DATE    0.85          2.30  -1.45     1.68
  SINCE MAR 1      0.85          2.30  -1.45     1.68
  SINCE JAN 1      4.48          7.29  -2.81     6.72

DEGREE DAYS
 HEATING
  YESTERDAY       44            29     15       20
  MONTH TO DATE  879           765    114      601
  SINCE MAR 1    879           765    114      601
  SINCE JUL 1   5414          6016   -602     4934

 COOLING
  YESTERDAY        0             0      0        0
  MONTH TO DATE    0             0      0        0
  SINCE MAR 1      0             0      0        0
  SINCE JAN 1      0             0      0        0
......................................................


WIND (MPH)
  HIGHEST WIND SPEED    16   HIGHEST WIND DIRECTION     W (280)
  HIGHEST GUST SPEED    20   HIGHEST GUST DIRECTION    NW (320)
  AVERAGE WIND SPEED     5.6


SKY COVER
  AVERAGE SKY COVER 0.0



RELATIVE HUMIDITY (PERCENT)
 HIGHEST    62          1100 PM
 LOWEST     26           300 PM
 AVERAGE    44

..........................................................


THE BENNINGTON VT CLIMATE NORMALS FOR TODAY
                         NORMAL
 MAXIMUM TEMPERATURE (F)   47
 MINIMUM TEMPERATURE (F)   25


SUNRISE AND SUNSET
MARCH 24 2017.........SUNRISE   649 AM EDT   SUNSET   710 PM EDT
MARCH 25 2017.........SUNRISE   647 AM EDT   SUNSET   711 PM EDT


-  INDICATES NEGATIVE NUMBERS.
R  INDICATES RECORD WAS SET OR TIED.
MM INDICATES DATA IS MISSING.
T  INDICATES TRACE AMOUNT.




$$
