000
CDUS41 KALY 230628
CLIDDH


CLIMATE REPORT
NATIONAL WEATHER SERVICE ALBANY NY
227 AM EDT SAT AUG 23 2014


...................................

...THE BENNINGTON VT CLIMATE SUMMARY FOR AUGUST 22 2014...

CLIMATE NORMAL PERIOD 1981 TO 2010
CLIMATE RECORD PERIOD 9999 TO 9999


WEATHER ITEM   OBSERVED TIME   NORMAL DEPARTURE LAST
                VALUE   (LST)  VALUE  FROM      YEAR
                                      NORMAL
......................................................
TEMPERATURE (F)
 YESTERDAY
  MAXIMUM         67    127 PM  77    -10       84
  MINIMUM         62    612 AM  55      7       57
  AVERAGE         65            66     -1       71

PRECIPITATION (IN)
  YESTERDAY        0.01          0.12  -0.11     0.27
  MONTH TO DATE    1.83          2.96  -1.13     2.91
  SINCE JUN 1     13.11         11.43   1.68    15.80
  SINCE JAN 1     25.94         26.50  -0.56    30.27

DEGREE DAYS
 HEATING
  YESTERDAY        0             2     -2        0
  MONTH TO DATE   36            24     12       39
  SINCE JUN 1     94           145    -51      149
  SINCE JUL 1     47            48     -1       49

 COOLING
  YESTERDAY        0             2     -2        6
  MONTH TO DATE   33            77    -44       45
  SINCE JUN 1    219           258    -39      391
  SINCE JAN 1    235           272    -37      423
......................................................


WIND (MPH)
  HIGHEST WIND SPEED    12   HIGHEST WIND DIRECTION    SE (120)
  HIGHEST GUST SPEED    14   HIGHEST GUST DIRECTION    SE (130)
  AVERAGE WIND SPEED     4.3


SKY COVER
  AVERAGE SKY COVER 1.0



RELATIVE HUMIDITY (PERCENT)
 HIGHEST    90           100 AM
 LOWEST     68           200 PM
 AVERAGE    79

..........................................................


THE BENNINGTON VT CLIMATE NORMALS FOR TODAY
                         NORMAL
 MAXIMUM TEMPERATURE (F)   77
 MINIMUM TEMPERATURE (F)   54


SUNRISE AND SUNSET
AUGUST 23 2014........SUNRISE   608 AM EDT   SUNSET   743 PM EDT
AUGUST 24 2014........SUNRISE   609 AM EDT   SUNSET   741 PM EDT


-  INDICATES NEGATIVE NUMBERS.
R  INDICATES RECORD WAS SET OR TIED.
MM INDICATES DATA IS MISSING.
T  INDICATES TRACE AMOUNT.




$$
