000
CDUS41 KALY 262054
CLIDDH


CLIMATE REPORT
NATIONAL WEATHER SERVICE ALBANY NY
453 PM EDT THU MAR 26 2015


...................................

...THE BENNINGTON VT CLIMATE SUMMARY FOR MARCH 26 2015...
VALID TODAY AS OF 0400 PM LOCAL TIME.

CLIMATE NORMAL PERIOD 1981 TO 2010
CLIMATE RECORD PERIOD 9999 TO 9999


WEATHER ITEM   OBSERVED TIME   NORMAL DEPARTURE LAST
                VALUE   (LST)  VALUE  FROM      YEAR
                                      NORMAL
......................................................
TEMPERATURE (F)
 TODAY
  MAXIMUM         50   1024 AM  48      2       30
  MINIMUM         31    631 AM  26      5       17
  AVERAGE         41            37      4       24

PRECIPITATION (IN)
  TODAY            0.11          0.11   0.00     0.00
  MONTH TO DATE    0.70          2.63  -1.93     1.27
  SINCE MAR 1      0.70          2.63  -1.93     1.27
  SINCE JAN 1      4.11          7.62  -3.51     7.13

DEGREE DAYS
 HEATING
  TODAY           24            28     -4       41
  MONTH TO DATE 1000           850    150     1076
  SINCE MAR 1   1000           850    150     1076
  SINCE JUL 1   6502          6101    401     6324

 COOLING
  TODAY            0             0      0        0
  MONTH TO DATE    0             0      0        0
  SINCE MAR 1      0             0      0        0
  SINCE JAN 1      0             0      0        0
......................................................


WIND (MPH)
  HIGHEST WIND SPEED     9   HIGHEST WIND DIRECTION     S (200)
  HIGHEST GUST SPEED    17   HIGHEST GUST DIRECTION     S (200)
  AVERAGE WIND SPEED     1.9


SKY COVER
  AVERAGE SKY COVER 0.7



RELATIVE HUMIDITY (PERCENT)
 HIGHEST    96
 LOWEST     71
 AVERAGE    84

..........................................................


THE BENNINGTON VT CLIMATE NORMALS FOR TOMORROW
                         NORMAL
 MAXIMUM TEMPERATURE (F)   48
 MINIMUM TEMPERATURE (F)   27


SUNRISE AND SUNSET
MARCH 26 2015.........SUNRISE   646 AM EDT   SUNSET   712 PM EDT
MARCH 27 2015.........SUNRISE   644 AM EDT   SUNSET   713 PM EDT


-  INDICATES NEGATIVE NUMBERS.
R  INDICATES RECORD WAS SET OR TIED.
MM INDICATES DATA IS MISSING.
T  INDICATES TRACE AMOUNT.




$$
