000
CDUS41 KALY 302054
CLIDDH


CLIMATE REPORT
NATIONAL WEATHER SERVICE ALBANY NY
454 PM EDT SUN APR 30 2017


...................................

...THE BENNINGTON VT CLIMATE SUMMARY FOR APRIL 30 2017...
VALID TODAY AS OF 0400 PM LOCAL TIME.

CLIMATE NORMAL PERIOD 1981 TO 2010
CLIMATE RECORD PERIOD 9999 TO 9999


WEATHER ITEM   OBSERVED TIME   NORMAL DEPARTURE LAST
                VALUE   (LST)  VALUE  FROM      YEAR
                                      NORMAL
......................................................
TEMPERATURE (F)
 TODAY
  MAXIMUM         51   1227 PM  63    -12       65
  MINIMUM         38    523 AM  39     -1       44
  AVERAGE         45            51     -6       55

PRECIPITATION (IN)
  TODAY            0.02          0.12  -0.10      T
  MONTH TO DATE    2.37          3.27  -0.90     2.63
  SINCE MAR 1      5.48          6.42  -0.94     5.09
  SINCE JAN 1      9.11         11.41  -2.30    10.13

DEGREE DAYS
 HEATING
  TODAY           20            15      5       10
  MONTH TO DATE  440           588   -148      644
  SINCE MAR 1   1546          1572    -26     1408
  SINCE JUL 1   6081          6823   -742     5741

 COOLING
  TODAY            0             0      0        0
  MONTH TO DATE    3             3      0        1
  SINCE MAR 1      3             3      0        1
  SINCE JAN 1      3             3      0        1
......................................................


WIND (MPH)
  HIGHEST WIND SPEED    10   HIGHEST WIND DIRECTION     W (280)
  HIGHEST GUST SPEED    14   HIGHEST GUST DIRECTION     W (280)
  AVERAGE WIND SPEED     2.9


SKY COVER
  AVERAGE SKY COVER 0.3



RELATIVE HUMIDITY (PERCENT)
 HIGHEST    64
 LOWEST     42
 AVERAGE    53

..........................................................


THE BENNINGTON VT CLIMATE NORMALS FOR TOMORROW
                         NORMAL
 MAXIMUM TEMPERATURE (F)   63
 MINIMUM TEMPERATURE (F)   39


SUNRISE AND SUNSET
APRIL 30 2017.........SUNRISE   548 AM EDT   SUNSET   753 PM EDT
MAY  1 2017...........SUNRISE   547 AM EDT   SUNSET   754 PM EDT


-  INDICATES NEGATIVE NUMBERS.
R  INDICATES RECORD WAS SET OR TIED.
MM INDICATES DATA IS MISSING.
T  INDICATES TRACE AMOUNT.




$$
