000
CDUS43 KILX 300639
CLIDEC


CLIMATE REPORT
NATIONAL WEATHER SERVICE LINCOLN IL
138 AM CDT MON MAR 30 2015


...................................

...THE DECATUR IL AIRPORT CLIMATE SUMMARY FOR MARCH 29 2015...

CLIMATE NORMAL PERIOD 1981 TO 2010
CLIMATE RECORD PERIOD 9999 TO 9999


WEATHER ITEM   OBSERVED TIME   RECORD YEAR NORMAL DEPARTURE LAST
                VALUE   (LST)  VALUE       VALUE  FROM      YEAR
                                                  NORMAL
..................................................................
TEMPERATURE (F)
 YESTERDAY
  MAXIMUM         53    450 PM  MM      MM  57     -4       45
  MINIMUM         28   1217 AM  MM      MM  36     -8       29
  AVERAGE         41                        46     -5       37

PRECIPITATION (IN)
  YESTERDAY        0.02         MM      MM   0.10  -0.08      T
  MONTH TO DATE    1.61                      2.45  -0.84     1.49
  SINCE MAR 1      1.61                      2.45  -0.84     1.49
  SINCE JAN 1      2.86                      6.17  -3.31     2.61

DEGREE DAYS
 HEATING
  YESTERDAY       24                        19      5       28
  MONTH TO DATE  769                       690     79      854
  SINCE MAR 1    769                       690     79      854
  SINCE JUL 1   5415                      4947    468     5666

 COOLING
  YESTERDAY        0                         0      0        0
  MONTH TO DATE    0                         0      0        0
  SINCE MAR 1      0                         0      0        0
  SINCE JAN 1      0                         0      0        0
..................................................................


WIND (MPH)
  HIGHEST WIND SPEED    31   HIGHEST WIND DIRECTION     S (190)
  HIGHEST GUST SPEED    40   HIGHEST GUST DIRECTION     S (190)
  AVERAGE WIND SPEED    15.7


SKY COVER
  POSSIBLE SUNSHINE  MM
  AVERAGE SKY COVER 0.3


WEATHER CONDITIONS
 THE FOLLOWING WEATHER WAS RECORDED YESTERDAY.
  NO SIGNIFICANT WEATHER WAS OBSERVED.


RELATIVE HUMIDITY (PERCENT)
 HIGHEST    71           300 PM
 LOWEST     41          1000 AM
 AVERAGE    56

..........................................................


THE DECATUR IL AIRPORT CLIMATE NORMALS FOR TODAY
                         NORMAL    RECORD    YEAR
 MAXIMUM TEMPERATURE (F)   57        MM        MM
 MINIMUM TEMPERATURE (F)   36        MM        MM


SUNRISE AND SUNSET
MARCH 30 2015.........SUNRISE   643 AM CDT   SUNSET   717 PM CDT
MARCH 31 2015.........SUNRISE   642 AM CDT   SUNSET   718 PM CDT


-  INDICATES NEGATIVE NUMBERS.
R  INDICATES RECORD WAS SET OR TIED.
MM INDICATES DATA IS MISSING.
T  INDICATES TRACE AMOUNT.




$$
