000
CDUS43 KILX 312202
CLIDEC


CLIMATE REPORT
NATIONAL WEATHER SERVICE LINCOLN IL
502 PM CDT TUE MAY 31 2016


...................................

...THE DECATUR IL AIRPORT CLIMATE SUMMARY FOR MAY 31 2016...
VALID TODAY AS OF 0400 PM LOCAL TIME.

CLIMATE NORMAL PERIOD 1981 TO 2010
CLIMATE RECORD PERIOD 9999 TO 9999


WEATHER ITEM   OBSERVED TIME   RECORD YEAR NORMAL DEPARTURE LAST
                VALUE   (LST)  VALUE       VALUE  FROM      YEAR
                                                  NORMAL
..................................................................
TEMPERATURE (F)
 TODAY
  MAXIMUM         84    251 PM  MM      MM  78      6       58
  MINIMUM         65    101 AM  MM      MM  56      9       49
  AVERAGE         75                        67      8       54

PRECIPITATION (IN)
  TODAY            T            MM      MM   0.11  -0.11     0.01
  MONTH TO DATE    3.13                      4.29  -1.16     5.82
  SINCE MAR 1      9.65                     10.73  -1.08     9.45
  SINCE JAN 1     10.84                     14.45  -3.61    10.70

DEGREE DAYS
 HEATING
  TODAY            0                         2     -2       11
  MONTH TO DATE  138                       141     -3       91
  SINCE MAR 1    993                      1247   -254     1181
  SINCE JUL 1   4485                      5504  -1019     5827

 COOLING
  TODAY           10                         4      6        0
  MONTH TO DATE   83                        73     10      141
  SINCE MAR 1     90                        87      3      144
  SINCE JAN 1     90                        87      3      144
..................................................................


WIND (MPH)
  HIGHEST WIND SPEED    22   HIGHEST WIND DIRECTION     W (270)
  HIGHEST GUST SPEED    28   HIGHEST GUST DIRECTION     W (270)
  AVERAGE WIND SPEED     4.2


SKY COVER
  POSSIBLE SUNSHINE  MM
  AVERAGE SKY COVER 0.2


WEATHER CONDITIONS
 THE FOLLOWING WEATHER WAS RECORDED TODAY.
  LIGHT RAIN


RELATIVE HUMIDITY (PERCENT)
 HIGHEST    81           100 AM
 LOWEST     51           300 PM
 AVERAGE    66

..........................................................


THE DECATUR IL AIRPORT CLIMATE NORMALS FOR TOMORROW
                         NORMAL    RECORD    YEAR
 MAXIMUM TEMPERATURE (F)   79        MM        MM
 MINIMUM TEMPERATURE (F)   57        MM        MM


SUNRISE AND SUNSET
MAY 31 2016...........SUNRISE   529 AM CDT   SUNSET   817 PM CDT
JUNE  1 2016..........SUNRISE   529 AM CDT   SUNSET   818 PM CDT


-  INDICATES NEGATIVE NUMBERS.
R  INDICATES RECORD WAS SET OR TIED.
MM INDICATES DATA IS MISSING.
T  INDICATES TRACE AMOUNT.




$$
