000
CDUS43 KILX 220649
CLIDEC


CLIMATE REPORT
NATIONAL WEATHER SERVICE LINCOLN IL
1241 AM CST MON DEC 22 2014


...................................

...THE DECATUR IL AIRPORT CLIMATE SUMMARY FOR DECEMBER 21 2014...

CLIMATE NORMAL PERIOD 1981 TO 2010
CLIMATE RECORD PERIOD 9999 TO 9999


WEATHER ITEM   OBSERVED TIME   RECORD YEAR NORMAL DEPARTURE LAST
                VALUE   (LST)  VALUE       VALUE  FROM      YEAR
                                                  NORMAL
..................................................................
TEMPERATURE (F)
 YESTERDAY
  MAXIMUM         40    337 PM  MM      MM  37      3       36
  MINIMUM         33    831 PM  MM      MM  21     12       32
  AVERAGE         37                        29      8       34

PRECIPITATION (IN)
  YESTERDAY        0.00         MM      MM   0.09  -0.09     0.93
  MONTH TO DATE    0.87                      1.64  -0.77     1.50
  SINCE DEC 1      0.87                      1.64  -0.77     1.50
  SINCE JAN 1     35.75                     37.55  -1.80    33.52

DEGREE DAYS
 HEATING
  YESTERDAY       28                        36     -8       31
  MONTH TO DATE  653                       693    -40      740
  SINCE DEC 1    653                       693    -40      740
  SINCE JUL 1   1926                      1774    152     1888

 COOLING
  YESTERDAY        0                         0      0        0
  MONTH TO DATE    0                         0      0        0
  SINCE DEC 1      0                         0      0        0
  SINCE JAN 1   1011                      1048    -37     1079
..................................................................


WIND (MPH)
  HIGHEST WIND SPEED    16   HIGHEST WIND DIRECTION     S (180)
  HIGHEST GUST SPEED    20   HIGHEST GUST DIRECTION    SE (150)
  AVERAGE WIND SPEED    10.8


SKY COVER
  POSSIBLE SUNSHINE  MM
  AVERAGE SKY COVER 0.8


WEATHER CONDITIONS
 THE FOLLOWING WEATHER WAS RECORDED YESTERDAY.
  FOG
  HAZE


RELATIVE HUMIDITY (PERCENT)
 HIGHEST    82          1200 AM
 LOWEST     70           400 PM
 AVERAGE    76

..........................................................


THE DECATUR IL AIRPORT CLIMATE NORMALS FOR TODAY
                         NORMAL    RECORD    YEAR
 MAXIMUM TEMPERATURE (F)   37        MM        MM
 MINIMUM TEMPERATURE (F)   21        MM        MM


SUNRISE AND SUNSET
DECEMBER 22 2014......SUNRISE   714 AM CST   SUNSET   434 PM CST
DECEMBER 23 2014......SUNRISE   714 AM CST   SUNSET   435 PM CST


-  INDICATES NEGATIVE NUMBERS.
R  INDICATES RECORD WAS SET OR TIED.
MM INDICATES DATA IS MISSING.
T  INDICATES TRACE AMOUNT.




$$
