000
CDUS43 KILX 180728
CLIDEC


CLIMATE REPORT
NATIONAL WEATHER SERVICE LINCOLN IL
227 AM CDT WED OCT 18 2017


...................................

...THE DECATUR IL AIRPORT CLIMATE SUMMARY FOR OCTOBER 17 2017...

CLIMATE NORMAL PERIOD 1981 TO 2010
CLIMATE RECORD PERIOD 9999 TO 9999


WEATHER ITEM   OBSERVED TIME   RECORD YEAR NORMAL DEPARTURE LAST
                VALUE   (LST)  VALUE       VALUE  FROM      YEAR
                                                  NORMAL
..................................................................
TEMPERATURE (F)
 YESTERDAY
  MAXIMUM         68    246 PM  MM      MM  65      3       85
  MINIMUM         43    954 PM  MM      MM  43      0       68
  AVERAGE         56                        54      2       77

PRECIPITATION (IN)
  YESTERDAY        0.00         MM      MM   0.10  -0.10     0.00
  MONTH TO DATE    3.34                      1.68   1.66     1.29
  SINCE SEP 1      4.22                      4.57  -0.35     3.79
  SINCE JAN 1     30.39                     30.88  -0.49    26.71

DEGREE DAYS
 HEATING
  YESTERDAY        9                        11     -2        0
  MONTH TO DATE   51                       156   -105       51
  SINCE SEP 1     93                       223   -130       57
  SINCE JUL 1     94                       229   -135       62

 COOLING
  YESTERDAY        0                         0      0       12
  MONTH TO DATE   49                        14     35       45
  SINCE SEP 1    212                       125     87      274
  SINCE JAN 1   1118                      1043     75     1409
..................................................................


WIND (MPH)
  HIGHEST WIND SPEED    22   HIGHEST WIND DIRECTION    SW (220)
  HIGHEST GUST SPEED    26   HIGHEST GUST DIRECTION    SW (220)
  AVERAGE WIND SPEED    10.0


SKY COVER
  POSSIBLE SUNSHINE  MM
  AVERAGE SKY COVER 0.0


WEATHER CONDITIONS
 THE FOLLOWING WEATHER WAS RECORDED YESTERDAY.
  NO SIGNIFICANT WEATHER WAS OBSERVED.


RELATIVE HUMIDITY (PERCENT)
 HIGHEST    82          1000 PM
 LOWEST     34           400 PM
 AVERAGE    58

..........................................................


THE DECATUR IL AIRPORT CLIMATE NORMALS FOR TODAY
                         NORMAL    RECORD    YEAR
 MAXIMUM TEMPERATURE (F)   65        MM        MM
 MINIMUM TEMPERATURE (F)   42        MM        MM


SUNRISE AND SUNSET
OCTOBER 18 2017.......SUNRISE   709 AM CDT   SUNSET   611 PM CDT
OCTOBER 19 2017.......SUNRISE   710 AM CDT   SUNSET   610 PM CDT


-  INDICATES NEGATIVE NUMBERS.
R  INDICATES RECORD WAS SET OR TIED.
MM INDICATES DATA IS MISSING.
T  INDICATES TRACE AMOUNT.




$$
