000
CDUS43 KILX 110626
CLIDEC


CLIMATE REPORT
NATIONAL WEATHER SERVICE LINCOLN IL
126 AM CDT FRI JUL 11 2014


...................................

...THE DECATUR IL AIRPORT CLIMATE SUMMARY FOR JULY 10 2014...

CLIMATE NORMAL PERIOD 1981 TO 2010
CLIMATE RECORD PERIOD 9999 TO 9999


WEATHER ITEM   OBSERVED TIME   RECORD YEAR NORMAL DEPARTURE LAST
                VALUE   (LST)  VALUE       VALUE  FROM      YEAR
                                                  NORMAL
..................................................................
TEMPERATURE (F)
 YESTERDAY
  MAXIMUM         81    246 PM  MM      MM  87     -6       87
  MINIMUM         56    516 AM  MM      MM  66    -10       68
  AVERAGE         69                        76     -7       78

PRECIPITATION (IN)
  YESTERDAY        0.00         MM      MM   0.13  -0.13     1.78
  MONTH TO DATE    0.81                      1.21  -0.40     1.86
  SINCE JUN 1      7.71                      5.56   2.15     6.81
  SINCE JAN 1     17.37                     20.01  -2.64    25.12

DEGREE DAYS
 HEATING
  YESTERDAY        0                         0      0        0
  MONTH TO DATE    0                         0      0        0
  SINCE JUN 1      1                        17    -16       14
  SINCE JUL 1      0                         0      0        0

 COOLING
  YESTERDAY        4                        11     -7       13
  MONTH TO DATE   70                       110    -40       92
  SINCE JUN 1    346                       339      7      334
  SINCE JAN 1    491                       426     65      446
..................................................................


WIND (MPH)
  HIGHEST WIND SPEED    13   HIGHEST WIND DIRECTION    NE (50)
  HIGHEST GUST SPEED    16   HIGHEST GUST DIRECTION    NE (50)
  AVERAGE WIND SPEED     5.0


SKY COVER
  POSSIBLE SUNSHINE  MM
  AVERAGE SKY COVER 0.1


WEATHER CONDITIONS
 THE FOLLOWING WEATHER WAS RECORDED YESTERDAY.
  NO SIGNIFICANT WEATHER WAS OBSERVED.


RELATIVE HUMIDITY (PERCENT)
 HIGHEST    93           300 AM
 LOWEST     36           200 PM
 AVERAGE    65

..........................................................


THE DECATUR IL AIRPORT CLIMATE NORMALS FOR TODAY
                         NORMAL    RECORD    YEAR
 MAXIMUM TEMPERATURE (F)   87        MM        MM
 MINIMUM TEMPERATURE (F)   66        MM        MM


SUNRISE AND SUNSET
JULY 11 2014..........SUNRISE   537 AM CDT   SUNSET   825 PM CDT
JULY 12 2014..........SUNRISE   537 AM CDT   SUNSET   824 PM CDT


-  INDICATES NEGATIVE NUMBERS.
R  INDICATES RECORD WAS SET OR TIED.
MM INDICATES DATA IS MISSING.
T  INDICATES TRACE AMOUNT.




$$
