000
CDUS43 KILX 230634
CLIDEC


CLIMATE REPORT
NATIONAL WEATHER SERVICE LINCOLN IL
133 AM CDT WED AUG 23 2017


...................................

...THE DECATUR IL AIRPORT CLIMATE SUMMARY FOR AUGUST 22 2017...

CLIMATE NORMAL PERIOD 1981 TO 2010
CLIMATE RECORD PERIOD 9999 TO 9999


WEATHER ITEM   OBSERVED TIME   RECORD YEAR NORMAL DEPARTURE LAST
                VALUE   (LST)  VALUE       VALUE  FROM      YEAR
                                                  NORMAL
..................................................................
TEMPERATURE (F)
 YESTERDAY
  MAXIMUM         82    223 PM  MM      MM  84     -2       80
  MINIMUM         64   1159 PM  MM      MM  62      2       56
  AVERAGE         73                        73      0       68

PRECIPITATION (IN)
  YESTERDAY        0.28         MM      MM   0.14   0.14     0.00
  MONTH TO DATE    0.86                      2.38  -1.52     3.45
  SINCE JUN 1      5.53                     10.59  -5.06    10.38
  SINCE JAN 1     24.46                     25.04  -0.58    21.24

DEGREE DAYS
 HEATING
  YESTERDAY        0                         0      0        0
  MONTH TO DATE    0                         0      0        0
  SINCE JUN 1      4                        18    -14        5
  SINCE JUL 1      0                         1     -1        5

 COOLING
  YESTERDAY        8                         8      0        3
  MONTH TO DATE  156                       200    -44      251
  SINCE JUN 1    780                       762     18      934
  SINCE JAN 1    877                       849     28     1024
..................................................................


WIND (MPH)
  HIGHEST WIND SPEED    20   HIGHEST WIND DIRECTION    NW (300)
  HIGHEST GUST SPEED    27   HIGHEST GUST DIRECTION    NW (300)
  AVERAGE WIND SPEED    10.9


SKY COVER
  POSSIBLE SUNSHINE  MM
  AVERAGE SKY COVER 0.3


WEATHER CONDITIONS
 THE FOLLOWING WEATHER WAS RECORDED YESTERDAY.
  THUNDERSTORM
  RAIN
  LIGHT RAIN
  FOG


RELATIVE HUMIDITY (PERCENT)
 HIGHEST   100           800 AM
 LOWEST     52           400 PM
 AVERAGE    76

..........................................................


THE DECATUR IL AIRPORT CLIMATE NORMALS FOR TODAY
                         NORMAL    RECORD    YEAR
 MAXIMUM TEMPERATURE (F)   84        MM        MM
 MINIMUM TEMPERATURE (F)   62        MM        MM


SUNRISE AND SUNSET
AUGUST 23 2017........SUNRISE   615 AM CDT   SUNSET   740 PM CDT
AUGUST 24 2017........SUNRISE   616 AM CDT   SUNSET   739 PM CDT


-  INDICATES NEGATIVE NUMBERS.
R  INDICATES RECORD WAS SET OR TIED.
MM INDICATES DATA IS MISSING.
T  INDICATES TRACE AMOUNT.




$$
