000
CDUS43 KILX 230709
CLIDEC


CLIMATE REPORT
NATIONAL WEATHER SERVICE LINCOLN IL
101 AM CST THU FEB 23 2017


...................................

...THE DECATUR IL AIRPORT CLIMATE SUMMARY FOR FEBRUARY 22 2017...

CLIMATE NORMAL PERIOD 1981 TO 2010
CLIMATE RECORD PERIOD 9999 TO 9999


WEATHER ITEM   OBSERVED TIME   RECORD YEAR NORMAL DEPARTURE LAST
                VALUE   (LST)  VALUE       VALUE  FROM      YEAR
                                                  NORMAL
..................................................................
TEMPERATURE (F)
 YESTERDAY
  MAXIMUM         69    417 PM  MM      MM  42     27       49
  MINIMUM         42    518 AM  MM      MM  25     17       30
  AVERAGE         56                        33     23       40

PRECIPITATION (IN)
  YESTERDAY        0.00         MM      MM   0.07  -0.07     0.00
  MONTH TO DATE    0.35                      1.52  -1.17     0.39
  SINCE DEC 1      2.69                      5.80  -3.11    10.41
  SINCE JAN 1      2.00                      3.26  -1.26     1.19

DEGREE DAYS
 HEATING
  YESTERDAY        9                        32    -23       25
  MONTH TO DATE  522                       766   -244      703
  SINCE DEC 1   2542                      2992   -450     2536
  SINCE JUL 1   3238                      4073   -835     3318

 COOLING
  YESTERDAY        0                         0      0        0
  MONTH TO DATE    0                         0      0        0
  SINCE DEC 1      0                         0      0        0
  SINCE JAN 1      0                         0      0        0
..................................................................


WIND (MPH)
  HIGHEST WIND SPEED    20   HIGHEST WIND DIRECTION    SW (210)
  HIGHEST GUST SPEED    24   HIGHEST GUST DIRECTION    SW (220)
  AVERAGE WIND SPEED    10.4


SKY COVER
  POSSIBLE SUNSHINE  MM
  AVERAGE SKY COVER 0.3


WEATHER CONDITIONS
 THE FOLLOWING WEATHER WAS RECORDED YESTERDAY.
  FOG
  FOG W/VISIBILITY <= 1/4 MILE


RELATIVE HUMIDITY (PERCENT)
 HIGHEST   100           400 AM
 LOWEST     61           300 PM
 AVERAGE    81

..........................................................


THE DECATUR IL AIRPORT CLIMATE NORMALS FOR TODAY
                         NORMAL    RECORD    YEAR
 MAXIMUM TEMPERATURE (F)   42        MM        MM
 MINIMUM TEMPERATURE (F)   25        MM        MM


SUNRISE AND SUNSET
FEBRUARY 23 2017......SUNRISE   637 AM CST   SUNSET   541 PM CST
FEBRUARY 24 2017......SUNRISE   635 AM CST   SUNSET   542 PM CST


-  INDICATES NEGATIVE NUMBERS.
R  INDICATES RECORD WAS SET OR TIED.
MM INDICATES DATA IS MISSING.
T  INDICATES TRACE AMOUNT.




$$
