000
CDUS45 KBOU 280809
CLIDEN


CLIMATE REPORT
NATIONAL WEATHER SERVICE DENVER/BOULDER CO
208 AM MDT FRI JUL 28 2017


...................................

...THE DENVER CO CLIMATE SUMMARY FOR JULY 27 2017...

CLIMATE NORMAL PERIOD 1981 TO 2010
CLIMATE RECORD PERIOD 1872 TO 2017


WEATHER ITEM   OBSERVED TIME   RECORD YEAR NORMAL DEPARTURE LAST
                VALUE   (LST)  VALUE       VALUE  FROM      YEAR
                                                  NORMAL
..................................................................
TEMPERATURE (F)
 YESTERDAY
  MAXIMUM         88    403 PM  98    1964  90     -2       93
  MINIMUM         60    527 AM  51    1958  60      0       60
  AVERAGE         74                        75     -1       77

PRECIPITATION (IN)
  YESTERDAY        0.00          1.37 1955   0.08  -0.08     0.00
  MONTH TO DATE    0.47                      1.85  -1.38     1.06
  SINCE JUN 1      0.80                      3.83  -3.03     2.68
  SINCE JAN 1      7.11                      9.36  -2.25     9.78

SNOWFALL (IN)
  YESTERDAY        0.0
  MONTH TO DATE      0
  SINCE JUN 1        0
  SINCE JUL 1        0
  SNOW DEPTH       0


DEGREE DAYS
 HEATING
  YESTERDAY        0                         0      0        0
  MONTH TO DATE    0                         1     -1        0
  SINCE JUN 1     25                        63    -38        4
  SINCE JUL 1      0                         1     -1        0

 COOLING
  YESTERDAY        9                        10     -1       12
  MONTH TO DATE  324                       249     75      310
  SINCE JUN 1    491                       382    109      495
  SINCE JAN 1    497                       404     93      498
..................................................................


WIND (MPH)
  HIGHEST WIND SPEED    23   HIGHEST WIND DIRECTION    SE (150)
  HIGHEST GUST SPEED    29   HIGHEST GUST DIRECTION     S (200)
  AVERAGE WIND SPEED    10.8


SKY COVER **
  POSSIBLE SUNSHINE  MM
  AVERAGE SKY COVER 0.6


WEATHER CONDITIONS
 THE FOLLOWING WEATHER WAS RECORDED YESTERDAY.
  FOG


RELATIVE HUMIDITY (PERCENT)
 HIGHEST    93          1200 AM
 LOWEST     34           300 PM
 AVERAGE    64

..........................................................


THE DENVER CO CLIMATE NORMALS FOR TODAY
                         NORMAL    RECORD    YEAR
 MAXIMUM TEMPERATURE (F)   90        98      1876
 MINIMUM TEMPERATURE (F)   60        49      1892


SUNRISE AND SUNSET
JULY 28 2017..........SUNRISE   554 AM MDT   SUNSET   816 PM MDT
JULY 29 2017..........SUNRISE   555 AM MDT   SUNSET   815 PM MDT


-  INDICATES NEGATIVE NUMBERS.
R  INDICATES RECORD WAS SET OR TIED.
MM INDICATES DATA IS MISSING.
T  INDICATES TRACE AMOUNT.

&&

** SUNSHINE DATA WILL NO LONGER BE AVAILABLE EFFECTIVE OCTOBER 1ST 2009.




$$
