000
CDUS45 KBOU 210756
CLIDEN


CLIMATE REPORT
NATIONAL WEATHER SERVICE DENVER CO
156 AM MDT THU AUG 21 2014


...................................

...THE DENVER CO CLIMATE SUMMARY FOR AUGUST 20 2014...

CLIMATE NORMAL PERIOD 1981 TO 2010
CLIMATE RECORD PERIOD 1872 TO 2014


WEATHER ITEM   OBSERVED TIME   RECORD YEAR NORMAL DEPARTURE LAST
                VALUE   (LST)  VALUE       VALUE  FROM      YEAR
                                                  NORMAL
..................................................................
TEMPERATURE (F)
 YESTERDAY
  MAXIMUM         85    326 PM  99    2013  87     -2       99
  MINIMUM         63   1159 PM  46    1939  58      5       70
  AVERAGE         74                        72      2       85

PRECIPITATION (IN)
  YESTERDAY        0.04          0.92 1984   0.05  -0.01     0.00
  MONTH TO DATE    1.02                      1.25  -0.23     0.71
  SINCE JUN 1      6.69                      5.39   1.30     3.44
  SINCE JAN 1     13.40                     10.92   2.48     8.68

SNOWFALL (IN)
  YESTERDAY        0.0
  MONTH TO DATE      0
  SINCE JUN 1        0
  SINCE JUL 1        0
  SNOW DEPTH       0


DEGREE DAYS
 HEATING
  YESTERDAY        0                         0      0        0
  MONTH TO DATE    0                         0      0        0
  SINCE JUN 1     35                        68    -33       29
  SINCE JUL 1      5                         6     -1        0

 COOLING
  YESTERDAY        9                         7      2       20
  MONTH TO DATE  158                       176    -18      174
  SINCE JUN 1    568                       598    -30      690
  SINCE JAN 1    589                       620    -31      732
..................................................................


WIND (MPH)
  HIGHEST WIND SPEED    22   HIGHEST WIND DIRECTION     N (340)
  HIGHEST GUST SPEED    27   HIGHEST GUST DIRECTION    SE (150)
  AVERAGE WIND SPEED     7.1


SKY COVER **
  POSSIBLE SUNSHINE  MM
  AVERAGE SKY COVER 0.7


WEATHER CONDITIONS
 THE FOLLOWING WEATHER WAS RECORDED YESTERDAY.
  THUNDERSTORM
  LIGHT RAIN


RELATIVE HUMIDITY (PERCENT)
 HIGHEST    73           100 AM
 LOWEST     29           100 PM
 AVERAGE    51

..........................................................


THE DENVER CO CLIMATE NORMALS FOR TODAY
                         NORMAL    RECORD    YEAR
 MAXIMUM TEMPERATURE (F)   87        97      2007
                                             1960
 MINIMUM TEMPERATURE (F)   57        45      1974


SUNRISE AND SUNSET
AUGUST 21 2014........SUNRISE   616 AM MDT   SUNSET   748 PM MDT
AUGUST 22 2014........SUNRISE   617 AM MDT   SUNSET   746 PM MDT


-  INDICATES NEGATIVE NUMBERS.
R  INDICATES RECORD WAS SET OR TIED.
MM INDICATES DATA IS MISSING.
T  INDICATES TRACE AMOUNT.

&&

** SUNSHINE DATA WILL NO LONGER BE AVAILABLE EFFECTIVE OCTOBER 1ST 2009.




$$
