000
CDUS45 KBOU 202342
CLIDEN


CLIMATE REPORT
NATIONAL WEATHER SERVICE DENVER CO
440 PM MST THU NOV 20 2014


...................................

...THE DENVER CO CLIMATE SUMMARY FOR NOVEMBER 20 2014...
VALID TODAY AS OF 0400 PM LOCAL TIME.

CLIMATE NORMAL PERIOD 1981 TO 2010
CLIMATE RECORD PERIOD 1872 TO 2014


WEATHER ITEM   OBSERVED TIME   RECORD YEAR NORMAL DEPARTURE LAST
                VALUE   (LST)  VALUE       VALUE  FROM      YEAR
                                                  NORMAL
..................................................................
TEMPERATURE (F)
 TODAY
  MAXIMUM         49   1241 PM  72    2006  50     -1       59
                                      1897
  MINIMUM         21    349 AM   1    1985  22     -1       25
                                      1975
  AVERAGE         35                        36     -1       42

PRECIPITATION (IN)
  TODAY            0.00          0.95 1979   0.02  -0.02      T
  MONTH TO DATE    0.76                      0.45   0.31     0.03
  SINCE SEP 1      3.07                      2.43   0.64     6.36
  SINCE JAN 1     18.18                     13.79   4.39    17.11

DEGREE DAYS
 HEATING
  TODAY           30                        29      1       23
  MONTH TO DATE  626                       490    136      415
  SINCE SEP 1   1016                      1055    -39     1023
  SINCE JUL 1   1023                      1071    -48     1023

 COOLING
  TODAY            0                         0      0        0
  MONTH TO DATE    0                         0      0        0
  SINCE SEP 1     88                        81      7      133
  SINCE JAN 1    701                       769    -68      999
..................................................................


WIND (MPH)
  HIGHEST WIND SPEED    12   HIGHEST WIND DIRECTION     S (180)
  HIGHEST GUST SPEED    14   HIGHEST GUST DIRECTION    NE (50)
  AVERAGE WIND SPEED     5.7


SKY COVER **
  POSSIBLE SUNSHINE  MM
  AVERAGE SKY COVER 0.4


WEATHER CONDITIONS
 THE FOLLOWING WEATHER WAS RECORDED TODAY.
  NO SIGNIFICANT WEATHER WAS OBSERVED.


RELATIVE HUMIDITY (PERCENT)
 HIGHEST    81           200 AM
 LOWEST     33          1000 AM
 AVERAGE    57

..........................................................


THE DENVER CO CLIMATE NORMALS FOR TOMORROW
                         NORMAL    RECORD    YEAR
 MAXIMUM TEMPERATURE (F)   49        73      1974
 MINIMUM TEMPERATURE (F)   22         0      1929


SUNRISE AND SUNSET
NOVEMBER 20 2014......SUNRISE   649 AM MST   SUNSET   439 PM MST
NOVEMBER 21 2014......SUNRISE   650 AM MST   SUNSET   439 PM MST


-  INDICATES NEGATIVE NUMBERS.
R  INDICATES RECORD WAS SET OR TIED.
MM INDICATES DATA IS MISSING.
T  INDICATES TRACE AMOUNT.




$$
