000
CDUS45 KBOU 232331
CLIDEN


CLIMATE REPORT
NATIONAL WEATHER SERVICE DENVER/BOULDER CO
429 PM MST MON JAN 23 2017


...................................

...THE DENVER CO CLIMATE SUMMARY FOR JANUARY 23 2017...
VALID TODAY AS OF 0400 PM LOCAL TIME.

CLIMATE NORMAL PERIOD 1981 TO 2010
CLIMATE RECORD PERIOD 1872 TO 2017


WEATHER ITEM   OBSERVED TIME   RECORD YEAR NORMAL DEPARTURE LAST
                VALUE   (LST)  VALUE       VALUE  FROM      YEAR
                                                  NORMAL
..................................................................
TEMPERATURE (F)
 TODAY
  MAXIMUM         54    204 PM  69    1981  44     10       57
  MINIMUM         23    532 AM -15    1877  17      6       32
  AVERAGE         39                        31      8       45

PRECIPITATION (IN)
  TODAY            0.00          0.21 1928   0.01  -0.01     0.00
  MONTH TO DATE    0.54                      0.30   0.24     0.40
  SINCE DEC 1      1.32                      0.65   0.67     1.11
  SINCE JAN 1      0.54                      0.30   0.24     0.40

DEGREE DAYS
 HEATING
  TODAY           26                        34     -8       20
  MONTH TO DATE  819                       787     32      797
  SINCE DEC 1   1965                      1873     92     1894
  SINCE JUL 1   2861                      3255   -394     2984

 COOLING
  TODAY            0                         0      0        0
  MONTH TO DATE    0                         0      0        0
  SINCE DEC 1      0                         0      0        0
  SINCE JAN 1      0                         0      0        0
..................................................................


WIND (MPH)
  HIGHEST WIND SPEED    21   HIGHEST WIND DIRECTION    SW (220)
  HIGHEST GUST SPEED    26   HIGHEST GUST DIRECTION    SW (230)
  AVERAGE WIND SPEED     8.5


SKY COVER **
  POSSIBLE SUNSHINE  MM
  AVERAGE SKY COVER 0.5


WEATHER CONDITIONS
 THE FOLLOWING WEATHER WAS RECORDED TODAY.
  NO SIGNIFICANT WEATHER WAS OBSERVED.


RELATIVE HUMIDITY (PERCENT)
 HIGHEST    74           600 AM
 LOWEST     26          1200 PM
 AVERAGE    50

..........................................................


THE DENVER CO CLIMATE NORMALS FOR TOMORROW
                         NORMAL    RECORD    YEAR
 MAXIMUM TEMPERATURE (F)   44        68      1970
 MINIMUM TEMPERATURE (F)   17       -18      1872


SUNRISE AND SUNSET
JANUARY 23 2017.......SUNRISE   714 AM MST   SUNSET   508 PM MST
JANUARY 24 2017.......SUNRISE   713 AM MST   SUNSET   509 PM MST


-  INDICATES NEGATIVE NUMBERS.
R  INDICATES RECORD WAS SET OR TIED.
MM INDICATES DATA IS MISSING.
T  INDICATES TRACE AMOUNT.




$$
