000
CDUS45 KBOU 042329
CLIDEN


CLIMATE REPORT
NATIONAL WEATHER SERVICE DENVER CO
529 PM MDT SAT JUL 4 2015


...................................

...THE DENVER CO CLIMATE SUMMARY FOR JULY 4 2015...
VALID TODAY AS OF 0500 PM LOCAL TIME.

CLIMATE NORMAL PERIOD 1981 TO 2010
CLIMATE RECORD PERIOD 1872 TO 2015


WEATHER ITEM   OBSERVED TIME   RECORD YEAR NORMAL DEPARTURE LAST
                VALUE   (LST)  VALUE       VALUE  FROM      YEAR
                                                  NORMAL
..................................................................
TEMPERATURE (F)
 TODAY
  MAXIMUM         96    237 PM 102    1874  88      8       93
  MINIMUM         58    520 AM  42    1903  57      1       60
  AVERAGE         77                        73      4       77

PRECIPITATION (IN)
  TODAY            0.00          1.84 2010   0.05  -0.05      T
  MONTH TO DATE    0.12                      0.22  -0.10      T
  SINCE JUN 1      2.65                      2.20   0.45     1.82
  SINCE JAN 1     11.48                      7.73   3.75     8.53

DEGREE DAYS
 HEATING
  TODAY            0                         0      0        0
  MONTH TO DATE    0                         1     -1        0
  SINCE JUN 1     11                        63    -52       30
  SINCE JUL 1      0                         1     -1        0

 COOLING
  TODAY           12                         8      4       12
  MONTH TO DATE   35                        31      4       28
  SINCE JUN 1    189                       164     25      134
  SINCE JAN 1    193                       186      7      155
..................................................................


WIND (MPH)
  HIGHEST WIND SPEED    22   HIGHEST WIND DIRECTION     N (10)
  HIGHEST GUST SPEED    28   HIGHEST GUST DIRECTION     N (10)
  AVERAGE WIND SPEED     7.6


SKY COVER **
  POSSIBLE SUNSHINE  MM
  AVERAGE SKY COVER 0.4


WEATHER CONDITIONS
 THE FOLLOWING WEATHER WAS RECORDED TODAY.
  NO SIGNIFICANT WEATHER WAS OBSERVED.


RELATIVE HUMIDITY (PERCENT)
 HIGHEST    67           200 AM
 LOWEST     16           200 PM
 AVERAGE    42

..........................................................


THE DENVER CO CLIMATE NORMALS FOR TOMORROW
                         NORMAL    RECORD    YEAR
 MAXIMUM TEMPERATURE (F)   88       101      1989
 MINIMUM TEMPERATURE (F)   57        43      1972


SUNRISE AND SUNSET
JULY  4 2015..........SUNRISE   536 AM MST   SUNSET   830 PM MST
JULY  5 2015..........SUNRISE   536 AM MST   SUNSET   830 PM MST


-  INDICATES NEGATIVE NUMBERS.
R  INDICATES RECORD WAS SET OR TIED.
MM INDICATES DATA IS MISSING.
T  INDICATES TRACE AMOUNT.




$$
