000
CDUS45 KBOU 152328
CLIDEN


CLIMATE REPORT
NATIONAL WEATHER SERVICE DENVER CO
527 PM MDT TUE APR 15 2014


...................................

...THE DENVER CO CLIMATE SUMMARY FOR APRIL 15 2014...
VALID TODAY AS OF 0500 PM LOCAL TIME.

CLIMATE NORMAL PERIOD 1981 TO 2010
CLIMATE RECORD PERIOD 1872 TO 2014


WEATHER ITEM   OBSERVED TIME   RECORD YEAR NORMAL DEPARTURE LAST
                VALUE   (LST)  VALUE       VALUE  FROM      YEAR
                                                  NORMAL
..................................................................
TEMPERATURE (F)
 TODAY
  MAXIMUM         64    354 PM  84    2002  61      3       37
  MINIMUM         31   1217 AM  18    1902  33     -2       23
                                      1873
  AVERAGE         48                        47      1       30

PRECIPITATION (IN)
  TODAY            0.00          1.80 1950   0.06  -0.06     0.47
  MONTH TO DATE    0.69                      0.69   0.00     1.18
  SINCE MAR 1      1.52                      1.61  -0.09     2.65
  SINCE JAN 1      2.65                      2.39   0.26     3.73

DEGREE DAYS
 HEATING
  TODAY           17                        18     -1       35
  MONTH TO DATE  282                       291     -9      362
  SINCE MAR 1   1021                      1054    -33     1202
  SINCE JUL 1   5540                      5493     47     5474

 COOLING
  TODAY            0                         0      0        0
  MONTH TO DATE    0                         0      0        0
  SINCE MAR 1      0                         0      0        0
  SINCE JAN 1      0                         0      0        0
..................................................................


WIND (MPH)
  HIGHEST WIND SPEED    21   HIGHEST WIND DIRECTION    SW (210)
  HIGHEST GUST SPEED    25   HIGHEST GUST DIRECTION    SW (210)
  AVERAGE WIND SPEED    11.6


SKY COVER **
  POSSIBLE SUNSHINE  MM
  AVERAGE SKY COVER 0.5


WEATHER CONDITIONS
 THE FOLLOWING WEATHER WAS RECORDED TODAY.
  NO SIGNIFICANT WEATHER WAS OBSERVED.


RELATIVE HUMIDITY (PERCENT)
 HIGHEST    72          1200 AM
 LOWEST     12           400 PM
 AVERAGE    42

..........................................................


THE DENVER CO CLIMATE NORMALS FOR TOMORROW
                         NORMAL    RECORD    YEAR
 MAXIMUM TEMPERATURE (F)   61        84      1985
 MINIMUM TEMPERATURE (F)   33        22      2013
                                             1999
                                             1961


SUNRISE AND SUNSET
APRIL 15 2014.........SUNRISE   621 AM MDT   SUNSET   736 PM MDT
APRIL 16 2014.........SUNRISE   620 AM MDT   SUNSET   737 PM MDT


-  INDICATES NEGATIVE NUMBERS.
R  INDICATES RECORD WAS SET OR TIED.
MM INDICATES DATA IS MISSING.
T  INDICATES TRACE AMOUNT.




$$
