000
CDUS45 KBOU 180802
CLIDEN


CLIMATE REPORT
NATIONAL WEATHER SERVICE DENVER CO
101 AM MST THU DEC 18 2014


...................................

...THE DENVER CO CLIMATE SUMMARY FOR DECEMBER 17 2014...

CLIMATE NORMAL PERIOD 1981 TO 2010
CLIMATE RECORD PERIOD 1872 TO 2014


WEATHER ITEM   OBSERVED TIME   RECORD YEAR NORMAL DEPARTURE LAST
                VALUE   (LST)  VALUE       VALUE  FROM      YEAR
                                                  NORMAL
..................................................................
TEMPERATURE (F)
 YESTERDAY
  MAXIMUM         40    304 PM  73    1980  42     -2       62
  MINIMUM         19    740 AM -13    1909  17      2       26
  AVERAGE         30                        29      1       44

PRECIPITATION (IN)
  YESTERDAY        0.00          0.42 1934   0.01  -0.01     0.00
  MONTH TO DATE    0.08                      0.20  -0.12     0.14
  SINCE DEC 1      0.08                      0.20  -0.12     0.14
  SINCE JAN 1     18.26                     14.15   4.11    17.49

SNOWFALL (IN)
  YESTERDAY        0.0
  MONTH TO DATE      T
  SINCE DEC 1        T
  SINCE JUL 1        4
  SNOW DEPTH       0


DEGREE DAYS
 HEATING
  YESTERDAY       35                        36     -1       21
  MONTH TO DATE  457                       591   -134      683
  SINCE DEC 1    457                       591   -134      683
  SINCE JUL 1   1711                      1973   -262     2006

 COOLING
  YESTERDAY        0                         0      0        0
  MONTH TO DATE    0                         0      0        0
  SINCE DEC 1      0                         0      0        0
  SINCE JAN 1    701                       769    -68      999
..................................................................


WIND (MPH)
  HIGHEST WIND SPEED     9   HIGHEST WIND DIRECTION     S (160)
  HIGHEST GUST SPEED    16   HIGHEST GUST DIRECTION     W (260)
  AVERAGE WIND SPEED     3.8


SKY COVER **
  POSSIBLE SUNSHINE  MM
  AVERAGE SKY COVER 0.8


WEATHER CONDITIONS
 THE FOLLOWING WEATHER WAS RECORDED YESTERDAY.
  FOG


RELATIVE HUMIDITY (PERCENT)
 HIGHEST    88          1200 AM
 LOWEST     56          1100 AM
 AVERAGE    72

..........................................................


THE DENVER CO CLIMATE NORMALS FOR TODAY
                         NORMAL    RECORD    YEAR
 MAXIMUM TEMPERATURE (F)   42        68      2013
 MINIMUM TEMPERATURE (F)   17       -12      1909


SUNRISE AND SUNSET
DECEMBER 18 2014......SUNRISE   715 AM MST   SUNSET   436 PM MST
DECEMBER 19 2014......SUNRISE   715 AM MST   SUNSET   436 PM MST


-  INDICATES NEGATIVE NUMBERS.
R  INDICATES RECORD WAS SET OR TIED.
MM INDICATES DATA IS MISSING.
T  INDICATES TRACE AMOUNT.

&&

** SUNSHINE DATA WILL NO LONGER BE AVAILABLE EFFECTIVE OCTOBER 1ST 2009.




$$
