000
CDUS45 KBOU 252331
CLIDEN


CLIMATE REPORT
NATIONAL WEATHER SERVICE DENVER/BOULDER CO
531 PM MDT MON SEP 25 2017


...................................

...THE DENVER CO CLIMATE SUMMARY FOR SEPTEMBER 25 2017...
VALID TODAY AS OF 0500 PM LOCAL TIME.

CLIMATE NORMAL PERIOD 1981 TO 2010
CLIMATE RECORD PERIOD 1872 TO 2017


WEATHER ITEM   OBSERVED TIME   RECORD YEAR NORMAL DEPARTURE LAST
                VALUE   (LST)  VALUE       VALUE  FROM      YEAR
                                                  NORMAL
..................................................................
TEMPERATURE (F)
 TODAY
  MAXIMUM         55    225 PM  91    1998  75    -20       68
  MINIMUM         44    636 AM  25    1926  44      0       39
  AVERAGE         50                        59     -9       54

PRECIPITATION (IN)
  TODAY            0.04          1.13 1915   0.03   0.01     0.00
  MONTH TO DATE    0.94                      0.80   0.14     0.28
  SINCE SEP 1      0.94                      0.80   0.14     0.28
  SINCE JAN 1      9.91                     12.16  -2.25    10.29

DEGREE DAYS
 HEATING
  TODAY           15                         7      8       11
  MONTH TO DATE   70                        85    -15       56
  SINCE SEP 1     70                        85    -15       56
  SINCE JUL 1     78                       101    -23       71

 COOLING
  TODAY            0                         1     -1        0
  MONTH TO DATE  131                        72     59       96
  SINCE SEP 1    131                        72     59       96
  SINCE JAN 1    880                       760    120      858
..................................................................


WIND (MPH)
  HIGHEST WIND SPEED    16   HIGHEST WIND DIRECTION     N (10)
  HIGHEST GUST SPEED    19   HIGHEST GUST DIRECTION     N (360)
  AVERAGE WIND SPEED     8.0


SKY COVER **
  POSSIBLE SUNSHINE  MM
  AVERAGE SKY COVER 0.9


WEATHER CONDITIONS
 THE FOLLOWING WEATHER WAS RECORDED TODAY.
  LIGHT RAIN
  FOG
  HAZE


RELATIVE HUMIDITY (PERCENT)
 HIGHEST    93          1200 AM
 LOWEST     59           200 PM
 AVERAGE    76

..........................................................


THE DENVER CO CLIMATE NORMALS FOR TOMORROW
                         NORMAL    RECORD    YEAR
 MAXIMUM TEMPERATURE (F)   74        90      2010
                                             1892
 MINIMUM TEMPERATURE (F)   44        28      1927


SUNRISE AND SUNSET
SEPTEMBER 25 2017.....SUNRISE   650 AM MDT   SUNSET   651 PM MDT
SEPTEMBER 26 2017.....SUNRISE   651 AM MDT   SUNSET   649 PM MDT


-  INDICATES NEGATIVE NUMBERS.
R  INDICATES RECORD WAS SET OR TIED.
MM INDICATES DATA IS MISSING.
T  INDICATES TRACE AMOUNT.




$$
