000
CDUS45 KBOU 032230
CLIDEN


CLIMATE REPORT
NATIONAL WEATHER SERVICE DENVER CO
430 PM MDT THU SEP 3 2015


...................................

...THE DENVER CO CLIMATE SUMMARY FOR SEPTEMBER 3 2015...
VALID TODAY AS OF 0400 PM LOCAL TIME.

CLIMATE NORMAL PERIOD 1981 TO 2010
CLIMATE RECORD PERIOD 1872 TO 2015


WEATHER ITEM   OBSERVED TIME   RECORD YEAR NORMAL DEPARTURE LAST
                VALUE   (LST)  VALUE       VALUE  FROM      YEAR
                                                  NORMAL
..................................................................
TEMPERATURE (F)
 TODAY
  MAXIMUM         87    219 PM  95    1995  83      4       94
  MINIMUM         63    358 AM  33    1961  53     10       60
  AVERAGE         75                        68      7       77

PRECIPITATION (IN)
  TODAY            T             1.00 1961   0.03  -0.03     0.00
  MONTH TO DATE    T                         0.09  -0.09     0.00
  SINCE SEP 1      T                         0.09  -0.09     0.00
  SINCE JAN 1     13.60                     11.45   2.15    15.11

DEGREE DAYS
 HEATING
  TODAY            0                         1     -1        0
  MONTH TO DATE    0                         3     -3        0
  SINCE SEP 1      0                         3     -3        0
  SINCE JUL 1     18                        19     -1        7

 COOLING
  TODAY           10                         5      5       12
  MONTH TO DATE   30                        15     15       14
  SINCE SEP 1     30                        15     15       14
  SINCE JAN 1    743                       703     40      627
..................................................................


WIND (MPH)
  HIGHEST WIND SPEED    15   HIGHEST WIND DIRECTION    NE (60)
  HIGHEST GUST SPEED    20   HIGHEST GUST DIRECTION    NE (60)
  AVERAGE WIND SPEED     7.0


SKY COVER **
  POSSIBLE SUNSHINE  MM
  AVERAGE SKY COVER 0.6


WEATHER CONDITIONS
 THE FOLLOWING WEATHER WAS RECORDED TODAY.
  NO SIGNIFICANT WEATHER WAS OBSERVED.


RELATIVE HUMIDITY (PERCENT)
 HIGHEST    42           200 AM
 LOWEST     21           200 PM
 AVERAGE    32

..........................................................


THE DENVER CO CLIMATE NORMALS FOR TOMORROW
                         NORMAL    RECORD    YEAR
 MAXIMUM TEMPERATURE (F)   83        97      1995
 MINIMUM TEMPERATURE (F)   53        40      1968


SUNRISE AND SUNSET
SEPTEMBER  3 2015.....SUNRISE   628 AM MST   SUNSET   729 PM MST
SEPTEMBER  4 2015.....SUNRISE   629 AM MST   SUNSET   727 PM MST


-  INDICATES NEGATIVE NUMBERS.
R  INDICATES RECORD WAS SET OR TIED.
MM INDICATES DATA IS MISSING.
T  INDICATES TRACE AMOUNT.




$$
