000
CDUS45 KBOU 281229
CLIDEN


CLIMATE REPORT
NATIONAL WEATHER SERVICE DENVER/BOULDER CO
629 AM MDT TUE MAR 28 2017


...................................

...THE DENVER CO CLIMATE SUMMARY FOR MARCH 28 2017...
VALID AS OF 0600 AM LOCAL TIME.

CLIMATE NORMAL PERIOD 1981 TO 2010
CLIMATE RECORD PERIOD 1872 TO 2017


WEATHER ITEM   OBSERVED TIME   RECORD YEAR NORMAL DEPARTURE LAST
                VALUE   (LST)  VALUE       VALUE  FROM      YEAR
                                                  NORMAL
..................................................................
TEMPERATURE (F)
 TODAY
  MAXIMUM         45    354 AM  83    1963  58    -13       65
  MINIMUM         44    459 AM -11    1886  29     15       29
  AVERAGE         45                        43      2       47

PRECIPITATION (IN)
  TODAY            T             1.11 1992   0.04  -0.04     0.00
  MONTH TO DATE    0.55                      0.80  -0.25     1.09
  SINCE MAR 1      0.55                      0.80  -0.25     1.09
  SINCE JAN 1      1.32                      1.58  -0.26     2.07

..................................................................


WIND (MPH)
  HIGHEST WIND SPEED    12   HIGHEST WIND DIRECTION     W (260)
  HIGHEST GUST SPEED    14   HIGHEST GUST DIRECTION     W (270)
  AVERAGE WIND SPEED     7.3




RELATIVE HUMIDITY (PERCENT)
 HIGHEST    89          1200 AM
 LOWEST     83           300 AM
 AVERAGE    86

..........................................................


THE DENVER CO CLIMATE NORMALS FOR TOMORROW
                         NORMAL    RECORD    YEAR
 MAXIMUM TEMPERATURE (F)   58        79      1967
                                             1943
                                             1879
 MINIMUM TEMPERATURE (F)   30         2      1886


SUNRISE AND SUNSET
MARCH 28 2017.........SUNRISE   648 AM MDT   SUNSET   719 PM MDT
MARCH 29 2017.........SUNRISE   647 AM MDT   SUNSET   720 PM MDT


-  INDICATES NEGATIVE NUMBERS.
R  INDICATES RECORD WAS SET OR TIED.
MM INDICATES DATA IS MISSING.
T  INDICATES TRACE AMOUNT.




$$
