000
CDUS45 KBOU 300757
CLIDEN


CLIMATE REPORT
NATIONAL WEATHER SERVICE DENVER CO
1256 AM MST FRI JAN 30 2015


...................................

...THE DENVER CO CLIMATE SUMMARY FOR JANUARY 29 2015...

CLIMATE NORMAL PERIOD 1981 TO 2010
CLIMATE RECORD PERIOD 1872 TO 2015


WEATHER ITEM   OBSERVED TIME   RECORD YEAR NORMAL DEPARTURE LAST
                VALUE   (LST)  VALUE       VALUE  FROM      YEAR
                                                  NORMAL
..................................................................
TEMPERATURE (F)
 YESTERDAY
  MAXIMUM         47    330 PM  67    1920  44      3       53
  MINIMUM         31    802 PM -12    1951  17     14       16
                                      1949
  AVERAGE         39                        31      8       35

PRECIPITATION (IN)
  YESTERDAY        0.00          0.60 1883   0.01  -0.01     0.00
  MONTH TO DATE    0.30                      0.38  -0.08     0.67
  SINCE DEC 1      0.89                      0.73   0.16     0.92
  SINCE JAN 1      0.30                      0.38  -0.08     0.67

SNOWFALL (IN)
  YESTERDAY        0.0
  MONTH TO DATE    6.9
  SINCE DEC 1     18.9
  SINCE JUL 1     22.9
  SNOW DEPTH       0


DEGREE DAYS
 HEATING
  YESTERDAY       26                        34     -8       30
  MONTH TO DATE  901                       991    -90      978
  SINCE DEC 1   1938                      2077   -139     2106
  SINCE JUL 1   3192                      3459   -267     3429

 COOLING
  YESTERDAY        0                         0      0        0
  MONTH TO DATE    0                         0      0        0
  SINCE DEC 1      0                         0      0        0
  SINCE JAN 1      0                         0      0        0
..................................................................


WIND (MPH)
  HIGHEST WIND SPEED    17   HIGHEST WIND DIRECTION     S (190)
  HIGHEST GUST SPEED    20   HIGHEST GUST DIRECTION     S (180)
  AVERAGE WIND SPEED     9.1


SKY COVER **
  POSSIBLE SUNSHINE  MM
  AVERAGE SKY COVER 0.9


WEATHER CONDITIONS
 THE FOLLOWING WEATHER WAS RECORDED YESTERDAY.
  NO SIGNIFICANT WEATHER WAS OBSERVED.


RELATIVE HUMIDITY (PERCENT)
 HIGHEST    76           100 AM
 LOWEST     41           100 PM
 AVERAGE    59

..........................................................


THE DENVER CO CLIMATE NORMALS FOR TODAY
                         NORMAL    RECORD    YEAR
 MAXIMUM TEMPERATURE (F)   44        71      1888
 MINIMUM TEMPERATURE (F)   17       -10      1985
                                             1872


SUNRISE AND SUNSET
JANUARY 30 2015.......SUNRISE   709 AM MST   SUNSET   514 PM MST
JANUARY 31 2015.......SUNRISE   708 AM MST   SUNSET   516 PM MST


-  INDICATES NEGATIVE NUMBERS.
R  INDICATES RECORD WAS SET OR TIED.
MM INDICATES DATA IS MISSING.
T  INDICATES TRACE AMOUNT.

&&

** SUNSHINE DATA WILL NO LONGER BE AVAILABLE EFFECTIVE OCTOBER 1ST 2009.




$$
