000
CDUS44 KSHV 300735
CLIDEQ


CLIMATE REPORT
NATIONAL WEATHER SERVICE SHREVEPORT, LA
232 AM CDT THU OCT 30 2014


...................................

...THE DE QUEEN CLIMATE SUMMARY FOR OCTOBER 29 2014...

CLIMATE NORMAL PERIOD 1981 TO 2010
CLIMATE RECORD PERIOD 1902 TO 2014


WEATHER ITEM   OBSERVED TIME   RECORD YEAR NORMAL DEPARTURE LAST
                VALUE   (LST)  VALUE       VALUE  FROM      YEAR
                                                  NORMAL
..................................................................
TEMPERATURE (F)
 YESTERDAY
  MAXIMUM         74    411 PM  89    1961  72      2       78
  MINIMUM         45   1159 PM  20    1952  46     -1       62
  AVERAGE         60                        59      1       70

PRECIPITATION (IN)
  YESTERDAY        0.00          3.94 1991   0.14  -0.14     0.00
  MONTH TO DATE    5.15                      4.29   0.86     2.56
  SINCE DEC 1     40.52                     43.85  -3.33    32.86
  SINCE JAN 1     38.59                     39.49  -0.90    28.81

SNOWFALL (IN)
  YESTERDAY        0.0
  MONTH TO DATE    0.0
  SINCE SEP 1      0.0
  SINCE JUL 1      0.0
  SNOW DEPTH       0

DEGREE DAYS
 HEATING
  YESTERDAY        5                         7     -2        0
  MONTH TO DATE   57                       111    -54      141
  SINCE SEP 1     58                       120    -62      141
  SINCE JUL 1     58                       120    -62      141

 COOLING
  YESTERDAY        0                         1     -1        5
  MONTH TO DATE   78                        69      9       84
  SINCE SEP 1    380                       342     38      457
  SINCE JAN 1   1710                      1934   -224     2020
..................................................................


WIND (MPH)
  HIGHEST WIND SPEED     9   HIGHEST WIND DIRECTION     E (90)
  HIGHEST GUST SPEED    12   HIGHEST GUST DIRECTION     E (80)
  AVERAGE WIND SPEED     1.4


SKY COVER
  POSSIBLE SUNSHINE  MM
  AVERAGE SKY COVER 0.4


WEATHER CONDITIONS
 THE FOLLOWING WEATHER WAS RECORDED YESTERDAY.
  FOG
  FOG W/VISIBILITY <= 1/4 MILE
  HAZE


RELATIVE HUMIDITY (PERCENT)
 HIGHEST   100          1200 AM
 LOWEST     33           200 PM
 AVERAGE    67

..........................................................


THE DE QUEEN CLIMATE NORMALS FOR TODAY
                         NORMAL    RECORD    YEAR
 MAXIMUM TEMPERATURE (F)   72        90      1937
 MINIMUM TEMPERATURE (F)   46        26      1980


SUNRISE AND SUNSET
OCTOBER 30 2014.......SUNRISE   735 AM CDT   SUNSET   627 PM CDT
OCTOBER 31 2014.......SUNRISE   736 AM CDT   SUNSET   626 PM CDT


-  INDICATES NEGATIVE NUMBERS.
R  INDICATES RECORD WAS SET OR TIED.
MM INDICATES DATA IS MISSING.
T  INDICATES TRACE AMOUNT.




$$
