000
CDUS44 KSHV 300738
CLIDEQ


CLIMATE REPORT
NATIONAL WEATHER SERVICE SHREVEPORT, LA
235 AM CDT TUE JUN 30 2015


...................................

...THE DE QUEEN CLIMATE SUMMARY FOR JUNE 29 2015...

CLIMATE NORMAL PERIOD 1981 TO 2010
CLIMATE RECORD PERIOD 1902 TO 2015


WEATHER ITEM   OBSERVED TIME   RECORD YEAR NORMAL DEPARTURE LAST
                VALUE   (LST)  VALUE       VALUE  FROM      YEAR
                                                  NORMAL
..................................................................
TEMPERATURE (F)
 YESTERDAY
  MAXIMUM         91    431 PM 102    1988  91      0       90
  MINIMUM         65    533 AM  55    1985  69     -4       78
  AVERAGE         78                        80     -2       84

PRECIPITATION (IN)
  YESTERDAY        0.00          1.36 1992   0.14  -0.14     0.00
  MONTH TO DATE    3.36                      4.37  -1.01     1.77
  SINCE DEC 1     34.83                     29.86   4.97    18.34
  SINCE JAN 1     33.11                     25.50   7.61    16.41

SNOWFALL (IN)
  YESTERDAY        0.0
  MONTH TO DATE    0.0
  SINCE JUN 1      0.0
  SINCE JUL 1      7.9
  SNOW DEPTH       0

DEGREE DAYS
 HEATING
  YESTERDAY        0                         0      0        0
  MONTH TO DATE    0                         0      0        0
  SINCE JUN 1      0                         0      0        0
  SINCE JUL 1   3107                      3042     65     3464

 COOLING
  YESTERDAY       13                        15     -2       19
  MONTH TO DATE  417                       362     55      305
  SINCE JUN 1    417                       362     55      305
  SINCE JAN 1    651                       579     72      512
..................................................................


WIND (MPH)
  HIGHEST WIND SPEED    14   HIGHEST WIND DIRECTION     W (250)
  HIGHEST GUST SPEED    17   HIGHEST GUST DIRECTION     W (250)
  AVERAGE WIND SPEED     4.1


SKY COVER
  POSSIBLE SUNSHINE  MM
  AVERAGE SKY COVER 0.2


WEATHER CONDITIONS
 THE FOLLOWING WEATHER WAS RECORDED YESTERDAY.
  FOG


RELATIVE HUMIDITY (PERCENT)
 HIGHEST   100           200 AM
 LOWEST     52           400 PM
 AVERAGE    76

..........................................................


THE DE QUEEN CLIMATE NORMALS FOR TODAY
                         NORMAL    RECORD    YEAR
 MAXIMUM TEMPERATURE (F)   91       102      1988
 MINIMUM TEMPERATURE (F)   69        53      1985


SUNRISE AND SUNSET
JUNE 30 2015..........SUNRISE   609 AM CDT   SUNSET   833 PM CDT
JULY  1 2015..........SUNRISE   610 AM CDT   SUNSET   833 PM CDT


-  INDICATES NEGATIVE NUMBERS.
R  INDICATES RECORD WAS SET OR TIED.
MM INDICATES DATA IS MISSING.
T  INDICATES TRACE AMOUNT.




$$
