000
CDUS44 KSHV 190733
CLIDEQ


CLIMATE REPORT
NATIONAL WEATHER SERVICE SHREVEPORT, LA
231 AM CDT SAT APR 19 2014


...................................

...THE DE QUEEN CLIMATE SUMMARY FOR APRIL 18 2014...

CLIMATE NORMAL PERIOD 1981 TO 2010
CLIMATE RECORD PERIOD 1902 TO 2014


WEATHER ITEM   OBSERVED TIME   RECORD YEAR NORMAL DEPARTURE LAST
                VALUE   (LST)  VALUE       VALUE  FROM      YEAR
                                                  NORMAL
..................................................................
TEMPERATURE (F)
 YESTERDAY
  MAXIMUM         77    333 PM  93    2006  75      2       77
  MINIMUM         43    608 AM  34    1999  49     -6       45
  AVERAGE         60                        62     -2       61

PRECIPITATION (IN)
  YESTERDAY        0.00          2.10 1977   0.13  -0.13     0.45
  MONTH TO DATE    3.08                      2.07   1.01     1.53
  SINCE DEC 1     10.10                     18.07  -7.97    11.08
  SINCE JAN 1      8.17                     13.71  -5.54     7.03

SNOWFALL (IN)
  YESTERDAY        0.0
  MONTH TO DATE    0.0
  SINCE MAR 1      T
  SINCE JUL 1      1.2
  SNOW DEPTH       0

DEGREE DAYS
 HEATING
  YESTERDAY        5                         4      1        4
  MONTH TO DATE  152                       117     35      116
  SINCE MAR 1    613                       494    119      582
  SINCE JUL 1   3385                      2985    400     2897

 COOLING
  YESTERDAY        0                         1     -1        0
  MONTH TO DATE   17                        18     -1       49
  SINCE MAR 1     18                        27     -9       49
  SINCE JAN 1     18                        29    -11       53
..................................................................


WIND (MPH)
  HIGHEST WIND SPEED    12   HIGHEST WIND DIRECTION     E (110)
  HIGHEST GUST SPEED    16   HIGHEST GUST DIRECTION    SE (120)
  AVERAGE WIND SPEED     2.3


SKY COVER
  POSSIBLE SUNSHINE  MM
  AVERAGE SKY COVER 0.1


WEATHER CONDITIONS
 THE FOLLOWING WEATHER WAS RECORDED YESTERDAY.
  FOG
  FOG W/VISIBILITY <= 1/4 MILE


RELATIVE HUMIDITY (PERCENT)
 HIGHEST   100           200 AM
 LOWEST     31           400 PM
 AVERAGE    66

..........................................................


THE DE QUEEN CLIMATE NORMALS FOR TODAY
                         NORMAL    RECORD    YEAR
 MAXIMUM TEMPERATURE (F)   75        94      1987
 MINIMUM TEMPERATURE (F)   49        30      1953


SUNRISE AND SUNSET
APRIL 19 2014.........SUNRISE   642 AM CDT   SUNSET   752 PM CDT
APRIL 20 2014.........SUNRISE   641 AM CDT   SUNSET   753 PM CDT


-  INDICATES NEGATIVE NUMBERS.
R  INDICATES RECORD WAS SET OR TIED.
MM INDICATES DATA IS MISSING.
T  INDICATES TRACE AMOUNT.




$$
