000
CDUS44 KSHV 220838
CLIDEQ


CLIMATE REPORT
NATIONAL WEATHER SERVICE SHREVEPORT, LA
238 AM CST MON DEC 22 2014


...................................

...THE DE QUEEN CLIMATE SUMMARY FOR DECEMBER 21 2014...

CLIMATE NORMAL PERIOD 1981 TO 2010
CLIMATE RECORD PERIOD 1902 TO 2014


WEATHER ITEM   OBSERVED TIME   RECORD YEAR NORMAL DEPARTURE LAST
                VALUE   (LST)  VALUE       VALUE  FROM      YEAR
                                                  NORMAL
..................................................................
TEMPERATURE (F)
 YESTERDAY
  MAXIMUM         53    424 PM  74    2010  54     -1       70
  MINIMUM         42    848 AM  11    1976  30     12       45
  AVERAGE         48                        42      6       58

PRECIPITATION (IN)
  YESTERDAY        0.00          1.25 1968   0.17  -0.17     1.11
  MONTH TO DATE    1.65                      2.67  -1.02     1.93
  SINCE DEC 1      1.65                      2.67  -1.02     1.93
  SINCE JAN 1     42.39                     47.30  -4.91    34.72

SNOWFALL (IN)
  YESTERDAY        0.0
  MONTH TO DATE    0.0
  SINCE DEC 1      0.0
  SINCE JUL 1      0.5
  SNOW DEPTH       0

DEGREE DAYS
 HEATING
  YESTERDAY       17                        23     -6        7
  MONTH TO DATE  370                       452    -82      434
  SINCE DEC 1    370                       452    -82      434
  SINCE JUL 1    992                       978     14     1047

 COOLING
  YESTERDAY        0                         0      0        0
  MONTH TO DATE    0                         0      0        3
  SINCE DEC 1      0                         0      0        3
  SINCE JAN 1   1712                      1941   -229     2032
..................................................................


WIND (MPH)
  HIGHEST WIND SPEED    12   HIGHEST WIND DIRECTION     S (170)
  HIGHEST GUST SPEED    16   HIGHEST GUST DIRECTION     S (170)
  AVERAGE WIND SPEED     5.1


SKY COVER
  POSSIBLE SUNSHINE  MM
  AVERAGE SKY COVER 1.0


WEATHER CONDITIONS
 THE FOLLOWING WEATHER WAS RECORDED YESTERDAY.
  FOG
  HAZE


RELATIVE HUMIDITY (PERCENT)
 HIGHEST    93          1200 AM
 LOWEST     66           100 PM
 AVERAGE    80

..........................................................


THE DE QUEEN CLIMATE NORMALS FOR TODAY
                         NORMAL    RECORD    YEAR
 MAXIMUM TEMPERATURE (F)   54        72      1974
 MINIMUM TEMPERATURE (F)   30         6      1989


SUNRISE AND SUNSET
DECEMBER 22 2014......SUNRISE   720 AM CST   SUNSET   513 PM CST
DECEMBER 23 2014......SUNRISE   720 AM CST   SUNSET   513 PM CST


-  INDICATES NEGATIVE NUMBERS.
R  INDICATES RECORD WAS SET OR TIED.
MM INDICATES DATA IS MISSING.
T  INDICATES TRACE AMOUNT.




$$
