000
CDUS44 KSHV 210854
CLIDEQ


CLIMATE REPORT
NATIONAL WEATHER SERVICE SHREVEPORT, LA
254 AM CST SAT JAN 21 2017


...................................

...THE DE QUEEN CLIMATE SUMMARY FOR JANUARY 20 2017...

CLIMATE NORMAL PERIOD 1981 TO 2010
CLIMATE RECORD PERIOD 1902 TO 2017


WEATHER ITEM   OBSERVED TIME   RECORD YEAR NORMAL DEPARTURE LAST
                VALUE   (LST)  VALUE       VALUE  FROM      YEAR
                                                  NORMAL
..................................................................
TEMPERATURE (F)
 YESTERDAY
  MAXIMUM         71    434 PM  80    1954  54     17       47
  MINIMUM         44   1159 PM   5    1985  29     15       35
  AVERAGE         58                        41     17       41

PRECIPITATION (IN)
  YESTERDAY        0.00          1.31 1938   0.09  -0.09     0.00
  MONTH TO DATE    2.59                      2.14   0.45     0.72
  SINCE DEC 1      5.30                      6.50  -1.20    11.00
  SINCE JAN 1      2.59                      2.14   0.45     0.72

SNOWFALL (IN)
  YESTERDAY        0.0
  MONTH TO DATE    0.3
  SINCE DEC 1      0.3
  SINCE JUL 1      0.3
  SNOW DEPTH       0

DEGREE DAYS
 HEATING
  YESTERDAY        7                        24    -17       24
  MONTH TO DATE  352                       474   -122      465
  SINCE DEC 1    943                      1157   -214      917
  SINCE JUL 1   1257                      1683   -426     1258

 COOLING
  YESTERDAY        0                         0      0        0
  MONTH TO DATE    3                         0      3        0
  SINCE DEC 1      5                         0      5        3
  SINCE JAN 1      3                         0      3        0
..................................................................


WIND (MPH)
  HIGHEST WIND SPEED    21   HIGHEST WIND DIRECTION     W (250)
  HIGHEST GUST SPEED    25   HIGHEST GUST DIRECTION     W (250)
  AVERAGE WIND SPEED     4.8


SKY COVER
  POSSIBLE SUNSHINE  MM
  AVERAGE SKY COVER 0.3


WEATHER CONDITIONS
 THE FOLLOWING WEATHER WAS RECORDED YESTERDAY.
  FOG


RELATIVE HUMIDITY (PERCENT)
 HIGHEST   100           100 AM
 LOWEST     31           400 PM
 AVERAGE    66

..........................................................


THE DE QUEEN CLIMATE NORMALS FOR TODAY
                         NORMAL    RECORD    YEAR
 MAXIMUM TEMPERATURE (F)   54        76      1986
 MINIMUM TEMPERATURE (F)   29         8      1985


SUNRISE AND SUNSET
JANUARY 21 2017.......SUNRISE   721 AM CST   SUNSET   538 PM CST
JANUARY 22 2017.......SUNRISE   720 AM CST   SUNSET   539 PM CST


-  INDICATES NEGATIVE NUMBERS.
R  INDICATES RECORD WAS SET OR TIED.
MM INDICATES DATA IS MISSING.
T  INDICATES TRACE AMOUNT.




$$
