000
CDUS44 KSHV 262249
CLIDEQ


CLIMATE REPORT
NATIONAL WEATHER SERVICE SHREVEPORT, LA
545 PM CDT THU MAR 26 2015


...................................

...THE DE QUEEN CLIMATE SUMMARY FOR MARCH 26 2015...
VALID TODAY AS OF 0500 PM LOCAL TIME.

CLIMATE NORMAL PERIOD 1981 TO 2010
CLIMATE RECORD PERIOD 1902 TO 2015


WEATHER ITEM   OBSERVED TIME   RECORD YEAR NORMAL DEPARTURE LAST
                VALUE   (LST)  VALUE       VALUE  FROM      YEAR
                                                  NORMAL
..................................................................
TEMPERATURE (F)
 TODAY
  MAXIMUM         MM        MM  83    2011  69     MM       58
                                      1956
  MINIMUM         MM        MM  19    1955  43     MM       30
  AVERAGE         MM                        56     MM       44

PRECIPITATION (IN)
  TODAY           MM             2.08 1967   0.18  MM        0.01
  MONTH TO DATE    4.98                      3.69   1.29     3.03
  SINCE DEC 1     14.61                     15.05  -0.44     6.90
  SINCE JAN 1     12.89                     10.69   2.20     4.97

SNOWFALL (IN)
  TODAY           MM
  MONTH TO DATE    2.6
  SINCE MAR 1      2.6
  SINCE JUL 1      7.9
  SNOW DEPTH      MM

DEGREE DAYS
 HEATING
  TODAY           MM                        10     MM       21
  MONTH TO DATE  316                       330    -14      427
  SINCE MAR 1    316                       330    -14      427
  SINCE JUL 1   2968                      2821    147     3199

 COOLING
  TODAY           MM                         0     MM        0
  MONTH TO DATE    2                         0      2        0
  SINCE MAR 1      2                         0      2        0
  SINCE JAN 1      2                         2      0        0
..................................................................


WIND (MPH)
  HIGHEST WIND SPEED    MM   HIGHEST WIND DIRECTION    MM
  HIGHEST GUST SPEED    MM   HIGHEST GUST DIRECTION    MM
  AVERAGE WIND SPEED    MM


SKY COVER
  POSSIBLE SUNSHINE  MM
  AVERAGE SKY COVER  MM


WEATHER CONDITIONS
 THE FOLLOWING WEATHER WAS RECORDED TODAY.
  NO SIGNIFICANT WEATHER WAS OBSERVED.


RELATIVE HUMIDITY (PERCENT)
 HIGHEST    MM
 LOWEST     MM
 AVERAGE    MM

..........................................................


THE DE QUEEN CLIMATE NORMALS FOR TOMORROW
                         NORMAL    RECORD    YEAR
 MAXIMUM TEMPERATURE (F)   69        85      1972
 MINIMUM TEMPERATURE (F)   43        17      1955


SUNRISE AND SUNSET
MARCH 26 2015.........SUNRISE   713 AM CDT   SUNSET   734 PM CDT
MARCH 27 2015.........SUNRISE   712 AM CDT   SUNSET   734 PM CDT


-  INDICATES NEGATIVE NUMBERS.
R  INDICATES RECORD WAS SET OR TIED.
MM INDICATES DATA IS MISSING.
T  INDICATES TRACE AMOUNT.




$$
