000
CDUS44 KSHV 132233
CLIDEQ


CLIMATE REPORT
NATIONAL WEATHER SERVICE SHREVEPORT, LA
432 PM CST SAT FEB 13 2016


...................................

...THE DE QUEEN CLIMATE SUMMARY FOR FEBRUARY 13 2016...
VALID TODAY AS OF 0400 PM LOCAL TIME.

CLIMATE NORMAL PERIOD 1981 TO 2010
CLIMATE RECORD PERIOD 1902 TO 2016


WEATHER ITEM   OBSERVED TIME   RECORD YEAR NORMAL DEPARTURE LAST
                VALUE   (LST)  VALUE       VALUE  FROM      YEAR
                                                  NORMAL
..................................................................
TEMPERATURE (F)
 TODAY
  MAXIMUM         53    356 PM  82    1962  58     -5       53
  MINIMUM         33    543 AM  13    1958  31      2       28
  AVERAGE         43                        45     -2       41

PRECIPITATION (IN)
  TODAY            0.00          1.53 1997   0.13  -0.13     0.00
  MONTH TO DATE    0.10                      1.96  -1.86     0.46
  SINCE DEC 1     11.25                      9.64   1.61     7.26
  SINCE JAN 1      0.97                      5.28  -4.31     5.54

SNOWFALL (IN)
  TODAY            0.0
  MONTH TO DATE    0.0
  SINCE DEC 1      0.0
  SINCE JUL 1      0.0
  SNOW DEPTH       0

DEGREE DAYS
 HEATING
  TODAY           22                        20      2       24
  MONTH TO DATE  255                       283    -28      258
  SINCE DEC 1   1389                      1693   -304     1594
  SINCE JUL 1   1730                      2219   -489     2216

 COOLING
  TODAY            0                         0      0        0
  MONTH TO DATE    0                         0      0        0
  SINCE DEC 1      3                         1      2        0
  SINCE JAN 1      0                         1     -1        0
..................................................................


WIND (MPH)
  HIGHEST WIND SPEED    18   HIGHEST WIND DIRECTION     E (80)
  HIGHEST GUST SPEED    24   HIGHEST GUST DIRECTION     E (100)
  AVERAGE WIND SPEED     7.4


SKY COVER
  POSSIBLE SUNSHINE  MM
  AVERAGE SKY COVER 0.0


WEATHER CONDITIONS
 THE FOLLOWING WEATHER WAS RECORDED TODAY.
  NO SIGNIFICANT WEATHER WAS OBSERVED.


RELATIVE HUMIDITY (PERCENT)
 HIGHEST    92           400 AM
 LOWEST     35           200 PM
 AVERAGE    64

..........................................................


THE DE QUEEN CLIMATE NORMALS FOR TOMORROW
                         NORMAL    RECORD    YEAR
 MAXIMUM TEMPERATURE (F)   58        82      1991
 MINIMUM TEMPERATURE (F)   32        18      1960


SUNRISE AND SUNSET
FEBRUARY 13 2016......SUNRISE   705 AM CST   SUNSET   559 PM CST
FEBRUARY 14 2016......SUNRISE   704 AM CST   SUNSET   600 PM CST


-  INDICATES NEGATIVE NUMBERS.
R  INDICATES RECORD WAS SET OR TIED.
MM INDICATES DATA IS MISSING.
T  INDICATES TRACE AMOUNT.




$$
