000
CDUS44 KSHV 012251
CLIDEQ


CLIMATE REPORT
NATIONAL WEATHER SERVICE SHREVEPORT, LA
445 PM CST SUN MAR 1 2015


...................................

...THE DE QUEEN CLIMATE SUMMARY FOR MARCH 1 2015...
VALID TODAY AS OF 0400 PM LOCAL TIME.

CLIMATE NORMAL PERIOD 1981 TO 2010
CLIMATE RECORD PERIOD 1902 TO 2015


WEATHER ITEM   OBSERVED TIME   RECORD YEAR NORMAL DEPARTURE LAST
                VALUE   (LST)  VALUE       VALUE  FROM      YEAR
                                                  NORMAL
..................................................................
TEMPERATURE (F)
 TODAY
  MAXIMUM         45    339 PM  84    2006  62    -17       69
  MINIMUM         35   1218 AM  17    1968  36     -1       45
  AVERAGE         40                        49     -9       57

PRECIPITATION (IN)
  TODAY           MM             2.02 1948   0.08  MM        0.00
  MONTH TO DATE   MM                         0.08  MM        0.00
  SINCE DEC 1      9.53                     11.44  -1.91     3.87
  SINCE JAN 1      7.81                      7.08   0.73     1.94

SNOWFALL (IN)
  TODAY            0.0
  MONTH TO DATE    0.0
  SINCE MAR 1      0.0
  SINCE JUL 1      4.8
  SNOW DEPTH       0

DEGREE DAYS
 HEATING
  TODAY           25                        16      9        8
  MONTH TO DATE   25                        16      9        8
  SINCE MAR 1     25                        16      9        8
  SINCE JUL 1   2677                      2507    170     2780

 COOLING
  TODAY            0                         0      0        0
  MONTH TO DATE    0                         0      0        0
  SINCE MAR 1      0                         0      0        0
  SINCE JAN 1      0                         2     -2        0
..................................................................


WIND (MPH)
  HIGHEST WIND SPEED     9   HIGHEST WIND DIRECTION    SE (120)
  HIGHEST GUST SPEED    12   HIGHEST GUST DIRECTION    SE (120)
  AVERAGE WIND SPEED     1.0


SKY COVER
  POSSIBLE SUNSHINE  MM
  AVERAGE SKY COVER 0.9


WEATHER CONDITIONS
 THE FOLLOWING WEATHER WAS RECORDED TODAY.
  RAIN
  LIGHT RAIN
  FOG


RELATIVE HUMIDITY (PERCENT)
 HIGHEST   100           400 AM
 LOWEST     89          1200 PM
 AVERAGE    95

..........................................................


THE DE QUEEN CLIMATE NORMALS FOR TOMORROW
                         NORMAL    RECORD    YEAR
 MAXIMUM TEMPERATURE (F)   63        82      1976
 MINIMUM TEMPERATURE (F)   37        20      1947


SUNRISE AND SUNSET
MARCH  1 2015.........SUNRISE   647 AM CST   SUNSET   614 PM CST
MARCH  2 2015.........SUNRISE   645 AM CST   SUNSET   615 PM CST


-  INDICATES NEGATIVE NUMBERS.
R  INDICATES RECORD WAS SET OR TIED.
MM INDICATES DATA IS MISSING.
T  INDICATES TRACE AMOUNT.




$$
