438
CDUS46 KOTX 240835
CLIDEW


CLIMATE REPORT
NATIONAL WEATHER SERVICE SPOKANE, WA
135 AM PDT SAT JUN 24 2017


...................................

...THE DEER_PARK WA AIRPORT CLIMATE SUMMARY FOR JUNE 23 2017...

CLIMATE NORMAL PERIOD 1981 TO 2010
CLIMATE RECORD PERIOD 9999 TO 9999


WEATHER ITEM   OBSERVED TIME   RECORD YEAR NORMAL DEPARTURE LAST
                VALUE   (LST)  VALUE       VALUE  FROM      YEAR
                                                  NORMAL
..................................................................
TEMPERATURE (F)
 YESTERDAY
  MAXIMUM         80    455 PM  MM      MM  75      5       76
  MINIMUM         38    419 AM  MM      MM  46     -8       44
  AVERAGE         59                        60     -1       60

PRECIPITATION (IN)
  YESTERDAY        0.00         MM      MM   0.06  -0.06      T
  MONTH TO DATE    0.93                      1.59  -0.66     0.63
  SINCE OCT 1     27.93                     19.15   8.78    21.00
  SINCE JAN 1     16.49                     11.33   5.16    12.01

SNOWFALL (IN)
  YESTERDAY       MM

DEGREE DAYS
 HEATING
  YESTERDAY        6                         5      1        5
  MONTH TO DATE  149                       167    -18      143
  SINCE JUN 1    149                       167    -18      143
  SINCE JUL 1   7467                      7381     86     6190

 COOLING
  YESTERDAY        0                         1     -1        0
  MONTH TO DATE    9                         6      3       25
  SINCE JUN 1      9                         6      3       25
  SINCE JAN 1     15                         9      6       25
..................................................................


WIND (MPH)
  HIGHEST WIND SPEED    15   HIGHEST WIND DIRECTION    NW (320)
  HIGHEST GUST SPEED    20   HIGHEST GUST DIRECTION     W (290)
  AVERAGE WIND SPEED     4.5


SKY COVER
  POSSIBLE SUNSHINE  MM
  AVERAGE SKY COVER 0.0


WEATHER CONDITIONS
 THE FOLLOWING WEATHER WAS RECORDED YESTERDAY.
  NO SIGNIFICANT WEATHER WAS OBSERVED.


RELATIVE HUMIDITY (PERCENT)
 HIGHEST    82           100 AM
 LOWEST     13           200 PM
 AVERAGE    48

..........................................................


THE DEER_PARK WA AIRPORT CLIMATE NORMALS FOR TODAY
                         NORMAL    RECORD    YEAR
 MAXIMUM TEMPERATURE (F)   76        MM        MM
 MINIMUM TEMPERATURE (F)   46        MM        MM


SUNRISE AND SUNSET
JUNE 24 2017..........SUNRISE   451 AM PDT   SUNSET   853 PM PDT
JUNE 25 2017..........SUNRISE   452 AM PDT   SUNSET   853 PM PDT


-  INDICATES NEGATIVE NUMBERS.
R  INDICATES RECORD WAS SET OR TIED.
MM INDICATES DATA IS MISSING.
T  INDICATES TRACE AMOUNT.




$$
