000
CDUS46 KOTX 170827
CLIDEW


CLIMATE REPORT
NATIONAL WEATHER SERVICE SPOKANE, WA
1227 AM PST TUE JAN 17 2017


...................................

...THE DEER_PARK WA AIRPORT CLIMATE SUMMARY FOR JANUARY 16 2017...

CLIMATE NORMAL PERIOD 1981 TO 2010
CLIMATE RECORD PERIOD 9999 TO 9999


WEATHER ITEM   OBSERVED TIME   RECORD YEAR NORMAL DEPARTURE LAST
                VALUE   (LST)  VALUE       VALUE  FROM      YEAR
                                                  NORMAL
..................................................................
TEMPERATURE (F)
 YESTERDAY
  MAXIMUM         17    322 PM  MM      MM  34    -17       33
  MINIMUM         -5   1219 AM  MM      MM  22    -27       30
  AVERAGE          6                        28    -22       32

PRECIPITATION (IN)
  YESTERDAY        0.00         MM      MM   0.09  -0.09     0.18
  MONTH TO DATE    0.56                      1.58  -1.02     1.14
  SINCE OCT 1     12.00                      9.40   2.60    10.13
  SINCE JAN 1      0.56                      1.58  -1.02     1.14

SNOWFALL (IN)
  YESTERDAY       MM

DEGREE DAYS
 HEATING
  YESTERDAY       59                        38     21       33
  MONTH TO DATE  878                       620    258      604
  SINCE DEC 1   2239                      1844    395     1696
  SINCE JUL 1   3880                      3847     33     3367

 COOLING
  YESTERDAY        0                         0      0        0
  MONTH TO DATE    0                         0      0        0
  SINCE DEC 1      0                         0      0        0
  SINCE JAN 1      0                         0      0        0
..................................................................


WIND (MPH)
  HIGHEST WIND SPEED     7   HIGHEST WIND DIRECTION     W (290)
  HIGHEST GUST SPEED     8   HIGHEST GUST DIRECTION    NW (300)
  AVERAGE WIND SPEED     0.8


SKY COVER
  POSSIBLE SUNSHINE  MM
  AVERAGE SKY COVER 0.6


WEATHER CONDITIONS
 THE FOLLOWING WEATHER WAS RECORDED YESTERDAY.
  FOG
  FOG W/VISIBILITY <= 1/4 MILE
  HAZE


RELATIVE HUMIDITY (PERCENT)
 HIGHEST    95           500 AM
 LOWEST     79           100 AM
 AVERAGE    87

..........................................................


THE DEER_PARK WA AIRPORT CLIMATE NORMALS FOR TODAY
                         NORMAL    RECORD    YEAR
 MAXIMUM TEMPERATURE (F)   34        MM        MM
 MINIMUM TEMPERATURE (F)   22        MM        MM


SUNRISE AND SUNSET
JANUARY 17 2017.......SUNRISE   733 AM PST   SUNSET   427 PM PST
JANUARY 18 2017.......SUNRISE   732 AM PST   SUNSET   429 PM PST


-  INDICATES NEGATIVE NUMBERS.
R  INDICATES RECORD WAS SET OR TIED.
MM INDICATES DATA IS MISSING.
T  INDICATES TRACE AMOUNT.




$$
