000
CDUS44 KFWD 170640
CLIDFW


CLIMATE REPORT
NATIONAL WEATHER SERVICE FORT WORTH TX
1240 AM CST TUE JAN 17 2017


...................................

...THE DALLAS FORT WORTH CLIMATE SUMMARY FOR JANUARY 16 2017...

CLIMATE NORMAL PERIOD 1981 TO 2010
CLIMATE RECORD PERIOD 1898 TO 2017


WEATHER ITEM   OBSERVED TIME   RECORD YEAR NORMAL DEPARTURE LAST
                VALUE   (LST)  VALUE       VALUE  FROM      YEAR
                                                  NORMAL
..................................................................
TEMPERATURE (F)
 YESTERDAY
  MAXIMUM         66    416 PM  81    1935  56     10       48
  MINIMUM         48    900 AM  11    1930  35     13       35
  AVERAGE         57                        46     11       42

PRECIPITATION (IN)
  YESTERDAY        0.01          2.27 2004   0.07  -0.06     0.01
  MONTH TO DATE    3.96                      1.00   2.96     0.85
  SINCE DEC 1      4.56                      3.55   1.01     4.68
  SINCE JAN 1      3.96                      1.00   2.96     0.85

SNOWFALL (IN)
  YESTERDAY        0.0           4.3  1964   0.0    0.0      0.0
  MONTH TO DATE    0.1                       0.1    0.0      0.0
  SINCE DEC 1      0.1                       0.4   -0.3       T
  SINCE JUL 1      0.1                       0.4   -0.3       T
  SNOW DEPTH       0

DEGREE DAYS
 HEATING
  YESTERDAY        8                        19    -11       23
  MONTH TO DATE  273                       315    -42      297
  SINCE DEC 1    757                       873   -116      653
  SINCE JUL 1    859                      1227   -368      868

 COOLING
  YESTERDAY        0                         0      0        0
  MONTH TO DATE    6                         0      6        0
  SINCE DEC 1     22                         4     18        9
  SINCE JAN 1      6                         0      6        0
..................................................................


WIND (MPH)
  HIGHEST WIND SPEED    14   HIGHEST WIND DIRECTION    NW (310)
  HIGHEST GUST SPEED    20   HIGHEST GUST DIRECTION     W (290)
  AVERAGE WIND SPEED     6.6


SKY COVER
  POSSIBLE SUNSHINE  MM
  AVERAGE SKY COVER 0.5


WEATHER CONDITIONS
 THE FOLLOWING WEATHER WAS RECORDED YESTERDAY.
  RAIN
  LIGHT RAIN
  FOG
  FOG W/VISIBILITY <= 1/4 MILE


RELATIVE HUMIDITY (PERCENT)
 HIGHEST   100           400 AM
 LOWEST     48           400 PM
 AVERAGE    74

..........................................................


THE DALLAS FORT WORTH CLIMATE NORMALS FOR TODAY
                         NORMAL    RECORD    YEAR
 MAXIMUM TEMPERATURE (F)   56        79      1952
 MINIMUM TEMPERATURE (F)   35         2      1930


SUNRISE AND SUNSET
JANUARY 17 2017.......SUNRISE   730 AM CST   SUNSET   547 PM CST
JANUARY 18 2017.......SUNRISE   730 AM CST   SUNSET   548 PM CST


-  INDICATES NEGATIVE NUMBERS.
R  INDICATES RECORD WAS SET OR TIED.
MM INDICATES DATA IS MISSING.
T  INDICATES TRACE AMOUNT.




$$
