000
CDUS44 KFWD 082220
CLIDFW


CLIMATE REPORT
NATIONAL WEATHER SERVICE FORT WORTH TX
420 PM CST THU DEC 8 2016


...................................

...THE DALLAS FORT WORTH CLIMATE SUMMARY FOR DECEMBER 8 2016...
VALID AS OF 0400 PM LOCAL TIME.

CLIMATE NORMAL PERIOD 1981 TO 2010
CLIMATE RECORD PERIOD 1898 TO 2016


WEATHER ITEM   OBSERVED TIME   RECORD YEAR NORMAL DEPARTURE LAST
                VALUE   (LST)  VALUE       VALUE  FROM      YEAR
                                                  NORMAL
..................................................................
TEMPERATURE (F)
 TODAY
  MAXIMUM         40   1211 AM  80    1977  58    -18       72
  MINIMUM         32   1035 AM  13    1917  38     -6       44
  AVERAGE         36

PRECIPITATION (IN)
  TODAY            0.00          1.48 1971   0.09  -0.09     0.00
  MONTH TO DATE    0.55                      0.68  -0.13     0.00
  SINCE DEC 1      0.55                      0.68  -0.13     0.00
  SINCE JAN 1     35.43                     34.27   1.16    58.78

SNOWFALL (IN)
  TODAY            0.0           0.2  1901   0.0    0.0      0.0
  MONTH TO DATE    0.0                       0.0    0.0      0.0
  SINCE DEC 1      0.0                       0.0    0.0      0.0
  SINCE JUL 1      0.0                       T      0.0      0.0
  SNOW DEPTH       0

..................................................................


WIND (MPH)
  HIGHEST WIND SPEED    28   HIGHEST WIND DIRECTION     N (20)
  HIGHEST GUST SPEED    34   HIGHEST GUST DIRECTION     N (10)
  AVERAGE WIND SPEED    18.7




..........................................................


THE DALLAS FORT WORTH CLIMATE NORMALS FOR TOMORROW
                         NORMAL    RECORD    YEAR
 MAXIMUM TEMPERATURE (F)   58        79      1906
 MINIMUM TEMPERATURE (F)   38        15      2005


SUNRISE AND SUNSET
DECEMBER  8 2016......SUNRISE   719 AM CST   SUNSET   522 PM CST
DECEMBER  9 2016......SUNRISE   720 AM CST   SUNSET   522 PM CST


-  INDICATES NEGATIVE NUMBERS.
R  INDICATES RECORD WAS SET OR TIED.
MM INDICATES DATA IS MISSING.
T  INDICATES TRACE AMOUNT.




$$
