000
CDUS44 KFWD 260638
CLIDFW

CLIMATE REPORT
NATIONAL WEATHER SERVICE FORT WORTH TX
1236 AM CST WED NOV 26 2014


...................................

...THE DALLAS FORT WORTH CLIMATE SUMMARY FOR NOVEMBER 25 2014...

CLIMATE NORMAL PERIOD 1981 TO 2010
CLIMATE RECORD PERIOD 1898 TO 2014


WEATHER ITEM   OBSERVED TIME   RECORD YEAR NORMAL DEPARTURE LAST
                VALUE   (LST)  VALUE       VALUE  FROM      YEAR
                                                  NORMAL
..................................................................
TEMPERATURE (F)
 YESTERDAY
  MAXIMUM         61    405 PM  88    1965  63     -2       39
  MINIMUM         35    404 AM  23    1993  42     -7       32
  AVERAGE         48                        53     -5       36

PRECIPITATION (IN)
  YESTERDAY        0.00          1.41 1940   0.07  -0.07     0.52
  MONTH TO DATE    2.13                      2.33  -0.20     2.12
  SINCE SEP 1      4.28                      9.10  -4.82     7.97
  SINCE JAN 1     20.19                     33.21 -13.02    26.64

SNOWFALL (IN)
  YESTERDAY        0.0           0.3  1993   0.0    0.0       T
  MONTH TO DATE    T                         0.0    0.0       T
  SINCE SEP 1      T                         0.0    0.0       T
  SINCE JUL 1      T                         0.0    0.0       T
  SNOW DEPTH       0

DEGREE DAYS
 HEATING
  YESTERDAY       17                        13      4       29
  MONTH TO DATE  360                       213    147      254
  SINCE SEP 1    373                       285     88      298
  SINCE JUL 1    373                       285     88      298

 COOLING
  YESTERDAY        0                         0      0        0
  MONTH TO DATE    0                        27    -27       18
  SINCE SEP 1    690                       568    122      702
  SINCE JAN 1   2946                      2750    196     2930
..................................................................


WIND (MPH)
  HIGHEST WIND SPEED    16   HIGHEST WIND DIRECTION     W (290)
  HIGHEST GUST SPEED    20   HIGHEST GUST DIRECTION     W (250)
  AVERAGE WIND SPEED     6.9


SKY COVER
  POSSIBLE SUNSHINE  MM
  AVERAGE SKY COVER 0.2


WEATHER CONDITIONS
 THE FOLLOWING WEATHER WAS RECORDED YESTERDAY.
  NO SIGNIFICANT WEATHER WAS OBSERVED.


RELATIVE HUMIDITY (PERCENT)
 HIGHEST    82           500 AM
 LOWEST     27           200 PM
 AVERAGE    55

..........................................................


THE DALLAS FORT WORTH CLIMATE NORMALS FOR TODAY
                         NORMAL    RECORD    YEAR
 MAXIMUM TEMPERATURE (F)   62        88      1965
 MINIMUM TEMPERATURE (F)   42        23      1993


SUNRISE AND SUNSET
NOVEMBER 26 2014......SUNRISE   708 AM CST   SUNSET   522 PM CST
NOVEMBER 27 2014......SUNRISE   709 AM CST   SUNSET   522 PM CST


-  INDICATES NEGATIVE NUMBERS.
R  INDICATES RECORD WAS SET OR TIED.
MM INDICATES DATA IS MISSING.
T  INDICATES TRACE AMOUNT.




$$
