000
CDUS44 KFWD 242224
CLIDFW

CLIMATE REPORT
NATIONAL WEATHER SERVICE FORT WORTH TX
423 PM CST MON NOV 24 2014


...................................

...THE DALLAS FORT WORTH CLIMATE SUMMARY FOR NOVEMBER 24 2014...
VALID AS OF 0400 PM LOCAL TIME.

CLIMATE NORMAL PERIOD 1981 TO 2010
CLIMATE RECORD PERIOD 1898 TO 2014


WEATHER ITEM   OBSERVED TIME   RECORD YEAR NORMAL DEPARTURE LAST
                VALUE   (LST)  VALUE       VALUE  FROM      YEAR
                                                  NORMAL
..................................................................
TEMPERATURE (F)
 TODAY
  MAXIMUM         60    341 PM  87    1965  63     -3       37
                                      1910
  MINIMUM         42    735 AM  22    1950  43     -1       33
  AVERAGE         51

PRECIPITATION (IN)
  TODAY            0.00          2.79 1944   0.07  -0.07     0.02
  MONTH TO DATE    2.13                      2.26  -0.13     1.60
  SINCE SEP 1      4.28                      9.03  -4.75     7.45
  SINCE JAN 1     20.19                     33.14 -12.95    26.12

SNOWFALL (IN)
  TODAY            0.0           T    2013   0.0    0.0       T
                                      1996
                                      1957
  MONTH TO DATE    T                         0.0    0.0       T
  SINCE SEP 1      T                         0.0    0.0       T
  SINCE JUL 1      T                         0.0    0.0       T
  SNOW DEPTH       0

..................................................................


WIND (MPH)
  HIGHEST WIND SPEED    20   HIGHEST WIND DIRECTION    NW (320)
  HIGHEST GUST SPEED    23   HIGHEST GUST DIRECTION    NW (320)
  AVERAGE WIND SPEED     9.3




..........................................................


THE DALLAS FORT WORTH CLIMATE NORMALS FOR TOMORROW
                         NORMAL    RECORD    YEAR
 MAXIMUM TEMPERATURE (F)   63        88      1965
 MINIMUM TEMPERATURE (F)   42        23      1993


SUNRISE AND SUNSET
NOVEMBER 24 2014......SUNRISE   707 AM CST   SUNSET   523 PM CST
NOVEMBER 25 2014......SUNRISE   708 AM CST   SUNSET   522 PM CST


-  INDICATES NEGATIVE NUMBERS.
R  INDICATES RECORD WAS SET OR TIED.
MM INDICATES DATA IS MISSING.
T  INDICATES TRACE AMOUNT.




$$
