000
CDUS44 KFWD 220642
CLIDFW


CLIMATE REPORT
NATIONAL WEATHER SERVICE FORT WORTH TX
1241 AM CST WED FEB 22 2017


...................................

...THE DALLAS FORT WORTH CLIMATE SUMMARY FOR FEBRUARY 21 2017...

CLIMATE NORMAL PERIOD 1981 TO 2010
CLIMATE RECORD PERIOD 1898 TO 2017


WEATHER ITEM   OBSERVED TIME   RECORD YEAR NORMAL DEPARTURE LAST
                VALUE   (LST)  VALUE       VALUE  FROM      YEAR
                                                  NORMAL
..................................................................
TEMPERATURE (F)
 YESTERDAY
  MAXIMUM         77    451 PM  95    1996  62     15       72
  MINIMUM         51    701 AM  18    1939  41     10       54
  AVERAGE         64                        51     13       63

PRECIPITATION (IN)
  YESTERDAY        0.00          2.29 1928   0.09  -0.09     0.35
  MONTH TO DATE    2.02                      1.93   0.09     0.35
  SINCE DEC 1      7.01                      6.61   0.40     5.22
  SINCE JAN 1      6.41                      4.06   2.35     1.39

SNOWFALL (IN)
  YESTERDAY        0.0           3.1  1938   0.1   -0.1      0.0
  MONTH TO DATE    0.0                       0.8   -0.8      0.0
  SINCE DEC 1      0.1                       1.3   -1.2       T
  SINCE JUL 1      0.1                       1.3   -1.2       T
  SNOW DEPTH       0

DEGREE DAYS
 HEATING
  YESTERDAY        1                        14    -13        2
  MONTH TO DATE  136                       337   -201      209
  SINCE DEC 1   1047                      1488   -441     1115
  SINCE JUL 1   1149                      1842   -693     1330

 COOLING
  YESTERDAY        0                         0      0        0
  MONTH TO DATE   37                         0     37       11
  SINCE DEC 1     59                         6     53       20
  SINCE JAN 1     43                         2     41       11
..................................................................


WIND (MPH)
  HIGHEST WIND SPEED    24   HIGHEST WIND DIRECTION    NW (320)
  HIGHEST GUST SPEED    28   HIGHEST GUST DIRECTION    NW (310)
  AVERAGE WIND SPEED    11.7


SKY COVER
  POSSIBLE SUNSHINE  MM
  AVERAGE SKY COVER 0.1


WEATHER CONDITIONS
 THE FOLLOWING WEATHER WAS RECORDED YESTERDAY.
  FOG


RELATIVE HUMIDITY (PERCENT)
 HIGHEST   100           300 AM
 LOWEST     29           400 PM
 AVERAGE    65

..........................................................


THE DALLAS FORT WORTH CLIMATE NORMALS FOR TODAY
                         NORMAL    RECORD    YEAR
 MAXIMUM TEMPERATURE (F)   62        93      1996
 MINIMUM TEMPERATURE (F)   41        19      1963


SUNRISE AND SUNSET
FEBRUARY 22 2017......SUNRISE   704 AM CST   SUNSET   620 PM CST
FEBRUARY 23 2017......SUNRISE   703 AM CST   SUNSET   621 PM CST


-  INDICATES NEGATIVE NUMBERS.
R  INDICATES RECORD WAS SET OR TIED.
MM INDICATES DATA IS MISSING.
T  INDICATES TRACE AMOUNT.




$$
