395
CDUS44 KFWD 222125
CLIDFW


CLIMATE REPORT
NATIONAL WEATHER SERVICE FORT WORTH TX
424 PM CDT TUE AUG 22 2017


...................................

...THE DALLAS FORT WORTH CLIMATE SUMMARY FOR AUGUST 22 2017...
VALID AS OF 0400 PM LOCAL TIME.

CLIMATE NORMAL PERIOD 1981 TO 2010
CLIMATE RECORD PERIOD 1898 TO 2017


WEATHER ITEM   OBSERVED TIME   RECORD YEAR NORMAL DEPARTURE LAST
                VALUE   (LST)  VALUE       VALUE  FROM      YEAR
                                                  NORMAL
..................................................................
TEMPERATURE (F)
 TODAY
  MAXIMUM         99    235 PM 105    2010  96      3       90
                                      1980
  MINIMUM         79    620 AM  61    1956  75      4       74
  AVERAGE         89

PRECIPITATION (IN)
  TODAY            0.00          2.47 1916   0.06  -0.06     0.08
  MONTH TO DATE    3.38                      1.23   2.15     4.34
  SINCE JUN 1     15.94                      7.18   8.76    11.83
  SINCE JAN 1     27.80                     23.43   4.37    28.59

..................................................................


WIND (MPH)
  HIGHEST WIND SPEED    16   HIGHEST WIND DIRECTION     S (170)
  HIGHEST GUST SPEED    20   HIGHEST GUST DIRECTION     S (170)
  AVERAGE WIND SPEED     8.6




..........................................................


THE DALLAS FORT WORTH CLIMATE NORMALS FOR TOMORROW
                         NORMAL    RECORD    YEAR
 MAXIMUM TEMPERATURE (F)   96       107      2010
                                             1952
 MINIMUM TEMPERATURE (F)   75        64      1961
                                             1956
                                             1949


SUNRISE AND SUNSET
AUGUST 22 2017........SUNRISE   656 AM CDT   SUNSET   805 PM CDT
AUGUST 23 2017........SUNRISE   657 AM CDT   SUNSET   804 PM CDT


-  INDICATES NEGATIVE NUMBERS.
R  INDICATES RECORD WAS SET OR TIED.
MM INDICATES DATA IS MISSING.
T  INDICATES TRACE AMOUNT.




$$
