000
CDUS44 KFWD 270641
CLIDFW


CLIMATE REPORT
NATIONAL WEATHER SERVICE FORT WORTH TX
140 AM CDT TUE JUN 27 2017


...................................

...THE DALLAS FORT WORTH CLIMATE SUMMARY FOR JUNE 26 2017...

CLIMATE NORMAL PERIOD 1981 TO 2010
CLIMATE RECORD PERIOD 1898 TO 2017


WEATHER ITEM   OBSERVED TIME   RECORD YEAR NORMAL DEPARTURE LAST
                VALUE   (LST)  VALUE       VALUE  FROM      YEAR
                                                  NORMAL
..................................................................
TEMPERATURE (F)
 YESTERDAY
  MAXIMUM         88    522 PM 113    1980  93     -5       97
  MINIMUM         73    600 AM  60    1928  73      0       79
  AVERAGE         81                        83     -2       88

PRECIPITATION (IN)
  YESTERDAY        0.00          2.54 2007   0.11  -0.11     0.00
  MONTH TO DATE    7.93                      3.39   4.54     3.60
  SINCE JUN 1      7.93                      3.39   4.54     3.60
  SINCE JAN 1     19.79                     19.64   0.15    20.36

DEGREE DAYS
 HEATING
  YESTERDAY        0                         0      0        0
  MONTH TO DATE    0                         0      0        0
  SINCE JUN 1      0                         0      0        0
  SINCE JUL 1   1305                      2284   -979     1592

 COOLING
  YESTERDAY       16                        18     -2       23
  MONTH TO DATE  457                       417     40      486
  SINCE JUN 1    457                       417     40      486
  SINCE JAN 1   1139                       839    300      909
..................................................................


WIND (MPH)
  HIGHEST WIND SPEED    13   HIGHEST WIND DIRECTION    SE (140)
  HIGHEST GUST SPEED    16   HIGHEST GUST DIRECTION    SE (140)
  AVERAGE WIND SPEED     6.3


SKY COVER
  POSSIBLE SUNSHINE  MM
  AVERAGE SKY COVER 0.8


WEATHER CONDITIONS
 THE FOLLOWING WEATHER WAS RECORDED YESTERDAY.
  NO SIGNIFICANT WEATHER WAS OBSERVED.


RELATIVE HUMIDITY (PERCENT)
 HIGHEST    74           300 AM
 LOWEST     55           400 PM
 AVERAGE    65

..........................................................


THE DALLAS FORT WORTH CLIMATE NORMALS FOR TODAY
                         NORMAL    RECORD    YEAR
 MAXIMUM TEMPERATURE (F)   94       113      1980
 MINIMUM TEMPERATURE (F)   73        59      1974


SUNRISE AND SUNSET
JUNE 27 2017..........SUNRISE   622 AM CDT   SUNSET   840 PM CDT
JUNE 28 2017..........SUNRISE   622 AM CDT   SUNSET   841 PM CDT


-  INDICATES NEGATIVE NUMBERS.
R  INDICATES RECORD WAS SET OR TIED.
MM INDICATES DATA IS MISSING.
T  INDICATES TRACE AMOUNT.




$$
