000
CDUS44 KFWD 180650
CLIDFW


CLIMATE REPORT
NATIONAL WEATHER SERVICE FORT WORTH TX
1249 AM CST SUN FEB 18 2018


...................................

...THE DALLAS FORT WORTH CLIMATE SUMMARY FOR FEBRUARY 17 2018...

CLIMATE NORMAL PERIOD 1981 TO 2010
CLIMATE RECORD PERIOD 1898 TO 2018


WEATHER ITEM   OBSERVED TIME   RECORD YEAR NORMAL DEPARTURE LAST
                VALUE   (LST)  VALUE       VALUE  FROM      YEAR
                                                  NORMAL
..................................................................
TEMPERATURE (F)
 YESTERDAY
  MAXIMUM         67    305 PM  88    1959  61      6       71
  MINIMUM         43    515 AM  11    1910  40      3       46
  AVERAGE         55                        50      5       59

PRECIPITATION (IN)
  YESTERDAY        0.29          2.45 1938   0.10   0.19     0.00
  MONTH TO DATE    0.57                      1.55  -0.98     1.51
  SINCE DEC 1      5.98                      6.23  -0.25     6.50
  SINCE JAN 1      1.42                      3.68  -2.26     5.90

SNOWFALL (IN)
  YESTERDAY        0.0           7.5  1978   0.0    0.0      0.0
  MONTH TO DATE    T                         0.6   -0.6      0.0
  SINCE DEC 1      T                         1.1   -1.1      0.1
  SINCE JUL 1      T                         1.1   -1.1      0.1
  SNOW DEPTH       0

DEGREE DAYS
 HEATING
  YESTERDAY       10                        15     -5        6
  MONTH TO DATE  276                       280     -4      134
  SINCE DEC 1   1340                      1431    -91     1045
  SINCE JUL 1   1543                      1785   -242     1147

 COOLING
  YESTERDAY        0                         0      0        0
  MONTH TO DATE    9                         0      9       28
  SINCE DEC 1     24                         6     18       50
  SINCE JAN 1     12                         2     10       34
..................................................................


WIND (MPH)
  HIGHEST WIND SPEED    21   HIGHEST WIND DIRECTION    NW (310)
  HIGHEST GUST SPEED    24   HIGHEST GUST DIRECTION    NW (310)
  AVERAGE WIND SPEED     6.9


SKY COVER
  POSSIBLE SUNSHINE  MM
  AVERAGE SKY COVER 0.9


WEATHER CONDITIONS
 THE FOLLOWING WEATHER WAS RECORDED YESTERDAY.
  HEAVY RAIN
  RAIN
  LIGHT RAIN
  FOG


RELATIVE HUMIDITY (PERCENT)
 HIGHEST    86          1100 AM
 LOWEST     52           400 PM
 AVERAGE    69

..........................................................


THE DALLAS FORT WORTH CLIMATE NORMALS FOR TODAY
                         NORMAL    RECORD    YEAR
 MAXIMUM TEMPERATURE (F)   61        85      1986
 MINIMUM TEMPERATURE (F)   40        10      1936


SUNRISE AND SUNSET
FEBRUARY 18 2018......SUNRISE   708 AM CST   SUNSET   616 PM CST
FEBRUARY 19 2018......SUNRISE   707 AM CST   SUNSET   617 PM CST


-  INDICATES NEGATIVE NUMBERS.
R  INDICATES RECORD WAS SET OR TIED.
MM INDICATES DATA IS MISSING.
T  INDICATES TRACE AMOUNT.




$$
