000
CDUS44 KFWD 292232 AAA
CLIDFW

CLIMATE REPORT
NATIONAL WEATHER SERVICE FORT WORTH TX
532 PM CDT FRI AUG 29 2014

UPDATED HIGH TEMPERATURE

...................................

...THE DALLAS FORT WORTH CLIMATE SUMMARY FOR AUGUST 29 2014...
VALID AS OF 0500 PM LOCAL TIME.

CLIMATE NORMAL PERIOD 1981 TO 2010
CLIMATE RECORD PERIOD 1898 TO 2014


WEATHER ITEM   OBSERVED TIME   RECORD YEAR NORMAL DEPARTURE LAST
                VALUE   (LST)  VALUE       VALUE  FROM      YEAR
                                                  NORMAL
..................................................................
TEMPERATURE (F)
 TODAY
  MAXIMUM         94    357 PM 105    1951  94      0      102
                                      1943
  MINIMUM         71    617 AM  60    1992  73     -2       76
  AVERAGE         83

PRECIPITATION (IN)
  TODAY            0.40          1.74 1970   0.08   0.32     0.00
  MONTH TO DATE    4.34                      1.74   2.60     1.32
  SINCE JUN 1      8.58                      7.69   0.89     5.51
  SINCE JAN 1     15.91                     23.94  -8.03    18.67

..................................................................


WIND (MPH)
  HIGHEST WIND SPEED    18   HIGHEST WIND DIRECTION     N (10)
  HIGHEST GUST SPEED    22   HIGHEST GUST DIRECTION     N (340)
  AVERAGE WIND SPEED     7.1




..........................................................


THE DALLAS FORT WORTH CLIMATE NORMALS FOR TOMORROW
                         NORMAL    RECORD    YEAR
 MAXIMUM TEMPERATURE (F)   94       106      2000
                                             1954
 MINIMUM TEMPERATURE (F)   73        59      1915


SUNRISE AND SUNSET
AUGUST 29 2014........SUNRISE   701 AM CDT   SUNSET   757 PM CDT
AUGUST 30 2014........SUNRISE   701 AM CDT   SUNSET   755 PM CDT


-  INDICATES NEGATIVE NUMBERS.
R  INDICATES RECORD WAS SET OR TIED.
MM INDICATES DATA IS MISSING.
T  INDICATES TRACE AMOUNT.




$$
