000
CDUS44 KFWD 100648
CLIDFW


CLIMATE REPORT
NATIONAL WEATHER SERVICE FORT WORTH TX
1248 AM CST WED FEB 10 2016


...................................

...THE DALLAS FORT WORTH CLIMATE SUMMARY FOR FEBRUARY 9 2016...

CLIMATE NORMAL PERIOD 1981 TO 2010
CLIMATE RECORD PERIOD 1898 TO 2016


WEATHER ITEM   OBSERVED TIME   RECORD YEAR NORMAL DEPARTURE LAST
                VALUE   (LST)  VALUE       VALUE  FROM      YEAR
                                                  NORMAL
..................................................................
TEMPERATURE (F)
 YESTERDAY
  MAXIMUM         63    444 PM  87    1960  59      4       75
  MINIMUM         38    714 AM  11    1933  38      0       46
  AVERAGE         51                        49      2       61

PRECIPITATION (IN)
  YESTERDAY        0.00          1.70 1966   0.09  -0.09     0.00
  MONTH TO DATE    T                         0.75  -0.75     0.10
  SINCE DEC 1      4.87                      5.43  -0.56     4.85
  SINCE JAN 1      1.04                      2.88  -1.84     3.72

SNOWFALL (IN)
  YESTERDAY        0.0           1.2  1980   0.0    0.0      0.0
  MONTH TO DATE    0.0                       0.3   -0.3      0.0
  SINCE DEC 1      T                         0.8   -0.8       T
  SINCE JUL 1      T                         0.8   -0.8       T
  SNOW DEPTH       0

DEGREE DAYS
 HEATING
  YESTERDAY       14                        17     -3        4
  MONTH TO DATE  144                       156    -12      159
  SINCE DEC 1   1050                      1307   -257     1240
  SINCE JUL 1   1265                      1661   -396     1658

 COOLING
  YESTERDAY        0                         0      0        0
  MONTH TO DATE    0                         0      0        0
  SINCE DEC 1      9                         6      3        1
  SINCE JAN 1      0                         2     -2        0
..................................................................


WIND (MPH)
  HIGHEST WIND SPEED    23   HIGHEST WIND DIRECTION     N (360)
  HIGHEST GUST SPEED    27   HIGHEST GUST DIRECTION     N (360)
  AVERAGE WIND SPEED    12.2


SKY COVER
  POSSIBLE SUNSHINE  MM
  AVERAGE SKY COVER 0.1


WEATHER CONDITIONS
 THE FOLLOWING WEATHER WAS RECORDED YESTERDAY.
  NO SIGNIFICANT WEATHER WAS OBSERVED.


RELATIVE HUMIDITY (PERCENT)
 HIGHEST    45          1100 PM
 LOWEST     21           500 PM
 AVERAGE    33

..........................................................


THE DALLAS FORT WORTH CLIMATE NORMALS FOR TODAY
                         NORMAL    RECORD    YEAR
 MAXIMUM TEMPERATURE (F)   59        85      1954
 MINIMUM TEMPERATURE (F)   38        15      2011


SUNRISE AND SUNSET
FEBRUARY 10 2016......SUNRISE   716 AM CST   SUNSET   609 PM CST
FEBRUARY 11 2016......SUNRISE   716 AM CST   SUNSET   609 PM CST


-  INDICATES NEGATIVE NUMBERS.
R  INDICATES RECORD WAS SET OR TIED.
MM INDICATES DATA IS MISSING.
T  INDICATES TRACE AMOUNT.




$$
