000
CDUS43 KDDC 301426
CLIDGC


CLIMATE REPORT
NATIONAL WEATHER SERVICE DODGE CITY KS
926 AM CDT THU MAR 30 2017


...................................

...THE DODGE CITY KS CLIMATE SUMMARY FOR MARCH 30 2017...
VALID AS OF 0800 AM LOCAL TIME.

CLIMATE NORMAL PERIOD 1981 TO 2010
CLIMATE RECORD PERIOD 1875 TO 2017


WEATHER ITEM   OBSERVED TIME   RECORD YEAR NORMAL DEPARTURE LAST
                VALUE   (LST)  VALUE       VALUE  FROM      YEAR
                                                  NORMAL
..................................................................
TEMPERATURE (F)
 TODAY
  MAXIMUM         42    137 AM  89    1968  62    -20       71
  MINIMUM         39    759 AM   8    1987  35      4       41
  AVERAGE         41                        48     -7       56

PRECIPITATION (IN)
  TODAY            0.00          1.26 1973   0.07  -0.07      T
  MONTH TO DATE    2.58                      1.53   1.05     0.04
  SINCE MAR 1      2.58                      1.53   1.05     0.04
  SINCE JAN 1      5.15                      2.79   2.36     0.63

SNOWFALL (IN)
  TODAY            0.0           5.3  1985   0.2   -0.2      0.0
  MONTH TO DATE    0.0                       4.8   -4.8      0.4
  SINCE MAR 1      0.0                       4.8   -4.8      0.4
  SINCE JUL 1      5.0                      19.9  -14.9     10.4
  SNOW DEPTH       0

..................................................................


WIND (MPH)
  HIGHEST WIND SPEED    24   HIGHEST WIND DIRECTION    NW (320)
  HIGHEST GUST SPEED    30   HIGHEST GUST DIRECTION     N (340)
  AVERAGE WIND SPEED    16.6



WEATHER CONDITIONS
 THE FOLLOWING WEATHER WAS RECORDED TODAY.
  NO SIGNIFICANT WEATHER WAS OBSERVED.


RELATIVE HUMIDITY (PERCENT)
 HIGHEST    93           100 AM
 LOWEST     85           700 AM

..........................................................


THE DODGE CITY KS CLIMATE NORMALS FOR TOMORROW
                         NORMAL    RECORD    YEAR
 MAXIMUM TEMPERATURE (F)   63        93      1946
 MINIMUM TEMPERATURE (F)   35         6      1931


SUNRISE AND SUNSET
MARCH 30 2017.........SUNRISE   728 AM CDT   SUNSET   801 PM CDT
MARCH 31 2017.........SUNRISE   726 AM CDT   SUNSET   802 PM CDT


-  INDICATES NEGATIVE NUMBERS.
R  INDICATES RECORD WAS SET OR TIED.
MM INDICATES DATA IS MISSING.
T  INDICATES TRACE AMOUNT.




$$
