000
CDUS43 KDDC 290705
CLIDGC


CLIMATE REPORT
NATIONAL WEATHER SERVICE DODGE CITY KS
205 AM CDT THU JUN 29 2017


...................................

...THE DODGE CITY KS CLIMATE SUMMARY FOR JUNE 28 2017...

CLIMATE NORMAL PERIOD 1981 TO 2010
CLIMATE RECORD PERIOD 1875 TO 2017


WEATHER ITEM   OBSERVED TIME   RECORD YEAR NORMAL DEPARTURE LAST
                VALUE   (LST)  VALUE       VALUE  FROM      YEAR
                                                  NORMAL
..................................................................
TEMPERATURE (F)
 YESTERDAY
  MAXIMUM         96    530 PM 108    2012  91      5       91
  MINIMUM         70    609 AM  49    1875  64      6       66
  AVERAGE         83                        78      5       79

PRECIPITATION (IN)
  YESTERDAY        0.01          2.52 1995   0.09  -0.08     0.00
  MONTH TO DATE    3.08                      3.05   0.03     2.53
  SINCE JUN 1      3.08                      3.05   0.03     2.53
  SINCE JAN 1     20.51                     10.57   9.94    13.65

SNOWFALL (IN)
  YESTERDAY        0.0           T    1995   0.0    0.0      0.0
  MONTH TO DATE    0.0                       0.0    0.0      0.0
  SINCE JUN 1      0.0                       0.0    0.0      0.0
  SINCE JUL 1      7.5                      21.1  -13.6     10.4
  SNOW DEPTH       0

DEGREE DAYS
 HEATING
  YESTERDAY        0                         0      0        0
  MONTH TO DATE    0                        10    -10        1
  SINCE JUN 1      0                        10    -10        1
  SINCE JUL 1   4170                      4964   -794     4340

 COOLING
  YESTERDAY       18                        13      5       14
  MONTH TO DATE  299                       253     46      325
  SINCE JUN 1    299                       253     46      325
  SINCE JAN 1    401                       362     39      383
..................................................................


WIND (MPH)
  HIGHEST WIND SPEED    30   HIGHEST WIND DIRECTION     S (180)
  HIGHEST GUST SPEED    38   HIGHEST GUST DIRECTION     S (180)
  AVERAGE WIND SPEED    17.7


SKY COVER
  POSSIBLE SUNSHINE  MM
  AVERAGE SKY COVER 0.0


WEATHER CONDITIONS
 THE FOLLOWING WEATHER WAS RECORDED YESTERDAY.
  THUNDERSTORM
  LIGHT RAIN


RELATIVE HUMIDITY (PERCENT)
 HIGHEST    90           500 AM
 LOWEST     30           400 PM
 AVERAGE    60

..........................................................


THE DODGE CITY KS CLIMATE NORMALS FOR TODAY
                         NORMAL    RECORD    YEAR
 MAXIMUM TEMPERATURE (F)   91       110      1998
 MINIMUM TEMPERATURE (F)   64        50      1923


SUNRISE AND SUNSET
JUNE 29 2017..........SUNRISE   621 AM CDT   SUNSET   906 PM CDT
JUNE 30 2017..........SUNRISE   621 AM CDT   SUNSET   906 PM CDT


-  INDICATES NEGATIVE NUMBERS.
R  INDICATES RECORD WAS SET OR TIED.
MM INDICATES DATA IS MISSING.
T  INDICATES TRACE AMOUNT.




$$
