000
CDUS43 KDDC 221007
CLIDGC


CLIMATE REPORT
NATIONAL WEATHER SERVICE DODGE CITY KS
506 AM CDT MON SEP 22 2014


...................................

...THE DODGE CITY KS CLIMATE SUMMARY FOR SEPTEMBER 21 2014...

CLIMATE NORMAL PERIOD 1981 TO 2010
CLIMATE RECORD PERIOD 1875 TO 2014


WEATHER ITEM   OBSERVED TIME   RECORD YEAR NORMAL DEPARTURE LAST
                VALUE   (LST)  VALUE       VALUE  FROM      YEAR
                                                  NORMAL
..................................................................
TEMPERATURE (F)
 YESTERDAY
  MAXIMUM         83    352 PM 100    2005  80      3       83
  MINIMUM         56    653 AM  32    1995  54      2       50
  AVERAGE         70                        67      3       67

PRECIPITATION (IN)
  YESTERDAY        0.01          1.74 1925   0.05  -0.04     0.00
  MONTH TO DATE    0.70                      1.26  -0.56     0.67
  SINCE SEP 1      0.70                      1.26  -0.56     0.67
  SINCE JAN 1     18.93                     17.85   1.08    16.15

SNOWFALL (IN)
  YESTERDAY        0.0           1.4  1995   0.0    0.0      0.0
  MONTH TO DATE    0.0                       0.0    0.0      0.0
  SINCE SEP 1      0.0                       0.0    0.0      0.0
  SINCE JUL 1      0.0                       0.0    0.0      0.0
  SNOW DEPTH       0

DEGREE DAYS
 HEATING
  YESTERDAY        0                         3     -3        0
  MONTH TO DATE   49                        26     23        6
  SINCE SEP 1     49                        26     23        6
  SINCE JUL 1     62                        30     32        6

 COOLING
  YESTERDAY        5                         5      0        2
  MONTH TO DATE  137                       155    -18      207
  SINCE SEP 1    137                       155    -18      207
  SINCE JAN 1   1382                      1401    -19     1571
..................................................................


WIND (MPH)
  HIGHEST WIND SPEED    23   HIGHEST WIND DIRECTION    NE (50)
  HIGHEST GUST SPEED    29   HIGHEST GUST DIRECTION    NE (60)
  AVERAGE WIND SPEED    10.6


SKY COVER
  POSSIBLE SUNSHINE  MM
  AVERAGE SKY COVER 0.1


WEATHER CONDITIONS
 THE FOLLOWING WEATHER WAS RECORDED YESTERDAY.
  LIGHT RAIN


RELATIVE HUMIDITY (PERCENT)
 HIGHEST    87           200 AM
 LOWEST     20           200 PM
 AVERAGE    54

..........................................................


THE DODGE CITY KS CLIMATE NORMALS FOR TODAY
                         NORMAL    RECORD    YEAR
 MAXIMUM TEMPERATURE (F)   80        96      1910
                                             1892
 MINIMUM TEMPERATURE (F)   53        29      1995


SUNRISE AND SUNSET
SEPTEMBER 22 2014.....SUNRISE   728 AM CDT   SUNSET   737 PM CDT
SEPTEMBER 23 2014.....SUNRISE   728 AM CDT   SUNSET   735 PM CDT


-  INDICATES NEGATIVE NUMBERS.
R  INDICATES RECORD WAS SET OR TIED.
MM INDICATES DATA IS MISSING.
T  INDICATES TRACE AMOUNT.




$$
