000
CDUS45 KCYS 250744
CLIDGW


CLIMATE REPORT
NATIONAL WEATHER SERVICE CHEYENNE WY
1244 AM MST SUN JAN 25 2015


...................................

...THE DOUGLAS WY AIRPORT CLIMATE SUMMARY FOR JANUARY 24 2015...

CLIMATE NORMAL PERIOD 1981 TO 2010
CLIMATE RECORD PERIOD 1998 TO 2015


WEATHER ITEM   OBSERVED TIME   RECORD YEAR NORMAL DEPARTURE LAST
                VALUE   (LST)  VALUE       VALUE  FROM      YEAR
                                                  NORMAL
..................................................................
TEMPERATURE (F)
 YESTERDAY
  MAXIMUM         48   1248 PM  62    2005  39      9       50
  MINIMUM         20    313 AM -17    2008  12      8       26
  AVERAGE         34                        25      9       38

PRECIPITATION (IN)
  YESTERDAY        0.03          0.21 2009   0.02   0.01     0.00
  MONTH TO DATE    0.03                      0.26  -0.23     0.33
  SINCE JAN 1      0.03                      0.26  -0.23     0.33

DEGREE DAYS
 HEATING
  YESTERDAY       31                        40     -9       27
  MONTH TO DATE  999                       962     37      906
  SINCE DEC 1   2170                      2229    -59     2248
  SINCE JUL 1   3894                      4051   -157     3985

 COOLING
  YESTERDAY        0                         0      0        0
  MONTH TO DATE    0                         0      0        0
  SINCE DEC 1      0                         0      0        0
  SINCE JAN 1      0                         0      0        0
..................................................................


WIND (MPH)
  HIGHEST WIND SPEED    37   HIGHEST WIND DIRECTION     W (290)
  HIGHEST GUST SPEED    47   HIGHEST GUST DIRECTION     W (290)
  AVERAGE WIND SPEED    16.1


SKY COVER
  AVERAGE SKY COVER 0.7


WEATHER CONDITIONS
 THE FOLLOWING WEATHER WAS RECORDED YESTERDAY.
  LIGHT RAIN
  FOG


RELATIVE HUMIDITY (PERCENT)
 HIGHEST    92           100 AM
 LOWEST     34           800 AM
 AVERAGE    63

..........................................................


THE DOUGLAS WY AIRPORT CLIMATE NORMALS FOR TODAY
                         NORMAL    RECORD    YEAR
 MAXIMUM TEMPERATURE (F)   39        56      2013
                                             2002
 MINIMUM TEMPERATURE (F)   12        -1      2009


SUNRISE AND SUNSET
JANUARY 25 2015.......SUNRISE   723 AM MST   SUNSET   505 PM MST
JANUARY 26 2015.......SUNRISE   722 AM MST   SUNSET   507 PM MST


-  INDICATES NEGATIVE NUMBERS.
R  INDICATES RECORD WAS SET OR TIED.
MM INDICATES DATA IS MISSING.
T  INDICATES TRACE AMOUNT.




$$
