672
CDUS45 KCYS 260731
CLIDGW


CLIMATE REPORT
NATIONAL WEATHER SERVICE CHEYENNE WY
130 AM MDT THU MAY 26 2016


...................................

...THE DOUGLAS WY AIRPORT CLIMATE SUMMARY FOR MAY 25 2016...

CLIMATE NORMAL PERIOD 1981 TO 2010
CLIMATE RECORD PERIOD 1998 TO 2016


WEATHER ITEM   OBSERVED TIME   RECORD YEAR NORMAL DEPARTURE LAST
                VALUE   (LST)  VALUE       VALUE  FROM      YEAR
                                                  NORMAL
..................................................................
TEMPERATURE (F)
 YESTERDAY
  MAXIMUM         MM        MM  86    2013  71     MM       62
  MINIMUM         MM        MM  30    2002  41     MM       44
  AVERAGE         MM                        56     MM       53

PRECIPITATION (IN)
  YESTERDAY        0.01          0.18 2015   0.08  -0.07     0.18
  MONTH TO DATE    1.70                      2.02  -0.32     3.46
  SINCE JAN 1      7.15                      5.17   1.98     8.09

DEGREE DAYS
 HEATING
  YESTERDAY       MM                         9     MM       12
  MONTH TO DATE  362                       325     37      408
  SINCE MAR 1   1811                      1882    -71     1770
  SINCE JUL 1   6622                      7282   -660     6773

 COOLING
  YESTERDAY       MM                         0     MM        0
  MONTH TO DATE    0                         0      0        0
  SINCE MAR 1      0                         0      0        1
  SINCE JAN 1      0                         0      0        1
..................................................................


WIND (MPH)
  HIGHEST WIND SPEED    21   HIGHEST WIND DIRECTION    SW (210)
  HIGHEST GUST SPEED    MM   HIGHEST GUST DIRECTION    MM
  AVERAGE WIND SPEED    13.2


SKY COVER
  AVERAGE SKY COVER 0.0


WEATHER CONDITIONS
 THE FOLLOWING WEATHER WAS RECORDED YESTERDAY.
  THUNDERSTORM


RELATIVE HUMIDITY (PERCENT)
 HIGHEST    83          1200 AM
 LOWEST     42           300 PM
 AVERAGE    63

..........................................................


THE DOUGLAS WY AIRPORT CLIMATE NORMALS FOR TODAY
                         NORMAL    RECORD    YEAR
 MAXIMUM TEMPERATURE (F)   72        92      2006
 MINIMUM TEMPERATURE (F)   42        31      2007


SUNRISE AND SUNSET
MAY 26 2016...........SUNRISE   529 AM MDT   SUNSET   829 PM MDT
MAY 27 2016...........SUNRISE   528 AM MDT   SUNSET   830 PM MDT


-  INDICATES NEGATIVE NUMBERS.
R  INDICATES RECORD WAS SET OR TIED.
MM INDICATES DATA IS MISSING.
T  INDICATES TRACE AMOUNT.




$$
