000
CDUS45 KCYS 020729
CLIDGW


CLIMATE REPORT
NATIONAL WEATHER SERVICE CHEYENNE WY
129 AM MDT MON MAY 2 2016


...................................

...THE DOUGLAS WY AIRPORT CLIMATE SUMMARY FOR MAY 1 2016...

CLIMATE NORMAL PERIOD 1981 TO 2010
CLIMATE RECORD PERIOD 1998 TO 2016


WEATHER ITEM   OBSERVED TIME   RECORD YEAR NORMAL DEPARTURE LAST
                VALUE   (LST)  VALUE       VALUE  FROM      YEAR
                                                  NORMAL
..................................................................
TEMPERATURE (F)
 YESTERDAY
  MAXIMUM         51    356 PM  74    2007  63    -12       71
  MINIMUM         27    434 AM  22    2001  34     -7       33
  AVERAGE         39                        48     -9       52

PRECIPITATION (IN)
  YESTERDAY        0.00          0.50 2003   0.09  -0.09     0.00
  MONTH TO DATE    0.00                      0.09  -0.09     0.00
  SINCE JAN 1      5.23                      3.24   1.99     4.63

DEGREE DAYS
 HEATING
  YESTERDAY       26                        17      9       13
  MONTH TO DATE   26                        17      9       13
  SINCE MAR 1   1475                      1574    -99     1375
  SINCE JUL 1   6286                      6974   -688     6378

 COOLING
  YESTERDAY        0                         0      0        0
  MONTH TO DATE    0                         0      0        0
  SINCE MAR 1      0                         0      0        1
  SINCE JAN 1      0                         0      0        1
..................................................................


WIND (MPH)
  HIGHEST WIND SPEED    13   HIGHEST WIND DIRECTION     W (260)
  HIGHEST GUST SPEED    16   HIGHEST GUST DIRECTION    NE (40)
  AVERAGE WIND SPEED     5.1


SKY COVER
  AVERAGE SKY COVER 0.5


WEATHER CONDITIONS
 THE FOLLOWING WEATHER WAS RECORDED YESTERDAY.
  NO SIGNIFICANT WEATHER WAS OBSERVED.


RELATIVE HUMIDITY (PERCENT)
 HIGHEST    92           300 AM
 LOWEST     41           400 PM
 AVERAGE    67

..........................................................


THE DOUGLAS WY AIRPORT CLIMATE NORMALS FOR TODAY
                         NORMAL    RECORD    YEAR
 MAXIMUM TEMPERATURE (F)   63        81      2000
 MINIMUM TEMPERATURE (F)   34        17      2005


SUNRISE AND SUNSET
MAY  2 2016...........SUNRISE   554 AM MDT   SUNSET   804 PM MDT
MAY  3 2016...........SUNRISE   552 AM MDT   SUNSET   805 PM MDT


-  INDICATES NEGATIVE NUMBERS.
R  INDICATES RECORD WAS SET OR TIED.
MM INDICATES DATA IS MISSING.
T  INDICATES TRACE AMOUNT.




$$
