000
CDUS45 KCYS 040326
CLIDGW


CLIMATE REPORT
NATIONAL WEATHER SERVICE CHEYENNE WY
925 PM MDT MON AUG 3 2015


...................................

...THE DOUGLAS WY AIRPORT CLIMATE SUMMARY FOR AUGUST 3 2015...
VALID TODAY AS OF 0900 PM LOCAL TIME.

CLIMATE NORMAL PERIOD 1981 TO 2010
CLIMATE RECORD PERIOD 1998 TO 2015


WEATHER ITEM   OBSERVED TIME   RECORD YEAR NORMAL DEPARTURE LAST
                VALUE   (LST)  VALUE       VALUE  FROM      YEAR
                                                  NORMAL
..................................................................
TEMPERATURE (F)
 TODAY
  MAXIMUM         90    142 PM  98    2003  89      1       92
                                      2001
  MINIMUM         56    514 AM  47    2012  55      1       53
  AVERAGE         73                        72      1       73

PRECIPITATION (IN)
  TODAY            0.00          0.60 2003   0.04  -0.04     0.00
  MONTH TO DATE    0.00                      0.10  -0.10     0.00
  SINCE JAN 1     11.35                      9.01   2.34     8.98

DEGREE DAYS
 HEATING
  TODAY            0                         0      0        0
  MONTH TO DATE    0                         0      0        0
  SINCE JUN 1     35                       125    -90      157
  SINCE JUL 1     13                        15     -2       14

 COOLING
  TODAY            8                         7      1        8
  MONTH TO DATE   29                        22      7       18
  SINCE JUN 1    267                       298    -31      251
  SINCE JAN 1    268                       304    -36      256
..................................................................


WIND (MPH)
  HIGHEST WIND SPEED    22   HIGHEST WIND DIRECTION     S (160)
  HIGHEST GUST SPEED    26   HIGHEST GUST DIRECTION     S (170)
  AVERAGE WIND SPEED     6.1


SKY COVER
  AVERAGE SKY COVER 0.0


WEATHER CONDITIONS
 THE FOLLOWING WEATHER WAS RECORDED TODAY.
  THUNDERSTORM
  HAZE


RELATIVE HUMIDITY (PERCENT)
 HIGHEST    80           400 AM
 LOWEST     24           200 PM
 AVERAGE    52

..........................................................


THE DOUGLAS WY AIRPORT CLIMATE NORMALS FOR TOMORROW
                         NORMAL    RECORD    YEAR
 MAXIMUM TEMPERATURE (F)   89        97      2005
 MINIMUM TEMPERATURE (F)   55        44      2012


SUNRISE AND SUNSET
AUGUST  3 2015........SUNRISE   555 AM MDT   SUNSET   820 PM MDT
AUGUST  4 2015........SUNRISE   556 AM MDT   SUNSET   819 PM MDT


-  INDICATES NEGATIVE NUMBERS.
R  INDICATES RECORD WAS SET OR TIED.
MM INDICATES DATA IS MISSING.
T  INDICATES TRACE AMOUNT.




$$
