000
CDUS44 KTAE 160640
CLIDHN


CLIMATE REPORT
NATIONAL WEATHER SERVICE TALLAHASSEE FL
239 AM EDT WED APR 16 2014


...................................

...THE DOTHAN CLIMATE SUMMARY FOR APRIL 15 2014...

CLIMATE NORMAL PERIOD 1981 TO 2010
CLIMATE RECORD PERIOD 1965 TO 2014


WEATHER ITEM   OBSERVED TIME   NORMAL DEPARTURE LAST
                VALUE   (LST)  VALUE  FROM      YEAR
                                      NORMAL
......................................................
TEMPERATURE (F)
 YESTERDAY
  MAXIMUM         65    243 AM  78    -13       81
  MINIMUM         42   1159 PM  53    -11       59
  AVERAGE         54            65    -11       70

PRECIPITATION (IN)
  YESTERDAY        0.34          0.12   0.22     0.00
  MONTH TO DATE    4.53          2.01   2.52     2.93
  SINCE MAR 1      9.83          7.89   1.94     4.08
  SINCE JAN 1     17.56         17.29   0.27    25.08

SNOWFALL (IN)
  YESTERDAY       MM

DEGREE DAYS
 HEATING
  YESTERDAY       11             2      9        0
  MONTH TO DATE   33            50    -17       43
  SINCE MAR 1    299           261     38      384
  SINCE JUL 1   1964          1820    144     1591

 COOLING
  YESTERDAY        0             3     -3        5
  MONTH TO DATE   30            29      1       26
  SINCE MAR 1     32            50    -18       32
  SINCE JAN 1     41            60    -19       70
......................................................










-  INDICATES NEGATIVE NUMBERS.
R  INDICATES RECORD WAS SET OR TIED.
MM INDICATES DATA IS MISSING.
T  INDICATES TRACE AMOUNT.




$$
