000
CDUS44 KTAE 170639
CLIDHN


CLIMATE REPORT
NATIONAL WEATHER SERVICE TALLAHASSEE FL
236 AM EDT WED SEP 17 2014


...................................

...THE DOTHAN CLIMATE SUMMARY FOR SEPTEMBER 16 2014...

CLIMATE NORMAL PERIOD 1981 TO 2010
CLIMATE RECORD PERIOD 1965 TO 2014


WEATHER ITEM   OBSERVED TIME   NORMAL DEPARTURE LAST
                VALUE   (LST)  VALUE  FROM      YEAR
                                      NORMAL
......................................................
TEMPERATURE (F)
 YESTERDAY
  MAXIMUM         88   1240 PM  88      0       91
  MINIMUM         71   1156 PM  66      5       73
  AVERAGE         80            77      3       82

PRECIPITATION (IN)
  YESTERDAY        0.18          0.11   0.07     0.04
  MONTH TO DATE    2.33          2.31   0.02     3.05
  SINCE SEP 1      2.33          2.31   0.02     3.05
  SINCE JAN 1     42.27         40.70   1.57    60.89

SNOWFALL (IN)
  YESTERDAY        0.0

DEGREE DAYS
 HEATING
  YESTERDAY        0             0      0        0
  MONTH TO DATE    0             0      0        0
  SINCE SEP 1      0             0      0        0
  SINCE JUL 1      0             0      0        0

 COOLING
  YESTERDAY       15            12      3       17
  MONTH TO DATE  263           214     49      248
  SINCE SEP 1    263           214     49      248
  SINCE JAN 1   2148          2094     54     2002
......................................................


WIND (MPH)
  HIGHEST WIND SPEED    24   HIGHEST WIND DIRECTION     N (340)
  HIGHEST GUST SPEED    28   HIGHEST GUST DIRECTION     N (340)
  AVERAGE WIND SPEED     4.0








-  INDICATES NEGATIVE NUMBERS.
R  INDICATES RECORD WAS SET OR TIED.
MM INDICATES DATA IS MISSING.
T  INDICATES TRACE AMOUNT.




$$
