564
CDUS44 KTAE 242136
CLIDHN


CLIMATE REPORT
NATIONAL WEATHER SERVICE TALLAHASSEE FL
536 PM EDT SAT SEP 24 2016


...................................

...THE DOTHAN CLIMATE SUMMARY FOR SEPTEMBER 24 2016...
VALID TODAY AS OF 0500 PM LOCAL TIME.

CLIMATE NORMAL PERIOD 1981 TO 2010
CLIMATE RECORD PERIOD 1965 TO 2016


WEATHER ITEM   OBSERVED TIME   NORMAL DEPARTURE LAST
                VALUE   (LST)  VALUE  FROM      YEAR
                                      NORMAL
......................................................
TEMPERATURE (F)
 TODAY
  MAXIMUM         97    245 PM  86     11       81
  MINIMUM         67    547 AM  63      4       65
  AVERAGE         82            74      8       73

PRECIPITATION (IN)
  TODAY            0.00          0.09  -0.09     0.01
  MONTH TO DATE    0.76          3.04  -2.28     5.05
  SINCE SEP 1      0.76          3.04  -2.28     5.05
  SINCE JAN 1     43.99         41.43   2.56    41.72

......................................................










-  INDICATES NEGATIVE NUMBERS.
R  INDICATES RECORD WAS SET OR TIED.
MM INDICATES DATA IS MISSING.
T  INDICATES TRACE AMOUNT.




$$
