000
CDUS44 KTAE 260634
CLIDHN


CLIMATE REPORT
NATIONAL WEATHER SERVICE TALLAHASSEE FL
233 AM EDT THU MAY 26 2016


...................................

...THE DOTHAN CLIMATE SUMMARY FOR MAY 25 2016...

CLIMATE NORMAL PERIOD 1981 TO 2010
CLIMATE RECORD PERIOD 1965 TO 2016


WEATHER ITEM   OBSERVED TIME   NORMAL DEPARTURE LAST
                VALUE   (LST)  VALUE  FROM      YEAR
                                      NORMAL
......................................................
TEMPERATURE (F)
 YESTERDAY
  MAXIMUM         89    328 PM  88      1       87
  MINIMUM         63    515 AM  65     -2       68
  AVERAGE         76            76      0       78

PRECIPITATION (IN)
  YESTERDAY        0.00          0.16  -0.16     1.57
  MONTH TO DATE    1.50          2.51  -1.01     2.68
  SINCE MAR 1     13.45         11.91   1.54    14.84
  SINCE JAN 1     24.30         21.31   2.99    21.51

SNOWFALL (IN)
  YESTERDAY        0.0

DEGREE DAYS
 COOLING
  YESTERDAY       11            11      0       13
  MONTH TO DATE  196           219    -23      268
  SINCE MAR 1    356           330     26      508
  SINCE JAN 1    362           340     22      512
......................................................


WIND (MPH)
  HIGHEST WIND SPEED    14   HIGHEST WIND DIRECTION    SE (150)
  HIGHEST GUST SPEED    17   HIGHEST GUST DIRECTION     S (160)
  AVERAGE WIND SPEED     5.8








-  INDICATES NEGATIVE NUMBERS.
R  INDICATES RECORD WAS SET OR TIED.
MM INDICATES DATA IS MISSING.
T  INDICATES TRACE AMOUNT.




$$
