000
CDUS44 KTAE 240638
CLIDHN


CLIMATE REPORT
NATIONAL WEATHER SERVICE TALLAHASSEE FL
237 AM EDT THU JUL 24 2014


...................................

...THE DOTHAN CLIMATE SUMMARY FOR JULY 23 2014...

CLIMATE NORMAL PERIOD 1981 TO 2010
CLIMATE RECORD PERIOD 1965 TO 2014


WEATHER ITEM   OBSERVED TIME   NORMAL DEPARTURE LAST
                VALUE   (LST)  VALUE  FROM      YEAR
                                      NORMAL
......................................................
TEMPERATURE (F)
 YESTERDAY
  MAXIMUM         90    247 PM  92     -2       87
  MINIMUM         70    515 AM  72     -2       70
  AVERAGE         80            82     -2       79

PRECIPITATION (IN)
  YESTERDAY        0.00          0.19  -0.19     2.12
  MONTH TO DATE    2.97          4.41  -1.44    16.24
  SINCE JUN 1      5.45         10.01  -4.56    20.83
  SINCE JAN 1     35.52         32.37   3.15    48.13

SNOWFALL (IN)
  YESTERDAY        0.0

DEGREE DAYS
 COOLING
  YESTERDAY       15            17     -2       14
  MONTH TO DATE  374           390    -16      320
  SINCE JUN 1    848           834     14      780
  SINCE JAN 1   1233          1247    -14     1152
......................................................










-  INDICATES NEGATIVE NUMBERS.
R  INDICATES RECORD WAS SET OR TIED.
MM INDICATES DATA IS MISSING.
T  INDICATES TRACE AMOUNT.




$$
