000
CDUS44 KTAE 250631
CLIDHN


CLIMATE REPORT
NATIONAL WEATHER SERVICE TALLAHASSEE FL
230 AM EDT SUN JUN 25 2017


...................................

...THE DOTHAN CLIMATE SUMMARY FOR JUNE 24 2017...

CLIMATE NORMAL PERIOD 1981 TO 2010
CLIMATE RECORD PERIOD 1965 TO 2017


WEATHER ITEM   OBSERVED TIME   NORMAL DEPARTURE LAST
                VALUE   (LST)  VALUE  FROM      YEAR
                                      NORMAL
......................................................
TEMPERATURE (F)
 YESTERDAY
  MAXIMUM         91    119 PM  91      0       94
  MINIMUM         76   1159 PM  71      5       72
  AVERAGE         84            81      3       83

PRECIPITATION (IN)
  YESTERDAY        1.07          0.17   0.90     0.00
  MONTH TO DATE    4.42          4.57  -0.15     4.05
  SINCE JUN 1      4.42          4.57  -0.15     4.05
  SINCE JAN 1     31.67         26.93   4.74    28.47

SNOWFALL (IN)
  YESTERDAY        0.0

DEGREE DAYS
 COOLING
  YESTERDAY       19            16      3       18
  MONTH TO DATE  325           347    -22      383
  SINCE JUN 1    325           347    -22      383
  SINCE JAN 1    921           760    161      836
......................................................


WIND (MPH)
  HIGHEST WIND SPEED    21   HIGHEST WIND DIRECTION    NW (300)
  HIGHEST GUST SPEED    25   HIGHEST GUST DIRECTION    NW (320)
  AVERAGE WIND SPEED     8.3








-  INDICATES NEGATIVE NUMBERS.
R  INDICATES RECORD WAS SET OR TIED.
MM INDICATES DATA IS MISSING.
T  INDICATES TRACE AMOUNT.




$$
