000
CDUS44 KTAE 250634
CLIDHN


CLIMATE REPORT
NATIONAL WEATHER SERVICE TALLAHASSEE FL
232 AM EDT THU AUG 25 2016

...................................

...THE DOTHAN CLIMATE SUMMARY FOR AUGUST 24 2016...

CLIMATE NORMAL PERIOD 1981 TO 2010
CLIMATE RECORD PERIOD 1965 TO 2016


WEATHER ITEM   OBSERVED TIME   NORMAL DEPARTURE LAST
                VALUE   (LST)  VALUE  FROM      YEAR
                                      NORMAL
......................................................
TEMPERATURE (F)
 YESTERDAY
  MAXIMUM         93    420 PM  91      2       94
  MINIMUM         74    532 AM  71      3       74
  AVERAGE         84            81      3       84

PRECIPITATION (IN)
  YESTERDAY        0.00          0.14  -0.14     0.00
  MONTH TO DATE    5.14          3.58   1.56     3.72
  SINCE JUN 1     18.81         15.13   3.68    11.03
  SINCE JAN 1     43.23         37.49   5.74    35.28

SNOWFALL (IN)
  YESTERDAY        0.0

DEGREE DAYS
 COOLING
  YESTERDAY       19            16      3       19
  MONTH TO DATE  436           394     42      456
  SINCE JUN 1   1498          1362    136     1535
  SINCE JAN 1   1951          1775    176     2123
......................................................


WIND (MPH)
  HIGHEST WIND SPEED    10   HIGHEST WIND DIRECTION     E (80)
  HIGHEST GUST SPEED    13   HIGHEST GUST DIRECTION     E (100)
  AVERAGE WIND SPEED     5.2







-  INDICATES NEGATIVE NUMBERS.
R  INDICATES RECORD WAS SET OR TIED.
MM INDICATES DATA IS MISSING.
T  INDICATES TRACE AMOUNT.

$$
