000
CDUS44 KTAE 220635
CLIDHN


CLIMATE REPORT
NATIONAL WEATHER SERVICE TALLAHASSEE FL
234 AM EDT TUE AUG 22 2017


...................................

...THE DOTHAN CLIMATE SUMMARY FOR AUGUST 21 2017...

CLIMATE NORMAL PERIOD 1981 TO 2010
CLIMATE RECORD PERIOD 1965 TO 2017


WEATHER ITEM   OBSERVED TIME   NORMAL DEPARTURE LAST
                VALUE   (LST)  VALUE  FROM      YEAR
                                      NORMAL
......................................................
TEMPERATURE (F)
 YESTERDAY
  MAXIMUM         90   1246 PM  91     -1       92
  MINIMUM         74    639 AM  71      3       75
  AVERAGE         82            81      1       84

PRECIPITATION (IN)
  YESTERDAY        0.08          0.15  -0.07     0.00
  MONTH TO DATE    2.88          3.15  -0.27     4.13
  SINCE JUN 1     11.82         14.70  -2.88    17.80
  SINCE JAN 1     39.07         37.06   2.01    42.22

SNOWFALL (IN)
  YESTERDAY        0.0

DEGREE DAYS
 COOLING
  YESTERDAY       17            16      1       19
  MONTH TO DATE  358           346     12      378
  SINCE JUN 1   1296          1314    -18     1440
  SINCE JAN 1   1892          1727    165     1893
......................................................


WIND (MPH)
  HIGHEST WIND SPEED    16   HIGHEST WIND DIRECTION    SE (130)
  HIGHEST GUST SPEED    23   HIGHEST GUST DIRECTION     E (90)
  AVERAGE WIND SPEED     3.0








-  INDICATES NEGATIVE NUMBERS.
R  INDICATES RECORD WAS SET OR TIED.
MM INDICATES DATA IS MISSING.
T  INDICATES TRACE AMOUNT.




$$
