000
CDUS44 KTAE 230635
CLIDHN


CLIMATE REPORT
NATIONAL WEATHER SERVICE TALLAHASSEE FL
234 AM EDT MON OCT 23 2017

...................................

...THE DOTHAN CLIMATE SUMMARY FOR OCTOBER 22 2017...

CLIMATE NORMAL PERIOD 1981 TO 2010
CLIMATE RECORD PERIOD 1965 TO 2017


WEATHER ITEM   OBSERVED TIME   NORMAL DEPARTURE LAST
                VALUE   (LST)  VALUE  FROM      YEAR
                                      NORMAL
......................................................
TEMPERATURE (F)
 YESTERDAY
  MAXIMUM         88    257 PM  78     10       73
  MINIMUM         65    347 AM  53     12       44
  AVERAGE         77            66     11       59

PRECIPITATION (IN)
  YESTERDAY        0.10          0.12  -0.02     0.00
  MONTH TO DATE    1.20          2.39  -1.19      T
  SINCE SEP 1      4.05          5.98  -1.93     0.76
  SINCE JAN 1     45.30         44.37   0.93    43.99

SNOWFALL (IN)
  YESTERDAY        0.0

DEGREE DAYS
 HEATING
  YESTERDAY        0             3     -3        6
  MONTH TO DATE    3            24    -21        7
  SINCE SEP 1      7            26    -19        7
  SINCE JUL 1      7            26    -19        7

 COOLING
  YESTERDAY       12             3      9        0
  MONTH TO DATE  236           110    126      187
  SINCE SEP 1    605           458    147      614
  SINCE JAN 1   2663          2338    325     2682
......................................................


WIND (MPH)
  HIGHEST WIND SPEED    17   HIGHEST WIND DIRECTION    SE (150)
  HIGHEST GUST SPEED    22   HIGHEST GUST DIRECTION    SE (130)
  AVERAGE WIND SPEED     9.3





-  INDICATES NEGATIVE NUMBERS.
R  INDICATES RECORD WAS SET OR TIED.
MM INDICATES DATA IS MISSING.
T  INDICATES TRACE AMOUNT.

$$
