000
CDUS44 KTAE 280639
CLIDHN


CLIMATE REPORT
NATIONAL WEATHER SERVICE TALLAHASSEE FL
238 AM EDT THU MAY 28 2015


...................................

...THE DOTHAN CLIMATE SUMMARY FOR MAY 27 2015...

CLIMATE NORMAL PERIOD 1981 TO 2010
CLIMATE RECORD PERIOD 1965 TO 2015


WEATHER ITEM   OBSERVED TIME   NORMAL DEPARTURE LAST
                VALUE   (LST)  VALUE  FROM      YEAR
                                      NORMAL
......................................................
TEMPERATURE (F)
 YESTERDAY
  MAXIMUM         86    318 PM  88     -2       86
  MINIMUM         67    545 AM  66      1       67
  AVERAGE         77            77      0       77

PRECIPITATION (IN)
  YESTERDAY        1.41          0.17   1.24     0.01
  MONTH TO DATE    5.42          2.83   2.59     3.40
  SINCE MAR 1     17.58         12.23   5.35    22.05
  SINCE JAN 1     24.25         21.63   2.62    29.78

SNOWFALL (IN)
  YESTERDAY        0.0

DEGREE DAYS
 COOLING
  YESTERDAY       12            12      0       12
  MONTH TO DATE  292           243     49      230
  SINCE MAR 1    532           354    178      327
  SINCE JAN 1    536           364    172      336
......................................................


WIND (MPH)
  HIGHEST WIND SPEED    29   HIGHEST WIND DIRECTION     S (160)
  HIGHEST GUST SPEED    36   HIGHEST GUST DIRECTION     S (160)
  AVERAGE WIND SPEED     4.7








-  INDICATES NEGATIVE NUMBERS.
R  INDICATES RECORD WAS SET OR TIED.
MM INDICATES DATA IS MISSING.
T  INDICATES TRACE AMOUNT.




$$
