000
CDUS44 KAMA 262244
CLIDHT


CLIMATE REPORT
NATIONAL WEATHER SERVICE AMARILLO TX
440 PM CST THU FEB 26 2015


...THE DALHART CLIMATE SUMMARY FOR FEBRUARY 26 2015...
VALID TODAY AS OF 400 PM LOCAL TIME.

CLIMATE NORMAL PERIOD 1981 TO 2010
CLIMATE RECORD PERIOD 1894 TO 2015


WEATHER ITEM   OBSERVED TIME   RECORD YEAR NORMAL DEPARTURE LAST
                VALUE   (LST)  VALUE       VALUE  FROM      YEAR
                                                  NORMAL
..................................................................
TEMPERATURE (F)
 TODAY
  MAXIMUM         35   1220 AM  80    1986  56    -21       44
  MINIMUM         20    844 AM   6    1962  25     -5       16
  AVERAGE         28                        40    -12       30

PRECIPITATION (IN)
  TODAY            T             0.15 1967   0.02  -0.02      T
  MONTH TO DATE    1.11                      0.37   0.74     0.08
  SINCE DEC 1      3.16                      1.43   1.73     0.30
  SINCE JAN 1      2.83                      0.89   1.94     0.09

SNOWFALL (IN)
  TODAY            T             1.0  1982   0.0    0.0       T
  MONTH TO DATE    8.7                       2.8    5.9      2.8
  SINCE DEC 1     26.4                      11.4   15.0     12.3
  SINCE JUL 1     27.9                      13.3   14.6     15.3
  SNOW DEPTH       0

DEGREE DAYS
 HEATING
  TODAY           37                        25     12       35
  MONTH TO DATE  610                       712   -102      720
  SINCE DEC 1   2345                      2599   -254     2621
  SINCE JUL 1   3198                      3594   -396     3567

 COOLING
  TODAY            0                         0      0        0
  MONTH TO DATE    0                         0      0        0
  SINCE DEC 1      0                         0      0        0
  SINCE JAN 1      0                         0      0        0
..................................................................


WIND (MPH)
  RESULTANT WIND SPEED  16   RESULTANT WIND DIRECTION  NE (40)
  HIGHEST WIND SPEED    26   HIGHEST WIND DIRECTION     N (20)
  HIGHEST GUST SPEED    33   HIGHEST GUST DIRECTION     N (20)
  AVERAGE WIND SPEED   16.8


SKY COVER
  AVERAGE SKY COVER 1.0


WEATHER CONDITIONS
 THE FOLLOWING WEATHER WAS RECORDED TODAY.
  LIGHT SNOW
  FOG


RELATIVE HUMIDITY (PERCENT)
 HIGHEST    85           300 AM
 LOWEST     60           400 PM
 AVERAGE    73

..................................................................


THE DALHART CLIMATE NORMALS FOR TOMORROW
                         NORMAL    RECORD    YEAR
 MAXIMUM TEMPERATURE (F)   56        79      2006
 MINIMUM TEMPERATURE (F)   25         4      1962


SUNRISE AND SUNSET
FEBRUARY 26 2015......SUNRISE   725 AM CST   SUNSET   642 PM CST
FEBRUARY 27 2015......SUNRISE   723 AM CST   SUNSET   643 PM CST


-  INDICATES NEGATIVE NUMBERS.
R  INDICATES RECORD WAS SET OR TIED.
MM INDICATES DATA IS MISSING.
T  INDICATES TRACE AMOUNT.


$$
