000
CDUS44 KAMA 220640
CLIDHT


CLIMATE REPORT
NATIONAL WEATHER SERVICE AMARILLO TX
140 AM CDT TUE JUL 22 2014


...................................

...THE DALHART CLIMATE SUMMARY FOR JULY 21 2014...

CLIMATE NORMAL PERIOD 1981 TO 2010
CLIMATE RECORD PERIOD 1894 TO 2014


WEATHER ITEM   OBSERVED TIME   RECORD YEAR NORMAL DEPARTURE LAST
                VALUE   (LST)  VALUE       VALUE  FROM      YEAR
                                                  NORMAL
..................................................................
TEMPERATURE (F)
 YESTERDAY
  MAXIMUM        100    338 PM 103    1951  92      8       94
  MINIMUM         68    614 AM  56    1959  62      6       66
  AVERAGE         84                        77      7       80

PRECIPITATION (IN)
  YESTERDAY        0.16          1.69 1986   0.10   0.06     0.00
  MONTH TO DATE    1.14                      1.79  -0.65     1.20
  SINCE JUN 1      4.91                      4.09   0.82     1.83
  SINCE JAN 1      6.75                      9.50  -2.75     3.13

SNOWFALL (IN)
  YESTERDAY        0.0           0.0    MM   0.0    0.0      0.0
  MONTH TO DATE    0.0                       0.0    0.0      0.0
  SINCE JUN 1      0.0                       0.0    0.0      0.0
  SINCE JUL 1      0.0                       0.0    0.0      0.0
  SNOW DEPTH       0

DEGREE DAYS
 HEATING
  YESTERDAY        0                         0      0        0
  MONTH TO DATE    0                         0      0        0
  SINCE JUN 1      4                        12     -8        0
  SINCE JUL 1      0                         0      0        0

 COOLING
  YESTERDAY       19                        12      7       15
  MONTH TO DATE  250                       248      2      261
  SINCE JUN 1    546                       488     58      668
  SINCE JAN 1    666                       560    106      822
..................................................................


WIND (MPH)
  RESULTANT WIND SPEED  13   RESULTANT WIND DIRECTION   S (180)
  HIGHEST WIND SPEED    35   HIGHEST WIND DIRECTION     S (190)
  HIGHEST GUST SPEED    44   HIGHEST GUST DIRECTION    SW (230)
  AVERAGE WIND SPEED    15.1


SKY COVER
  AVERAGE SKY COVER 0.1


WEATHER CONDITIONS
 THE FOLLOWING WEATHER WAS RECORDED YESTERDAY.
  THUNDERSTORM
  HEAVY RAIN
  LIGHT RAIN


RELATIVE HUMIDITY (PERCENT)
 HIGHEST    81           600 AM
 LOWEST     28           200 PM
 AVERAGE    55

..........................................................


THE DALHART CLIMATE NORMALS FOR TODAY
                         NORMAL    RECORD    YEAR
 MAXIMUM TEMPERATURE (F)   91       102      2001
 MINIMUM TEMPERATURE (F)   62        55      1970


SUNRISE AND SUNSET
JULY 22 2014..........SUNRISE   650 AM CDT   SUNSET   903 PM CDT
JULY 23 2014..........SUNRISE   651 AM CDT   SUNSET   902 PM CDT


-  INDICATES NEGATIVE NUMBERS.
R  INDICATES RECORD WAS SET OR TIED.
MM INDICATES DATA IS MISSING.
T  INDICATES TRACE AMOUNT.




$$
