000
CDUS44 KAMA 160636
CLIDHT


CLIMATE REPORT
NATIONAL WEATHER SERVICE AMARILLO TX
131 AM CDT WED APR 16 2014


...................................

...THE DALHART CLIMATE SUMMARY FOR APRIL 15 2014...

CLIMATE NORMAL PERIOD 1981 TO 2010
CLIMATE RECORD PERIOD 1894 TO 2014


WEATHER ITEM   OBSERVED TIME   RECORD YEAR NORMAL DEPARTURE LAST
                VALUE   (LST)  VALUE       VALUE  FROM      YEAR
                                                  NORMAL
..................................................................
TEMPERATURE (F)
 YESTERDAY
  MAXIMUM         69    528 PM  89    2002  69      0       80
  MINIMUM         25    246 AM  23    1961  37    -12       37
  AVERAGE         47                        53     -6       59

PRECIPITATION (IN)
  YESTERDAY        0.00          1.14 1971   0.03  -0.03     0.00
  MONTH TO DATE    0.11                      0.48  -0.37      T
  SINCE MAR 1      0.20                      1.65  -1.45     0.06
  SINCE JAN 1      0.29                      2.57  -2.28     0.86

SNOWFALL (IN)
  YESTERDAY        0.0           T    1949   0.1   -0.1      0.0
  MONTH TO DATE    1.0                       0.9    0.1       T
  SINCE MAR 1      2.1                       5.1   -3.0      3.3
  SINCE JUL 1     17.4                      18.6   -1.2     21.6
  SNOW DEPTH       0

DEGREE DAYS
 HEATING
  YESTERDAY       18                        12      6        6
  MONTH TO DATE  204                       206     -2      218
  SINCE MAR 1    793                       817    -24      751
  SINCE JUL 1   4387                      4460    -73     4076

 COOLING
  YESTERDAY        0                         0      0        0
  MONTH TO DATE    2                         0      2        1
  SINCE MAR 1      2                         0      2        1
  SINCE JAN 1      2                         0      2        1
..................................................................


WIND (MPH)
  RESULTANT WIND SPEED  16   RESULTANT WIND DIRECTION  SW (210)
  HIGHEST WIND SPEED    29   HIGHEST WIND DIRECTION    SW (210)
  HIGHEST GUST SPEED    36   HIGHEST GUST DIRECTION     S (200)
  AVERAGE WIND SPEED    17.3


SKY COVER
  AVERAGE SKY COVER 0.0


WEATHER CONDITIONS
 THE FOLLOWING WEATHER WAS RECORDED YESTERDAY.
  NO SIGNIFICANT WEATHER WAS OBSERVED.


RELATIVE HUMIDITY (PERCENT)
 HIGHEST    75           300 AM
 LOWEST     11           500 PM
 AVERAGE    43

..........................................................


THE DALHART CLIMATE NORMALS FOR TODAY
                         NORMAL    RECORD    YEAR
 MAXIMUM TEMPERATURE (F)   70        89      1962
 MINIMUM TEMPERATURE (F)   38        23      1961


SUNRISE AND SUNSET
APRIL 16 2014.........SUNRISE   716 AM CDT   SUNSET   825 PM CDT
APRIL 17 2014.........SUNRISE   714 AM CDT   SUNSET   826 PM CDT


-  INDICATES NEGATIVE NUMBERS.
R  INDICATES RECORD WAS SET OR TIED.
MM INDICATES DATA IS MISSING.
T  INDICATES TRACE AMOUNT.




$$
