759
CDUS44 KAMA 020628
CLIDHT


CLIMATE REPORT
NATIONAL WEATHER SERVICE AMARILLO TX
127 AM CDT MON MAY 2 2016


...................................

...THE DALHART CLIMATE SUMMARY FOR MAY 1 2016...

CLIMATE NORMAL PERIOD 1981 TO 2010
CLIMATE RECORD PERIOD 1948 TO 2016


WEATHER ITEM   OBSERVED TIME   RECORD YEAR NORMAL DEPARTURE LAST
                VALUE   (LST)  VALUE       VALUE  FROM      YEAR
                                                  NORMAL
..................................................................
TEMPERATURE (F)
 YESTERDAY
  MAXIMUM         45    502 PM  94    1992  74    -29       83
  MINIMUM         38   1115 AM  27    1991  43     -5       47
  AVERAGE         42                        58    -16       65

PRECIPITATION (IN)
  YESTERDAY        0.16          1.04 1999   0.05   0.11     0.00
  MONTH TO DATE    0.16                      0.05   0.11     0.00
  SINCE MAR 1      4.50                      2.30   2.20     1.38
  SINCE JAN 1      4.75                      3.22   1.53     4.69

SNOWFALL (IN)
  YESTERDAY        0.0           T    2013   0.0    0.0      0.0
                                      2011
                                      1993
  MONTH TO DATE    0.0                       0.0    0.0      0.0
  SINCE MAR 1      0.0                       5.4   -5.4      0.8
  SINCE JUL 1      2.5                      18.9  -16.4     34.1
  SNOW DEPTH       0

DEGREE DAYS
 HEATING
  YESTERDAY       23                         7     16        0
  MONTH TO DATE   23                         7     16        0
  SINCE MAR 1    784                       966   -182      734
  SINCE JUL 1   3729                      4609   -880     4027

 COOLING
  YESTERDAY        0                         1     -1        0
  MONTH TO DATE    0                         1     -1        0
  SINCE MAR 1      2                         7     -5        1
  SINCE JAN 1      2                         7     -5        1
..................................................................


WIND (MPH)
  RESULTANT WIND SPEED  20   RESULTANT WIND DIRECTION   N (0)
  HIGHEST WIND SPEED    36   HIGHEST WIND DIRECTION     N (10)
  HIGHEST GUST SPEED    45   HIGHEST GUST DIRECTION     N (360)
  AVERAGE WIND SPEED    19.5


SKY COVER
  AVERAGE SKY COVER 1.0


WEATHER CONDITIONS
 THE FOLLOWING WEATHER WAS RECORDED YESTERDAY.
  RAIN
  LIGHT RAIN
  FOG


RELATIVE HUMIDITY (PERCENT)
 HIGHEST    86          1200 PM
 LOWEST     57          1200 AM
 AVERAGE    72

..........................................................


THE DALHART CLIMATE NORMALS FOR TODAY
                         NORMAL    RECORD    YEAR
 MAXIMUM TEMPERATURE (F)   74        93      2012
 MINIMUM TEMPERATURE (F)   44        28      2008


SUNRISE AND SUNSET
MAY  2 2016...........SUNRISE   656 AM CDT   SUNSET   839 PM CDT
MAY  3 2016...........SUNRISE   655 AM CDT   SUNSET   840 PM CDT


-  INDICATES NEGATIVE NUMBERS.
R  INDICATES RECORD WAS SET OR TIED.
MM INDICATES DATA IS MISSING.
T  INDICATES TRACE AMOUNT.




$$
