000
CDUS44 KAMA 210728
CLIDHT


CLIMATE REPORT
NATIONAL WEATHER SERVICE AMARILLO TX
126 AM CST FRI NOV 21 2014


...................................

...THE DALHART CLIMATE SUMMARY FOR NOVEMBER 20 2014...

CLIMATE NORMAL PERIOD 1981 TO 2010
CLIMATE RECORD PERIOD 1894 TO 2014


WEATHER ITEM   OBSERVED TIME   RECORD YEAR NORMAL DEPARTURE LAST
                VALUE   (LST)  VALUE       VALUE  FROM      YEAR
                                                  NORMAL
..................................................................
TEMPERATURE (F)
 YESTERDAY
  MAXIMUM         55    401 PM  82    2007  57     -2       60
  MINIMUM         25    819 AM  15    1985  26     -1       39
  AVERAGE         40                        42     -2       50

PRECIPITATION (IN)
  YESTERDAY        0.00          0.59 1972   0.01  -0.01     0.00
  MONTH TO DATE    0.08                      0.44  -0.36     0.65
  SINCE SEP 1      2.64                      3.56  -0.92     2.41
  SINCE JAN 1     11.28                     16.91  -5.63     7.43

SNOWFALL (IN)
  YESTERDAY        0.0           6.0  1972   0.1   -0.1      0.0
  MONTH TO DATE    1.5                       0.7    0.8      0.0
  SINCE SEP 1      1.5                       1.3    0.2       T
  SINCE JUL 1      1.5                       1.3    0.2       T
  SNOW DEPTH       0

DEGREE DAYS
 HEATING
  YESTERDAY       25                        23      2       15
  MONTH TO DATE  457                       377     80      329
  SINCE SEP 1    649                       734    -85      632
  SINCE JUL 1    649                       737    -88      632

 COOLING
  YESTERDAY        0                         0      0        0
  MONTH TO DATE    0                         0      0        0
  SINCE SEP 1    196                       142     54      223
  SINCE JAN 1   1411                      1138    273     1576
..................................................................


WIND (MPH)
  RESULTANT WIND SPEED   5   RESULTANT WIND DIRECTION  NE (60)
  HIGHEST WIND SPEED    16   HIGHEST WIND DIRECTION     N (20)
  HIGHEST GUST SPEED    19   HIGHEST GUST DIRECTION     N (20)
  AVERAGE WIND SPEED     7.8


SKY COVER
  AVERAGE SKY COVER 0.0


WEATHER CONDITIONS
 THE FOLLOWING WEATHER WAS RECORDED YESTERDAY.
  NO SIGNIFICANT WEATHER WAS OBSERVED.


RELATIVE HUMIDITY (PERCENT)
 HIGHEST    75           500 AM
 LOWEST     28           200 PM
 AVERAGE    52

..........................................................


THE DALHART CLIMATE NORMALS FOR TODAY
                         NORMAL    RECORD    YEAR
 MAXIMUM TEMPERATURE (F)   57        78      1966
 MINIMUM TEMPERATURE (F)   26         6      1972


SUNRISE AND SUNSET
NOVEMBER 21 2014......SUNRISE   733 AM CST   SUNSET   539 PM CST
NOVEMBER 22 2014......SUNRISE   734 AM CST   SUNSET   539 PM CST


-  INDICATES NEGATIVE NUMBERS.
R  INDICATES RECORD WAS SET OR TIED.
MM INDICATES DATA IS MISSING.
T  INDICATES TRACE AMOUNT.




$$
