000
CDUS44 KAMA 260633
CLIDHT


CLIMATE REPORT
NATIONAL WEATHER SERVICE AMARILLO TX
130 AM CDT WED APR 26 2017


...................................

...THE DALHART CLIMATE SUMMARY FOR APRIL 25 2017...

CLIMATE NORMAL PERIOD 1981 TO 2010
CLIMATE RECORD PERIOD 1948 TO 2017


WEATHER ITEM   OBSERVED TIME   RECORD YEAR NORMAL DEPARTURE LAST
                VALUE   (LST)  VALUE       VALUE  FROM      YEAR
                                                  NORMAL
..................................................................
TEMPERATURE (F)
 YESTERDAY
  MAXIMUM         64    843 AM  96    2012  72     -8       80
  MINIMUM         44    602 AM  28    1950  41      3       48
  AVERAGE         54                        56     -2       64

PRECIPITATION (IN)
  YESTERDAY        0.16          1.45 1997   0.04   0.12     0.00
  MONTH TO DATE    1.76                      0.86   0.90     3.37
  SINCE MAR 1      3.18                      2.03   1.15     3.67
  SINCE JAN 1      4.26                      2.95   1.31     4.05

SNOWFALL (IN)
  YESTERDAY        0.0           1.5  1997   0.0    0.0      0.0
  MONTH TO DATE    1.0                       1.1   -0.1      0.0
  SINCE MAR 1      1.0                       5.3   -4.3      6.0
  SINCE JUL 1      2.3                      18.8  -16.5     12.7
  SNOW DEPTH       0

DEGREE DAYS
 HEATING
  YESTERDAY       11                         9      2        1
  MONTH TO DATE  207                       307   -100      221
  SINCE MAR 1    622                       918   -296      692
  SINCE JUL 1   3439                      4561  -1122     3637

 COOLING
  YESTERDAY        0                         0      0        0
  MONTH TO DATE   29                         0     29        2
  SINCE MAR 1     35                         0     35        2
  SINCE JAN 1     35                         0     35        2
..................................................................


WIND (MPH)
  RESULTANT WIND SPEED   7   RESULTANT WIND DIRECTION   N (10)
  HIGHEST WIND SPEED    24   HIGHEST WIND DIRECTION     N (360)
  HIGHEST GUST SPEED    29   HIGHEST GUST DIRECTION     N (360)
  AVERAGE WIND SPEED    12.3


SKY COVER
  AVERAGE SKY COVER 0.5


WEATHER CONDITIONS
 THE FOLLOWING WEATHER WAS RECORDED YESTERDAY.
  THUNDERSTORM
  HEAVY RAIN
  RAIN
  LIGHT RAIN
  FOG


RELATIVE HUMIDITY (PERCENT)
 HIGHEST   100          1100 PM
 LOWEST     28          1200 AM
 AVERAGE    64

..........................................................


THE DALHART CLIMATE NORMALS FOR TODAY
                         NORMAL    RECORD    YEAR
 MAXIMUM TEMPERATURE (F)   72        91      1959
 MINIMUM TEMPERATURE (F)   41        30      2006


SUNRISE AND SUNSET
APRIL 26 2017.........SUNRISE   703 AM CDT   SUNSET   833 PM CDT
APRIL 27 2017.........SUNRISE   702 AM CDT   SUNSET   834 PM CDT


-  INDICATES NEGATIVE NUMBERS.
R  INDICATES RECORD WAS SET OR TIED.
MM INDICATES DATA IS MISSING.
T  INDICATES TRACE AMOUNT.




$$
