000
CDUS44 KAMA 022143
CLIDHT


CLIMATE REPORT
NATIONAL WEATHER SERVICE AMARILLO TX
441 PM CDT TUE JUN 2 2015


...................................

...THE DALHART CLIMATE SUMMARY FOR JUNE 2 2015...
VALID TODAY AS OF 0400 PM LOCAL TIME.

CLIMATE NORMAL PERIOD 1981 TO 2010
CLIMATE RECORD PERIOD 1894 TO 2015


WEATHER ITEM   OBSERVED TIME   RECORD YEAR NORMAL DEPARTURE LAST
                VALUE   (LST)  VALUE       VALUE  FROM      YEAR
                                                  NORMAL
..................................................................
TEMPERATURE (F)
 TODAY
  MAXIMUM         90    331 PM 105    2008  84      6       86
  MINIMUM         55    503 AM  41    1951  54      1       64
  AVERAGE         73                        69      4       75

PRECIPITATION (IN)
  TODAY            0.00          1.42 1963   0.08  -0.08     0.00
  MONTH TO DATE    0.03                      0.15  -0.12     0.00
  SINCE JUN 1      0.03                      0.15  -0.12     0.00
  SINCE JAN 1      6.74                      5.56   1.18     1.84

SNOWFALL (IN)
  TODAY            0.0           0.0    MM   0.0    0.0      0.0
  MONTH TO DATE    0.0                       0.0    0.0      0.0
  SINCE JUN 1      0.0                       0.0    0.0      0.0
  SINCE JUL 1     34.1                      18.9   15.2     17.4
  SNOW DEPTH       0

DEGREE DAYS
 HEATING
  TODAY            0                         1     -1        0
  MONTH TO DATE    0                         2     -2        0
  SINCE JUN 1      0                         2     -2        0
  SINCE JUL 1   4158                      4719   -561     4593

 COOLING
  TODAY            8                         5      3       10
  MONTH TO DATE   16                        10      6       26
  SINCE JUN 1     16                        10      6       26
  SINCE JAN 1     38                        82    -44      146
..................................................................


WIND (MPH)
  RESULTANT WIND SPEED  13   RESULTANT WIND DIRECTION  SW (210)
  HIGHEST WIND SPEED    21   HIGHEST WIND DIRECTION     S (190)
  HIGHEST GUST SPEED    25   HIGHEST GUST DIRECTION     S (190)
  AVERAGE WIND SPEED    13.3


SKY COVER
  AVERAGE SKY COVER 0.0


WEATHER CONDITIONS
 THE FOLLOWING WEATHER WAS RECORDED TODAY.
  NO SIGNIFICANT WEATHER WAS OBSERVED.


RELATIVE HUMIDITY (PERCENT)
 HIGHEST    93           200 AM
 LOWEST     34           300 PM
 AVERAGE    64

..........................................................


THE DALHART CLIMATE NORMALS FOR TOMORROW
                         NORMAL    RECORD    YEAR
 MAXIMUM TEMPERATURE (F)   84       100      2013
 MINIMUM TEMPERATURE (F)   54        43      1954


SUNRISE AND SUNSET
JUNE  2 2015..........SUNRISE   635 AM CDT   SUNSET   902 PM CDT
JUNE  3 2015..........SUNRISE   634 AM CDT   SUNSET   903 PM CDT


-  INDICATES NEGATIVE NUMBERS.
R  INDICATES RECORD WAS SET OR TIED.
MM INDICATES DATA IS MISSING.
T  INDICATES TRACE AMOUNT.




$$
