000
CDUS44 KAMA 260631
CLIDHT


CLIMATE REPORT
NATIONAL WEATHER SERVICE AMARILLO TX
128 AM CDT MON SEP 26 2016


...................................

...THE DALHART CLIMATE SUMMARY FOR SEPTEMBER 25 2016...

CLIMATE NORMAL PERIOD 1981 TO 2010
CLIMATE RECORD PERIOD 1948 TO 2016


WEATHER ITEM   OBSERVED TIME   RECORD YEAR NORMAL DEPARTURE LAST
                VALUE   (LST)  VALUE       VALUE  FROM      YEAR
                                                  NORMAL
..................................................................
TEMPERATURE (F)
 YESTERDAY
  MAXIMUM         75    317 PM  93    1998  78     -3       84
  MINIMUM         49   1159 PM  32    2000  49      0       55
  AVERAGE         62                        64     -2       70

PRECIPITATION (IN)
  YESTERDAY        0.00          0.40 1950   0.05  -0.05     0.00
  MONTH TO DATE    3.42                      1.41   2.01     1.06
  SINCE SEP 1      3.42                      1.41   2.01     1.06
  SINCE JAN 1     17.61                     14.76   2.85    14.49

SNOWFALL (IN)
  YESTERDAY        0.0           0.0    MM   0.0    0.0      0.0
  MONTH TO DATE    0.0                       0.0    0.0      0.0
  SINCE SEP 1      0.0                       0.0    0.0      0.0
  SINCE JUL 1      0.0                       0.0    0.0      0.0
  SNOW DEPTH       0

DEGREE DAYS
 HEATING
  YESTERDAY        3                         4     -1        0
  MONTH TO DATE    4                        38    -34        1
  SINCE SEP 1      4                        38    -34        1
  SINCE JUL 1      4                        41    -37        1

 COOLING
  YESTERDAY        0                         2     -2        5
  MONTH TO DATE  219                       123     96      272
  SINCE SEP 1    219                       123     96      272
  SINCE JAN 1   1494                      1119    375     1481
..................................................................


WIND (MPH)
  RESULTANT WIND SPEED  18   RESULTANT WIND DIRECTION   N (20)
  HIGHEST WIND SPEED    33   HIGHEST WIND DIRECTION     N (20)
  HIGHEST GUST SPEED    40   HIGHEST GUST DIRECTION     N (20)
  AVERAGE WIND SPEED    18.1


SKY COVER
  AVERAGE SKY COVER 0.2


WEATHER CONDITIONS
 THE FOLLOWING WEATHER WAS RECORDED YESTERDAY.
  NO SIGNIFICANT WEATHER WAS OBSERVED.


RELATIVE HUMIDITY (PERCENT)
 HIGHEST    72           300 AM
 LOWEST     23           400 PM
 AVERAGE    48

..........................................................


THE DALHART CLIMATE NORMALS FOR TODAY
                         NORMAL    RECORD    YEAR
 MAXIMUM TEMPERATURE (F)   78        95      1951
 MINIMUM TEMPERATURE (F)   48        32      2000


SUNRISE AND SUNSET
SEPTEMBER 26 2016.....SUNRISE   742 AM CDT   SUNSET   740 PM CDT
SEPTEMBER 27 2016.....SUNRISE   742 AM CDT   SUNSET   739 PM CDT


-  INDICATES NEGATIVE NUMBERS.
R  INDICATES RECORD WAS SET OR TIED.
MM INDICATES DATA IS MISSING.
T  INDICATES TRACE AMOUNT.




$$
