000
CDUS44 KAMA 230627
CLIDHT


CLIMATE REPORT
NATIONAL WEATHER SERVICE AMARILLO TX
127 AM CDT TUE SEP 23 2014


...................................

...THE DALHART CLIMATE SUMMARY FOR SEPTEMBER 22 2014...

CLIMATE NORMAL PERIOD 1981 TO 2010
CLIMATE RECORD PERIOD 1894 TO 2014


WEATHER ITEM   OBSERVED TIME   RECORD YEAR NORMAL DEPARTURE LAST
                VALUE   (LST)  VALUE       VALUE  FROM      YEAR
                                                  NORMAL
..................................................................
TEMPERATURE (F)
 YESTERDAY
  MAXIMUM         80    338 PM  93    2000  80      0       83
  MINIMUM         63    727 AM  37    1995  50     13       54
  AVERAGE         72                        65      7       69

PRECIPITATION (IN)
  YESTERDAY        T             0.45 2004   0.05  -0.05     0.00
  MONTH TO DATE    1.13                      1.25  -0.12     1.64
  SINCE SEP 1      1.13                      1.25  -0.12     1.64
  SINCE JAN 1      9.77                     14.60  -4.83     6.66

SNOWFALL (IN)
  YESTERDAY        0.0           0.0    MM   0.0    0.0      0.0
  MONTH TO DATE    0.0                       0.0    0.0      0.0
  SINCE SEP 1      0.0                       0.0    0.0      0.0
  SINCE JUL 1      0.0                       0.0    0.0      0.0
  SNOW DEPTH       0

DEGREE DAYS
 HEATING
  YESTERDAY        0                         3     -3        0
  MONTH TO DATE   21                        28     -7        0
  SINCE SEP 1     21                        28     -7        0
  SINCE JUL 1     21                        31    -10        0

 COOLING
  YESTERDAY        7                         3      4        4
  MONTH TO DATE  141                       116     25      189
  SINCE SEP 1    141                       116     25      189
  SINCE JAN 1   1356                      1112    244     1542
..................................................................


WIND (MPH)
  RESULTANT WIND SPEED  11   RESULTANT WIND DIRECTION   S (170)
  HIGHEST WIND SPEED    23   HIGHEST WIND DIRECTION     S (180)
  HIGHEST GUST SPEED    29   HIGHEST GUST DIRECTION    SE (150)
  AVERAGE WIND SPEED    12.7


SKY COVER
  AVERAGE SKY COVER 0.7


WEATHER CONDITIONS
 THE FOLLOWING WEATHER WAS RECORDED YESTERDAY.
  LIGHT RAIN


RELATIVE HUMIDITY (PERCENT)
 HIGHEST    87          1000 PM
 LOWEST     48           300 PM
 AVERAGE    68

..........................................................


THE DALHART CLIMATE NORMALS FOR TODAY
                         NORMAL    RECORD    YEAR
 MAXIMUM TEMPERATURE (F)   79        96      1953
 MINIMUM TEMPERATURE (F)   50        36      2009


SUNRISE AND SUNSET
SEPTEMBER 23 2014.....SUNRISE   739 AM CDT   SUNSET   745 PM CDT
SEPTEMBER 24 2014.....SUNRISE   740 AM CDT   SUNSET   744 PM CDT


-  INDICATES NEGATIVE NUMBERS.
R  INDICATES RECORD WAS SET OR TIED.
MM INDICATES DATA IS MISSING.
T  INDICATES TRACE AMOUNT.




$$
