000
CDUS44 KAMA 220643
CLIDHT


CLIMATE REPORT
NATIONAL WEATHER SERVICE AMARILLO TX
142 AM CDT WED OCT 22 2014


...................................

...THE DALHART CLIMATE SUMMARY FOR OCTOBER 21 2014...

CLIMATE NORMAL PERIOD 1981 TO 2010
CLIMATE RECORD PERIOD 1894 TO 2014


WEATHER ITEM   OBSERVED TIME   RECORD YEAR NORMAL DEPARTURE LAST
                VALUE   (LST)  VALUE       VALUE  FROM      YEAR
                                                  NORMAL
..................................................................
TEMPERATURE (F)
 YESTERDAY
  MAXIMUM         77    256 PM  87    2012  70      7       63
                                      2003
  MINIMUM         45    652 AM  27    1990  39      6       40
  AVERAGE         61                        54      7       52

PRECIPITATION (IN)
  YESTERDAY        0.00          1.08 1986   0.05  -0.05     0.00
  MONTH TO DATE    1.01                      1.01   0.00      T
  SINCE SEP 1      2.56                      2.66  -0.10     1.64
  SINCE JAN 1     11.20                     16.01  -4.81     6.66

SNOWFALL (IN)
  YESTERDAY        0.0           4.0  1996   0.1   -0.1      0.0
  MONTH TO DATE    0.0                       0.3   -0.3       T
  SINCE SEP 1      0.0                       0.3   -0.3       T
  SINCE JUL 1      0.0                       0.3   -0.3       T
  SNOW DEPTH       0

DEGREE DAYS
 HEATING
  YESTERDAY        4                        11     -7       13
  MONTH TO DATE  108                       168    -60      182
  SINCE SEP 1    129                       228    -99      196
  SINCE JUL 1    129                       231   -102      196

 COOLING
  YESTERDAY        0                         0      0        0
  MONTH TO DATE   11                         8      3       13
  SINCE SEP 1    188                       140     48      223
  SINCE JAN 1   1403                      1136    267     1576
..................................................................


WIND (MPH)
  RESULTANT WIND SPEED   7   RESULTANT WIND DIRECTION   S (200)
  HIGHEST WIND SPEED    23   HIGHEST WIND DIRECTION    SW (210)
  HIGHEST GUST SPEED    30   HIGHEST GUST DIRECTION     S (190)
  AVERAGE WIND SPEED     9.2


SKY COVER
  AVERAGE SKY COVER 0.1


WEATHER CONDITIONS
 THE FOLLOWING WEATHER WAS RECORDED YESTERDAY.
  FOG
  HAZE


RELATIVE HUMIDITY (PERCENT)
 HIGHEST    93           500 AM
 LOWEST     31           300 PM
 AVERAGE    62

..........................................................


THE DALHART CLIMATE NORMALS FOR TODAY
                         NORMAL    RECORD    YEAR
 MAXIMUM TEMPERATURE (F)   69        86      1988
 MINIMUM TEMPERATURE (F)   38        24      1949


SUNRISE AND SUNSET
OCTOBER 22 2014.......SUNRISE   803 AM CDT   SUNSET   705 PM CDT
OCTOBER 23 2014.......SUNRISE   804 AM CDT   SUNSET   704 PM CDT


-  INDICATES NEGATIVE NUMBERS.
R  INDICATES RECORD WAS SET OR TIED.
MM INDICATES DATA IS MISSING.
T  INDICATES TRACE AMOUNT.




$$
