000
CDUS43 KBIS 290728
CLIDIK


CLIMATE REPORT
NATIONAL WEATHER SERVICE BISMARCK ND
227 AM CDT SUN MAR 29 2015


...................................

...THE DICKINSON ND CLIMATE SUMMARY FOR MARCH 28 2015...

CLIMATE NORMAL PERIOD 1981 TO 2010
CLIMATE RECORD PERIOD 1903 TO 2015


WEATHER ITEM   OBSERVED TIME   RECORD YEAR NORMAL DEPARTURE LAST
                VALUE   (LST)  VALUE       VALUE  FROM      YEAR
                                                  NORMAL
..................................................................
TEMPERATURE (F)
 YESTERDAY
  MAXIMUM         80R   247 PM  76    1986  47     33       33
  MINIMUM         32    158 AM  -7    1922  23      9       19
  AVERAGE         56                        35     21       26

PRECIPITATION (IN)
  YESTERDAY        0.01          0.55 2007   0.03  -0.02      T
  MONTH TO DATE    0.39                      0.60  -0.21     0.22
  SINCE MAR 1      0.39                      0.60  -0.21     0.22
  SINCE JAN 1      0.66                      1.23  -0.57     0.39

DEGREE DAYS
 HEATING
  YESTERDAY        9                        30    -21       39
  MONTH TO DATE  787                       999   -212     1090
  SINCE MAR 1    787                       999   -212     1090
  SINCE JUL 1   6902                      7293   -391     7732

 COOLING
  YESTERDAY        0                         0      0        0
  MONTH TO DATE    0                         0      0        0
  SINCE MAR 1      0                         0      0        0
  SINCE JAN 1      0                         0      0        0
..................................................................


WIND (MPH)
  HIGHEST WIND SPEED    56   HIGHEST WIND DIRECTION     W (290)
  HIGHEST GUST SPEED    68   HIGHEST GUST DIRECTION     W (280)
  AVERAGE WIND SPEED    20.4


SKY COVER
  POSSIBLE SUNSHINE  MM
  AVERAGE SKY COVER 0.1


WEATHER CONDITIONS
 THE FOLLOWING WEATHER WAS RECORDED YESTERDAY.
  THUNDERSTORM
  LIGHT RAIN


RELATIVE HUMIDITY (PERCENT)
 HIGHEST    89           400 AM
 LOWEST     19           200 PM
 AVERAGE    54

..........................................................


THE DICKINSON ND CLIMATE NORMALS FOR TODAY
                         NORMAL    RECORD    YEAR
 MAXIMUM TEMPERATURE (F)   47        74      1967
 MINIMUM TEMPERATURE (F)   23       -13      1954


SUNRISE AND SUNSET
MARCH 29 2015.........SUNRISE   637 AM MDT   SUNSET   716 PM MDT
MARCH 30 2015.........SUNRISE   635 AM MDT   SUNSET   717 PM MDT


-  INDICATES NEGATIVE NUMBERS.
R  INDICATES RECORD WAS SET OR TIED.
MM INDICATES DATA IS MISSING.
T  INDICATES TRACE AMOUNT.




$$
