000
CDUS43 KBIS 290728
CLIDIK


CLIMATE REPORT
NATIONAL WEATHER SERVICE BISMARCK ND
226 AM CDT MON MAY 29 2017


...................................

...THE DICKINSON ND CLIMATE SUMMARY FOR MAY 28 2017...

CLIMATE NORMAL PERIOD 1981 TO 2010
CLIMATE RECORD PERIOD 1893 TO 2017


WEATHER ITEM   OBSERVED TIME   RECORD YEAR NORMAL DEPARTURE LAST
                VALUE   (LST)  VALUE       VALUE  FROM      YEAR
                                                  NORMAL
..................................................................
TEMPERATURE (F)
 YESTERDAY
  MAXIMUM         73    115 PM 101    1934  70      3       72
  MINIMUM         38   1110 PM  18    1947  44     -6       42
  AVERAGE         56                        57     -1       57

PRECIPITATION (IN)
  YESTERDAY        T             1.22 1956   0.08  -0.08     0.07
  MONTH TO DATE    1.21                      2.06  -0.85     0.25
  SINCE MAR 1      2.05                      4.22  -2.17     2.88
  SINCE JAN 1      2.33                      4.85  -2.52     3.30

DEGREE DAYS
 HEATING
  YESTERDAY        9                         9      0        8
  MONTH TO DATE  318                       354    -36      347
  SINCE MAR 1   2034                      2122    -88     1893
  SINCE JUL 1   8164                      8416   -252     7302

 COOLING
  YESTERDAY        0                         0      0        0
  MONTH TO DATE   10                         0     10        3
  SINCE MAR 1     10                         1      9        3
  SINCE JAN 1     10                         1      9        3
..................................................................


WIND (MPH)
  HIGHEST WIND SPEED    38   HIGHEST WIND DIRECTION    NW (330)
  HIGHEST GUST SPEED    48   HIGHEST GUST DIRECTION    NW (330)
  AVERAGE WIND SPEED    16.5


SKY COVER
  POSSIBLE SUNSHINE  MM
  AVERAGE SKY COVER 0.2


WEATHER CONDITIONS
 THE FOLLOWING WEATHER WAS RECORDED YESTERDAY.
  LIGHT RAIN


RELATIVE HUMIDITY (PERCENT)
 HIGHEST    85           300 AM
 LOWEST     17           100 PM
 AVERAGE    51

..........................................................


THE DICKINSON ND CLIMATE NORMALS FOR TODAY
                         NORMAL    RECORD    YEAR
 MAXIMUM TEMPERATURE (F)   70       102      1934
 MINIMUM TEMPERATURE (F)   44        17      1947


SUNRISE AND SUNSET
MAY 29 2017...........SUNRISE   503 AM MDT   SUNSET   835 PM MDT
MAY 30 2017...........SUNRISE   502 AM MDT   SUNSET   836 PM MDT


-  INDICATES NEGATIVE NUMBERS.
R  INDICATES RECORD WAS SET OR TIED.
MM INDICATES DATA IS MISSING.
T  INDICATES TRACE AMOUNT.




$$
