000
CDUS43 KBIS 190749
CLIDIK


CLIMATE REPORT
NATIONAL WEATHER SERVICE BISMARCK ND
147 AM CST FRI DEC 19 2014


...................................

...THE DICKINSON ND CLIMATE SUMMARY FOR DECEMBER 18 2014...

CLIMATE NORMAL PERIOD 1981 TO 2010
CLIMATE RECORD PERIOD 1903 TO 2014


WEATHER ITEM   OBSERVED TIME   RECORD YEAR NORMAL DEPARTURE LAST
                VALUE   (LST)  VALUE       VALUE  FROM      YEAR
                                                  NORMAL
..................................................................
TEMPERATURE (F)
 YESTERDAY
  MAXIMUM         32    339 PM  60    1979  27      5       40
  MINIMUM         19    546 PM -37    1929   7     12        8
  AVERAGE         26                        17      9       24

PRECIPITATION (IN)
  YESTERDAY        0.00          0.12 1990   0.01  -0.01      T
  MONTH TO DATE    T                         0.13  -0.13     0.19
  SINCE DEC 1      T                         0.13  -0.13     0.19
  SINCE JAN 1     21.79                     15.66   6.13    23.03

DEGREE DAYS
 HEATING
  YESTERDAY       39                        48     -9       41
  MONTH TO DATE  651                       825   -174      997
  SINCE DEC 1    651                       825   -174      997
  SINCE JUL 1   2857                      2902    -45     2941

 COOLING
  YESTERDAY        0                         0      0        0
  MONTH TO DATE    0                         0      0        0
  SINCE DEC 1      0                         0      0        0
  SINCE JAN 1    256                       419   -163      386
..................................................................


WIND (MPH)
  HIGHEST WIND SPEED    13   HIGHEST WIND DIRECTION     W (270)
  HIGHEST GUST SPEED    15   HIGHEST GUST DIRECTION     S (170)
  AVERAGE WIND SPEED     7.2


SKY COVER
  POSSIBLE SUNSHINE  MM
  AVERAGE SKY COVER 0.7


WEATHER CONDITIONS
 THE FOLLOWING WEATHER WAS RECORDED YESTERDAY.
  FOG
  FOG W/VISIBILITY <= 1/4 MILE
  HAZE


RELATIVE HUMIDITY (PERCENT)
 HIGHEST    96           500 PM
 LOWEST     78          1200 PM
 AVERAGE    87

..........................................................


THE DICKINSON ND CLIMATE NORMALS FOR TODAY
                         NORMAL    RECORD    YEAR
 MAXIMUM TEMPERATURE (F)   27        62      1979
 MINIMUM TEMPERATURE (F)    7       -37      1929


SUNRISE AND SUNSET
DECEMBER 19 2014......SUNRISE   732 AM MST   SUNSET   405 PM MST
DECEMBER 20 2014......SUNRISE   733 AM MST   SUNSET   405 PM MST


-  INDICATES NEGATIVE NUMBERS.
R  INDICATES RECORD WAS SET OR TIED.
MM INDICATES DATA IS MISSING.
T  INDICATES TRACE AMOUNT.




$$
