000
CDUS43 KBIS 290027
CLIDIK


CLIMATE REPORT
NATIONAL WEATHER SERVICE BISMARCK ND
627 PM CST FRI NOV 28 2014


...................................

...THE DICKINSON ND CLIMATE SUMMARY FOR NOVEMBER 28 2014...
VALID TODAY AS OF 0600 PM LOCAL TIME.

CLIMATE NORMAL PERIOD 1981 TO 2010
CLIMATE RECORD PERIOD 1903 TO 2014


WEATHER ITEM   OBSERVED TIME   RECORD YEAR NORMAL DEPARTURE LAST
                VALUE   (LST)  VALUE       VALUE  FROM      YEAR
                                                  NORMAL
..................................................................
TEMPERATURE (F)
 TODAY
  MAXIMUM         42    217 PM  59    2002  33      9       28
  MINIMUM         17    801 AM -18    1985  13      4       19
  AVERAGE         30                        23      7       24

PRECIPITATION (IN)
  TODAY            T             0.07 1975   0.01  -0.01     0.00
  MONTH TO DATE    0.29                      0.52  -0.23     0.06
  SINCE SEP 1      2.02                      3.22  -1.20     7.83
  SINCE JAN 1     21.79                     15.51   6.28    22.84

DEGREE DAYS
 HEATING
  TODAY           35                        42     -7       41
  MONTH TO DATE 1179                       980    199      996
  SINCE SEP 1   1998                      1905     93     1837
  SINCE JUL 1   2099                      1991    108     1877

 COOLING
  TODAY            0                         0      0        0
  MONTH TO DATE    0                         0      0        0
  SINCE SEP 1     24                        33     -9       74
  SINCE JAN 1    256                       419   -163      386
..................................................................


WIND (MPH)
  RESULTANT WIND SPEED   6   RESULTANT WIND DIRECTION   E (110)
  HIGHEST WIND SPEED    14   HIGHEST WIND DIRECTION    NE (30)
  HIGHEST GUST SPEED    16   HIGHEST GUST DIRECTION     E (80)
  AVERAGE WIND SPEED     8.1


SKY COVER
  POSSIBLE SUNSHINE  MM
  AVERAGE SKY COVER 0.5


WEATHER CONDITIONS
 THE FOLLOWING WEATHER WAS RECORDED TODAY.
  NO SIGNIFICANT WEATHER WAS OBSERVED.


RELATIVE HUMIDITY (PERCENT)
 HIGHEST    91           100 AM
 LOWEST     65           200 PM
 AVERAGE    78

..........................................................


THE DICKINSON ND CLIMATE NORMALS FOR TOMORROW
                         NORMAL    RECORD    YEAR
 MAXIMUM TEMPERATURE (F)   33        62      1909
 MINIMUM TEMPERATURE (F)   13       -18      1985


SUNRISE AND SUNSET
NOVEMBER 28 2014......SUNRISE   712 AM MST   SUNSET   406 PM MST
NOVEMBER 29 2014......SUNRISE   713 AM MST   SUNSET   406 PM MST


-  INDICATES NEGATIVE NUMBERS.
R  INDICATES RECORD WAS SET OR TIED.
MM INDICATES DATA IS MISSING.
T  INDICATES TRACE AMOUNT.




$$
