253
CDUS43 KBIS 121408
CLIDIK


CLIMATE REPORT
NATIONAL WEATHER SERVICE BISMARCK ND
807 AM CST FRI FEB 12 2016


...................................

...THE DICKINSON ND CLIMATE SUMMARY FOR FEBRUARY 11 2016...

CLIMATE NORMAL PERIOD 1981 TO 2010
CLIMATE RECORD PERIOD 1893 TO 2016


WEATHER ITEM   OBSERVED TIME   RECORD YEAR NORMAL DEPARTURE LAST
                VALUE   (LST)  VALUE       VALUE  FROM      YEAR
                                                  NORMAL
..................................................................
TEMPERATURE (F)
 YESTERDAY
  MAXIMUM         25    228 PM  56    2005  30     -5       17
  MINIMUM         20   1159 PM -35    1939   9     11        1
                                      1899
  AVERAGE         23                        20      3        9

PRECIPITATION (IN)
  YESTERDAY        0.11R         0.11 2016   0.01   0.10      T
  MONTH TO DATE    0.11                      0.09   0.02     0.15
  SINCE DEC 1      0.53                      0.63  -0.10     0.34
  SINCE JAN 1      0.27                      0.39  -0.12     0.27

DEGREE DAYS
 HEATING
  YESTERDAY       42                        46     -4       56
  MONTH TO DATE  418                       511    -93      488
  SINCE DEC 1   3140                      3481   -341     3067
  SINCE JUL 1   4814                      5558   -744     5273

 COOLING
  YESTERDAY        0                         0      0        0
  MONTH TO DATE    0                         0      0        0
  SINCE DEC 1      0                         0      0        0
  SINCE JAN 1      0                         0      0        0
..................................................................


WIND (MPH)
  HIGHEST WIND SPEED    13   HIGHEST WIND DIRECTION    NE (40)
  HIGHEST GUST SPEED    16   HIGHEST GUST DIRECTION    NE (30)
  AVERAGE WIND SPEED     7.2


SKY COVER
  POSSIBLE SUNSHINE  MM
  AVERAGE SKY COVER 1.0


WEATHER CONDITIONS
 THE FOLLOWING WEATHER WAS RECORDED YESTERDAY.
  LIGHT SNOW
  FOG
  HAZE


RELATIVE HUMIDITY (PERCENT)
 HIGHEST    92           700 AM
 LOWEST     81          1200 PM
 AVERAGE    87

..........................................................


THE DICKINSON ND CLIMATE NORMALS FOR TODAY
                         NORMAL    RECORD    YEAR
 MAXIMUM TEMPERATURE (F)   30        62      1921
 MINIMUM TEMPERATURE (F)    9       -39      1905


SUNRISE AND SUNSET
FEBRUARY 12 2016......SUNRISE   701 AM MST   SUNSET   511 PM MST
FEBRUARY 13 2016......SUNRISE   659 AM MST   SUNSET   512 PM MST


-  INDICATES NEGATIVE NUMBERS.
R  INDICATES RECORD WAS SET OR TIED.
MM INDICATES DATA IS MISSING.
T  INDICATES TRACE AMOUNT.




$$
