398
CDUS43 KBIS 021240
CLIDIK


CLIMATE REPORT
NATIONAL WEATHER SERVICE BISMARCK ND
640 AM CST FRI DEC 2 2016


...................................

...THE DICKINSON ND CLIMATE SUMMARY FOR DECEMBER 1 2016...

CLIMATE NORMAL PERIOD 1981 TO 2010
CLIMATE RECORD PERIOD 1893 TO 2016


WEATHER ITEM   OBSERVED TIME   RECORD YEAR NORMAL DEPARTURE LAST
                VALUE   (LST)  VALUE       VALUE  FROM      YEAR
                                                  NORMAL
..................................................................
TEMPERATURE (F)
 YESTERDAY
  MAXIMUM         27    247 PM  66    1998  32     -5       36
  MINIMUM         22    556 AM -17    1985  12     10       17
  AVERAGE         25                        22      3       27

PRECIPITATION (IN)
  YESTERDAY        0.00          0.20 1909   0.01  -0.01     0.01
  MONTH TO DATE    0.00                      0.01  -0.01     0.01
  SINCE DEC 1      0.00                      0.01  -0.01     0.01
  SINCE JAN 1     16.37                     15.54   0.83    11.19

DEGREE DAYS
 HEATING
  YESTERDAY       40                        43     -3       38
  MONTH TO DATE   40                        43     -3       38
  SINCE DEC 1     40                        43     -3       38
  SINCE JUL 1   1707                      2120   -413     1712

 COOLING
  YESTERDAY        0                         0      0        0
  MONTH TO DATE    0                         0      0        0
  SINCE DEC 1      0                         0      0        0
  SINCE JAN 1    315                       419   -104      467
..................................................................


WIND (MPH)
  HIGHEST WIND SPEED    10   HIGHEST WIND DIRECTION    NW (310)
  HIGHEST GUST SPEED    12   HIGHEST GUST DIRECTION    NW (300)
  AVERAGE WIND SPEED     3.9


SKY COVER
  POSSIBLE SUNSHINE  MM
  AVERAGE SKY COVER 1.0


WEATHER CONDITIONS
 THE FOLLOWING WEATHER WAS RECORDED YESTERDAY.
  FOG


RELATIVE HUMIDITY (PERCENT)
 HIGHEST   100           400 AM
 LOWEST     81           100 PM
 AVERAGE    91

..........................................................


THE DICKINSON ND CLIMATE NORMALS FOR TODAY
                         NORMAL    RECORD    YEAR
 MAXIMUM TEMPERATURE (F)   32        61      2012
 MINIMUM TEMPERATURE (F)   12       -25      1897


SUNRISE AND SUNSET
DECEMBER  2 2016......SUNRISE   717 AM MST   SUNSET   404 PM MST
DECEMBER  3 2016......SUNRISE   718 AM MST   SUNSET   404 PM MST


-  INDICATES NEGATIVE NUMBERS.
R  INDICATES RECORD WAS SET OR TIED.
MM INDICATES DATA IS MISSING.
T  INDICATES TRACE AMOUNT.




$$
