000
CDUS43 KBIS 290806
CLIDIK


CLIMATE REPORT
NATIONAL WEATHER SERVICE BISMARCK ND
306 AM CDT FRI AUG 29 2014


...................................

...THE DICKINSON ND CLIMATE SUMMARY FOR AUGUST 28 2014...

CLIMATE NORMAL PERIOD 1981 TO 2010
CLIMATE RECORD PERIOD 1903 TO 2014


WEATHER ITEM   OBSERVED TIME   RECORD YEAR NORMAL DEPARTURE LAST
                VALUE   (LST)  VALUE       VALUE  FROM      YEAR
                                                  NORMAL
..................................................................
TEMPERATURE (F)
 YESTERDAY
  MAXIMUM         86    329 PM 106    1905  80      6       89
  MINIMUM         53    525 AM  26    1911  51      2       62
  AVERAGE         70                        65      5       76

PRECIPITATION (IN)
  YESTERDAY        0.00          0.33 1965   0.05  -0.05     0.00
  MONTH TO DATE    6.27                      1.39   4.88     1.67
  SINCE JUN 1     11.21                      7.03   4.18     6.08
  SINCE JAN 1     19.25                     12.14   7.11    15.01

DEGREE DAYS
 HEATING
  YESTERDAY        0                         3     -3        0
  MONTH TO DATE   45                        42      3        8
  SINCE JUN 1    259                       213     46      164
  SINCE JUL 1     94                        76     18       40

 COOLING
  YESTERDAY        5                         3      2       11
  MONTH TO DATE   95                       144    -49      143
  SINCE JUN 1    202                       363   -161      277
  SINCE JAN 1    232                       373   -141      286
..................................................................


WIND (MPH)
  HIGHEST WIND SPEED    14   HIGHEST WIND DIRECTION    SW (220)
  HIGHEST GUST SPEED    18   HIGHEST GUST DIRECTION    SW (220)
  AVERAGE WIND SPEED     7.2


SKY COVER
  POSSIBLE SUNSHINE  MM
  AVERAGE SKY COVER 0.1


WEATHER CONDITIONS
 THE FOLLOWING WEATHER WAS RECORDED YESTERDAY.
  FOG


RELATIVE HUMIDITY (PERCENT)
 HIGHEST   100           100 AM
 LOWEST     34           200 PM
 AVERAGE    67

..........................................................


THE DICKINSON ND CLIMATE NORMALS FOR TODAY
                         NORMAL    RECORD    YEAR
 MAXIMUM TEMPERATURE (F)   80       105      2012
 MINIMUM TEMPERATURE (F)   50        32      1946


SUNRISE AND SUNSET
AUGUST 29 2014........SUNRISE   607 AM MDT   SUNSET   736 PM MDT
AUGUST 30 2014........SUNRISE   608 AM MDT   SUNSET   734 PM MDT


-  INDICATES NEGATIVE NUMBERS.
R  INDICATES RECORD WAS SET OR TIED.
MM INDICATES DATA IS MISSING.
T  INDICATES TRACE AMOUNT.




$$
