000
CDUS43 KBIS 270745
CLIDIK


CLIMATE REPORT
NATIONAL WEATHER SERVICE BISMARCK ND
144 AM CST MON FEB 27 2017


...................................

...THE DICKINSON ND CLIMATE SUMMARY FOR FEBRUARY 26 2017...

CLIMATE NORMAL PERIOD 1981 TO 2010
CLIMATE RECORD PERIOD 1893 TO 2017


WEATHER ITEM   OBSERVED TIME   RECORD YEAR NORMAL DEPARTURE LAST
                VALUE   (LST)  VALUE       VALUE  FROM      YEAR
                                                  NORMAL
..................................................................
TEMPERATURE (F)
 YESTERDAY
  MAXIMUM         30   1251 PM  58    2016  34     -4       58
                                      1983
                                      1932
  MINIMUM         11   1013 PM -29    1897  13     -2       21
  AVERAGE         21                        23     -2       40

PRECIPITATION (IN)
  YESTERDAY        T             0.96 1958   0.02  -0.02     0.00
  MONTH TO DATE    0.24                      0.30  -0.06     0.26
  SINCE DEC 1      0.44                      0.84  -0.40     0.68
  SINCE JAN 1      0.28                      0.60  -0.32     0.42

DEGREE DAYS
 HEATING
  YESTERDAY       44                        42      2       25
  MONTH TO DATE 1096                      1165    -69      932
  SINCE DEC 1   4368                      4135    233     3654
  SINCE JUL 1   6035                      6212   -177     5328

 COOLING
  YESTERDAY        0                         0      0        0
  MONTH TO DATE    0                         0      0        0
  SINCE DEC 1      0                         0      0        0
  SINCE JAN 1      0                         0      0        0
..................................................................


WIND (MPH)
  HIGHEST WIND SPEED    23   HIGHEST WIND DIRECTION     W (280)
  HIGHEST GUST SPEED    27   HIGHEST GUST DIRECTION     W (290)
  AVERAGE WIND SPEED     8.6


SKY COVER
  POSSIBLE SUNSHINE  MM
  AVERAGE SKY COVER 0.7


WEATHER CONDITIONS
 THE FOLLOWING WEATHER WAS RECORDED YESTERDAY.
  LIGHT SNOW
  FOG


RELATIVE HUMIDITY (PERCENT)
 HIGHEST    92           700 AM
 LOWEST     68           300 PM
 AVERAGE    80

..........................................................


THE DICKINSON ND CLIMATE NORMALS FOR TODAY
                         NORMAL    RECORD    YEAR
 MAXIMUM TEMPERATURE (F)   34        66      2016
                                             1992
                                             1932
 MINIMUM TEMPERATURE (F)   13       -29      1962


SUNRISE AND SUNSET
FEBRUARY 27 2017......SUNRISE   634 AM MST   SUNSET   534 PM MST
FEBRUARY 28 2017......SUNRISE   632 AM MST   SUNSET   536 PM MST


-  INDICATES NEGATIVE NUMBERS.
R  INDICATES RECORD WAS SET OR TIED.
MM INDICATES DATA IS MISSING.
T  INDICATES TRACE AMOUNT.




$$
