000
CDUS43 KBIS 220723
CLIDIK


CLIMATE REPORT
NATIONAL WEATHER SERVICE BISMARCK ND
223 AM CDT TUE JUL 22 2014


...................................

...THE DICKINSON ND CLIMATE SUMMARY FOR JULY 21 2014...

CLIMATE NORMAL PERIOD 1981 TO 2010
CLIMATE RECORD PERIOD 1903 TO 2014


WEATHER ITEM   OBSERVED TIME   RECORD YEAR NORMAL DEPARTURE LAST
                VALUE   (LST)  VALUE       VALUE  FROM      YEAR
                                                  NORMAL
..................................................................
TEMPERATURE (F)
 YESTERDAY
  MAXIMUM         85   1130 AM 102    2007  85      0       91
  MINIMUM         57   1140 PM  39    1925  56      1       56
  AVERAGE         71                        70      1       74

PRECIPITATION (IN)
  YESTERDAY        0.72          1.07 1981   0.07   0.65     0.00
  MONTH TO DATE    0.91                      1.81  -0.90     1.93
  SINCE JUN 1      4.74                      5.01  -0.27     4.25
  SINCE JAN 1     12.78                     10.12   2.66    13.18

DEGREE DAYS
 HEATING
  YESTERDAY        0                         1     -1        0
  MONTH TO DATE   44                        27     17        6
  SINCE JUN 1    209                       164     45      130
  SINCE JUL 1     44                        27     17        6

 COOLING
  YESTERDAY        6                         6      0        9
  MONTH TO DATE   64                       102    -38      102
  SINCE JUN 1     76                       156    -80      128
  SINCE JAN 1    106                       166    -60      137
..................................................................


WIND (MPH)
  HIGHEST WIND SPEED    28   HIGHEST WIND DIRECTION    SW (240)
  HIGHEST GUST SPEED    36   HIGHEST GUST DIRECTION    NW (300)
  AVERAGE WIND SPEED     9.8


SKY COVER
  POSSIBLE SUNSHINE  MM
  AVERAGE SKY COVER 0.1


WEATHER CONDITIONS
 THE FOLLOWING WEATHER WAS RECORDED YESTERDAY.
  THUNDERSTORM
  HEAVY RAIN
  RAIN
  LIGHT RAIN
  FOG


RELATIVE HUMIDITY (PERCENT)
 HIGHEST    93           800 PM
 LOWEST     58          1000 AM
 AVERAGE    76

..........................................................


THE DICKINSON ND CLIMATE NORMALS FOR TODAY
                         NORMAL    RECORD    YEAR
 MAXIMUM TEMPERATURE (F)   85       101      1919
 MINIMUM TEMPERATURE (F)   56        39      1926


SUNRISE AND SUNSET
JULY 22 2014..........SUNRISE   520 AM MDT   SUNSET   835 PM MDT
JULY 23 2014..........SUNRISE   521 AM MDT   SUNSET   834 PM MDT


-  INDICATES NEGATIVE NUMBERS.
R  INDICATES RECORD WAS SET OR TIED.
MM INDICATES DATA IS MISSING.
T  INDICATES TRACE AMOUNT.




$$
