000
CDUS43 KDLH 190627
CLIDLH


CLIMATE REPORT
NATIONAL WEATHER SERVICE DULUTH MN
127 AM CDT FRI SEP 19 2014


...................................

...THE DULUTH MN CLIMATE SUMMARY FOR SEPTEMBER 18 2014...

CLIMATE NORMAL PERIOD 1981 TO 2010
CLIMATE RECORD PERIOD 1870 TO 2014


WEATHER ITEM   OBSERVED TIME   RECORD YEAR NORMAL DEPARTURE LAST
                VALUE   (LST)  VALUE       VALUE  FROM      YEAR
                                                  NORMAL
..................................................................
TEMPERATURE (F)
 YESTERDAY
  MAXIMUM         53   1159 PM  84    2000  64    -11       65
                                      1984
  MINIMUM         42    631 AM  29    1929  45     -3       58
  AVERAGE         48                        55     -7       62

PRECIPITATION (IN)
  YESTERDAY        0.00          1.75 1905   0.14  -0.14     0.05
  MONTH TO DATE    0.68                      2.52  -1.84     0.63
  SINCE SEP 1      0.68                      2.52  -1.84     0.63
  SINCE JAN 1     25.63                     23.22   2.41    22.22

SNOWFALL (IN)
  YESTERDAY        0.0           2.4  1991   0.0    0.0      0.0
  MONTH TO DATE    0.0                       0.0    0.0      0.0
  SINCE SEP 1      0.0                       0.0    0.0      0.0
  SINCE JUL 1      0.0                       0.0    0.0      0.0
  SNOW DEPTH       0

DEGREE DAYS
 HEATING
  YESTERDAY       17                        11      6        3
  MONTH TO DATE  151                       138     13       94
  SINCE SEP 1    151                       138     13       94
  SINCE JUL 1    228                       287    -59      168

 COOLING
  YESTERDAY        0                         0      0        0
  MONTH TO DATE    5                        13     -8       22
  SINCE SEP 1      5                        13     -8       22
  SINCE JAN 1    175                       203    -28      373
..................................................................


WIND (MPH)
  HIGHEST WIND SPEED    20   HIGHEST WIND DIRECTION     E (110)
  HIGHEST GUST SPEED    24   HIGHEST GUST DIRECTION     E (100)
  AVERAGE WIND SPEED    12.0


SKY COVER
  AVERAGE SKY COVER 0.9


WEATHER CONDITIONS
 THE FOLLOWING WEATHER WAS RECORDED YESTERDAY.
  FOG


RELATIVE HUMIDITY (PERCENT)
 HIGHEST    93           900 PM
 LOWEST     70           800 AM
 AVERAGE    82

..........................................................


THE DULUTH MN CLIMATE NORMALS FOR TODAY
                         NORMAL    RECORD    YEAR
 MAXIMUM TEMPERATURE (F)   64        90      1984
 MINIMUM TEMPERATURE (F)   45        27      1962


SUNRISE AND SUNSET
SEPTEMBER 19 2014.....SUNRISE   652 AM CDT   SUNSET   712 PM CDT
SEPTEMBER 20 2014.....SUNRISE   653 AM CDT   SUNSET   710 PM CDT


-  INDICATES NEGATIVE NUMBERS.
R  INDICATES RECORD WAS SET OR TIED.
MM INDICATES DATA IS MISSING.
T  INDICATES TRACE AMOUNT.




$$
