000
CDUS45 KTFX 061146
CLIDLN


CLIMATE REPORT
NATIONAL WEATHER SERVICE GREAT FALLS MT
545 AM MDT FRI MAY 6 2016


...................................

...THE DILLON AIRPORT MT CLIMATE SUMMARY FOR MAY 5 2016...

CLIMATE NORMAL PERIOD 1981 TO 2010
CLIMATE RECORD PERIOD 1929 TO 2016


WEATHER ITEM   OBSERVED TIME   RECORD YEAR NORMAL DEPARTURE LAST
                VALUE   (LST)  VALUE       VALUE  FROM      YEAR
                                                  NORMAL
..................................................................
TEMPERATURE (F)
 YESTERDAY
  MAXIMUM         77    439 PM  86    1966  61     16       69
  MINIMUM         45    357 AM  19    2010  34     11       45
  AVERAGE         61                        48     13       57

PRECIPITATION (IN)
  YESTERDAY        0.00          0.35 1965   0.04  -0.04     0.08
  MONTH TO DATE    0.00                      0.21  -0.21     0.08
  SINCE OCT 1      3.80                      3.73   0.07     2.77
  SINCE JAN 1      1.72                      2.33  -0.61     1.61

SNOWFALL (IN)
  YESTERDAY       MM
  SNOW DEPTH       0

DEGREE DAYS
 HEATING
  YESTERDAY        4                              -14        8
  MONTH TO DATE   53                              -38       48
  SINCE MAR 1   1458                             -285     1437
  SINCE JUL 1   6958                             -702     6549

 COOLING
  YESTERDAY        0                                0        0
  MONTH TO DATE    0                                0        0
  SINCE MAR 1      0                                0        0
  SINCE JAN 1      0                                0        0
..................................................................


WIND (MPH)
  HIGHEST WIND SPEED    22   HIGHEST WIND DIRECTION     S (180)
  HIGHEST GUST SPEED    29   HIGHEST GUST DIRECTION     S (180)
  AVERAGE WIND SPEED     7.2


SKY COVER
  AVERAGE SKY COVER 0.1


WEATHER CONDITIONS
 THE FOLLOWING WEATHER WAS RECORDED YESTERDAY.
  HAZE


RELATIVE HUMIDITY (PERCENT)
 HIGHEST    61
 LOWEST     15
 AVERAGE    38

..........................................................


THE DILLON AIRPORT MT CLIMATE NORMALS FOR TODAY
                         NORMAL    RECORD    YEAR
 MAXIMUM TEMPERATURE (F)   61        86      1992
 MINIMUM TEMPERATURE (F)   34        19      1968


SUNRISE AND SUNSET
MAY  6 2016...........SUNRISE   611 AM MDT   SUNSET   843 PM MDT
MAY  7 2016...........SUNRISE   610 AM MDT   SUNSET   845 PM MDT


-  INDICATES NEGATIVE NUMBERS.
R  INDICATES RECORD WAS SET OR TIED.
MM INDICATES DATA IS MISSING.
T  INDICATES TRACE AMOUNT.




$$
