000
CDUS45 KTFX 100945
CLIDLN


CLIMATE REPORT
NATIONAL WEATHER SERVICE GREAT FALLS MT
345 AM MDT THU JUL 10 2014


...................................

...THE DILLON AIRPORT MT CLIMATE SUMMARY FOR JULY 9 2014...

CLIMATE NORMAL PERIOD 1981 TO 2010
CLIMATE RECORD PERIOD 1929 TO 2014


WEATHER ITEM   OBSERVED TIME   RECORD YEAR NORMAL DEPARTURE LAST
                VALUE   (LST)  VALUE       VALUE  FROM      YEAR
                                                  NORMAL
..................................................................
TEMPERATURE (F)
 YESTERDAY
  MAXIMUM         88    215 PM  96    1939  81      7       86
  MINIMUM         51    512 AM  36    2009  49      2       50
  AVERAGE         70                        65      5       68

PRECIPITATION (IN)
  YESTERDAY        0.00          1.26 1983   0.04  -0.04     0.00
  MONTH TO DATE    0.00                      0.35  -0.35     0.26
  SINCE OCT 1      5.95                      7.79  -1.84     5.86
  SINCE JAN 1      5.46                      6.39  -0.93     4.84

SNOWFALL (IN)
  YESTERDAY       MM
  SNOW DEPTH       0

DEGREE DAYS
 HEATING
  YESTERDAY        0                               -2        0
  MONTH TO DATE    6                              -19        0
  SINCE JUN 1    256                                8      188
  SINCE JUL 1      6                              -19        0

 COOLING
  YESTERDAY        5                                3        3
  MONTH TO DATE   38                               21       54
  SINCE JUN 1     38                                5       76
  SINCE JAN 1     38                                4       79
..................................................................


WIND (MPH)
  HIGHEST WIND SPEED    23   HIGHEST WIND DIRECTION     W (290)
  HIGHEST GUST SPEED    28   HIGHEST GUST DIRECTION    NW (310)
  AVERAGE WIND SPEED     6.9



WEATHER CONDITIONS
 THE FOLLOWING WEATHER WAS RECORDED YESTERDAY.
  NO SIGNIFICANT WEATHER WAS OBSERVED.


RELATIVE HUMIDITY (PERCENT)
 HIGHEST    83
 LOWEST     31
 AVERAGE    57

..........................................................


THE DILLON AIRPORT MT CLIMATE NORMALS FOR TODAY
                         NORMAL    RECORD    YEAR
 MAXIMUM TEMPERATURE (F)   82        95      1939
 MINIMUM TEMPERATURE (F)   49        39      1946


SUNRISE AND SUNSET
JULY 10 2014..........SUNRISE   553 AM MDT   SUNSET   918 PM MDT
JULY 11 2014..........SUNRISE   553 AM MDT   SUNSET   918 PM MDT


-  INDICATES NEGATIVE NUMBERS.
R  INDICATES RECORD WAS SET OR TIED.
MM INDICATES DATA IS MISSING.
T  INDICATES TRACE AMOUNT.




$$
