000
CDUS45 KTFX 311017
CLIDLN


CLIMATE REPORT
NATIONAL WEATHER SERVICE GREAT FALLS MT
416 AM MDT THU JUL 31 2014


...................................

...THE DILLON AIRPORT MT CLIMATE SUMMARY FOR JULY 30 2014...

CLIMATE NORMAL PERIOD 1981 TO 2010
CLIMATE RECORD PERIOD 1929 TO 2014


WEATHER ITEM   OBSERVED TIME   RECORD YEAR NORMAL DEPARTURE LAST
                VALUE   (LST)  VALUE       VALUE  FROM      YEAR
                                                  NORMAL
..................................................................
TEMPERATURE (F)
 YESTERDAY
  MAXIMUM         86    255 PM  98    1988  84      2       83
  MINIMUM         50    503 AM  41    1977  50      0       49
  AVERAGE         68                        67      1       66

PRECIPITATION (IN)
  YESTERDAY        0.00          0.50 1975   0.04  -0.04     0.00
  MONTH TO DATE    0.63                      1.17  -0.54     0.84
  SINCE OCT 1      6.58                      8.61  -2.03     6.44
  SINCE JAN 1      6.09                      7.21  -1.12     5.42

SNOWFALL (IN)
  YESTERDAY       MM
  SNOW DEPTH       0

DEGREE DAYS
 HEATING
  YESTERDAY        0                               -1        0
  MONTH TO DATE   16                              -37        0
  SINCE JUN 1    266                              -10      188
  SINCE JUL 1     16                              -37        0

 COOLING
  YESTERDAY        3                                0        1
  MONTH TO DATE  108                               30      130
  SINCE JUN 1    108                               14      152
  SINCE JAN 1    108                               13      155
..................................................................


WIND (MPH)
  HIGHEST WIND SPEED    31   HIGHEST WIND DIRECTION     N (340)
  HIGHEST GUST SPEED    40   HIGHEST GUST DIRECTION    NW (330)
  AVERAGE WIND SPEED     9.0



WEATHER CONDITIONS
 THE FOLLOWING WEATHER WAS RECORDED YESTERDAY.
  THUNDERSTORM
  HAZE


RELATIVE HUMIDITY (PERCENT)
 HIGHEST    83
 LOWEST     23
 AVERAGE    53

..........................................................


THE DILLON AIRPORT MT CLIMATE NORMALS FOR TODAY
                         NORMAL    RECORD    YEAR
 MAXIMUM TEMPERATURE (F)   83        96      1943
 MINIMUM TEMPERATURE (F)   50        38      1968


SUNRISE AND SUNSET
JULY 31 2014..........SUNRISE   614 AM MDT   SUNSET   859 PM MDT
AUGUST  1 2014........SUNRISE   615 AM MDT   SUNSET   857 PM MDT


-  INDICATES NEGATIVE NUMBERS.
R  INDICATES RECORD WAS SET OR TIED.
MM INDICATES DATA IS MISSING.
T  INDICATES TRACE AMOUNT.




$$
