000
CDUS45 KTFX 311101
CLIDLN


CLIMATE REPORT
NATIONAL WEATHER SERVICE GREAT FALLS MT
501 AM MDT TUE MAY 31 2016


...................................

...THE DILLON AIRPORT MT CLIMATE SUMMARY FOR MAY 30 2016...

CLIMATE NORMAL PERIOD 1981 TO 2010
CLIMATE RECORD PERIOD 1929 TO 2016


WEATHER ITEM   OBSERVED TIME   RECORD YEAR NORMAL DEPARTURE LAST
                VALUE   (LST)  VALUE       VALUE  FROM      YEAR
                                                  NORMAL
..................................................................
TEMPERATURE (F)
 YESTERDAY
  MAXIMUM         67    525 PM  87    1986  67      0       65
  MINIMUM         42   1046 PM  28    1978  40      2       48
  AVERAGE         55                        54      1       57

PRECIPITATION (IN)
  YESTERDAY        0.00          1.09 1988   0.09  -0.09     0.04
  MONTH TO DATE    1.68                      1.87  -0.19     2.85
  SINCE OCT 1      5.48                      5.39   0.09     5.54
  SINCE JAN 1      3.40                      3.99  -0.59     4.38

SNOWFALL (IN)
  YESTERDAY       MM
  SNOW DEPTH       0

DEGREE DAYS
 HEATING
  YESTERDAY       10                               -1        8
  MONTH TO DATE  452                                7      409
  SINCE MAR 1   1857                             -240     1798
  SINCE JUL 1   7357                             -657     6910

 COOLING
  YESTERDAY        0                                0        0
  MONTH TO DATE    0                                0        0
  SINCE MAR 1      0                                0        0
  SINCE JAN 1      0                                0        0
..................................................................


WIND (MPH)
  HIGHEST WIND SPEED    18   HIGHEST WIND DIRECTION     W (270)
  HIGHEST GUST SPEED    23   HIGHEST GUST DIRECTION     W (270)
  AVERAGE WIND SPEED     7.3


SKY COVER
  AVERAGE SKY COVER 0.3


WEATHER CONDITIONS
 THE FOLLOWING WEATHER WAS RECORDED YESTERDAY.
  NO SIGNIFICANT WEATHER WAS OBSERVED.


RELATIVE HUMIDITY (PERCENT)
 HIGHEST    76
 LOWEST     15
 AVERAGE    46

..........................................................


THE DILLON AIRPORT MT CLIMATE NORMALS FOR TODAY
                         NORMAL    RECORD    YEAR
 MAXIMUM TEMPERATURE (F)   67        87      1972
 MINIMUM TEMPERATURE (F)   41        25      1982


SUNRISE AND SUNSET
MAY 31 2016...........SUNRISE   546 AM MDT   SUNSET   910 PM MDT
JUNE  1 2016..........SUNRISE   546 AM MDT   SUNSET   911 PM MDT


-  INDICATES NEGATIVE NUMBERS.
R  INDICATES RECORD WAS SET OR TIED.
MM INDICATES DATA IS MISSING.
T  INDICATES TRACE AMOUNT.




$$
