000
CDUS45 KTFX 271036
CLIDLN


CLIMATE REPORT
NATIONAL WEATHER SERVICE GREAT FALLS MT
435 AM MDT WED MAY 27 2015


...................................

...THE DILLON AIRPORT MT CLIMATE SUMMARY FOR MAY 26 2015...

CLIMATE NORMAL PERIOD 1981 TO 2010
CLIMATE RECORD PERIOD 1929 TO 2015


WEATHER ITEM   OBSERVED TIME   RECORD YEAR NORMAL DEPARTURE LAST
                VALUE   (LST)  VALUE       VALUE  FROM      YEAR
                                                  NORMAL
..................................................................
TEMPERATURE (F)
 YESTERDAY
  MAXIMUM         70    359 PM  88    1966  66      4       80
  MINIMUM         44    452 AM  26    1978  40      4       47
  AVERAGE         57                        53      4       64

PRECIPITATION (IN)
  YESTERDAY        0.24          0.78 1941   0.07   0.17     0.00
  MONTH TO DATE    2.73                      1.54   1.19     1.13
  SINCE OCT 1      5.42                      5.06   0.36     3.35
  SINCE JAN 1      4.26                      3.66   0.60     2.86

SNOWFALL (IN)
  YESTERDAY       MM
  SNOW DEPTH       0

DEGREE DAYS
 HEATING
  YESTERDAY        8                               -4        1
  MONTH TO DATE  373                              -25      355
  SINCE MAR 1   1762                             -288     1951
  SINCE JUL 1   6874                            -1093     7731

 COOLING
  YESTERDAY        0                                0        0
  MONTH TO DATE    0                                0        0
  SINCE MAR 1      0                                0        0
  SINCE JAN 1      0                                0        0
..................................................................


WIND (MPH)
  HIGHEST WIND SPEED    31   HIGHEST WIND DIRECTION    NW (300)
  HIGHEST GUST SPEED    35   HIGHEST GUST DIRECTION     W (280)
  AVERAGE WIND SPEED     6.5


SKY COVER
  AVERAGE SKY COVER 0.4


WEATHER CONDITIONS
 THE FOLLOWING WEATHER WAS RECORDED YESTERDAY.
  THUNDERSTORM
  LIGHT RAIN
  FOG


RELATIVE HUMIDITY (PERCENT)
 HIGHEST    93
 LOWEST     27
 AVERAGE    60

..........................................................


THE DILLON AIRPORT MT CLIMATE NORMALS FOR TODAY
                         NORMAL    RECORD    YEAR
 MAXIMUM TEMPERATURE (F)   66        88      1966
 MINIMUM TEMPERATURE (F)   40        30      2011


SUNRISE AND SUNSET
MAY 27 2015...........SUNRISE   549 AM MDT   SUNSET   906 PM MDT
MAY 28 2015...........SUNRISE   548 AM MDT   SUNSET   907 PM MDT


-  INDICATES NEGATIVE NUMBERS.
R  INDICATES RECORD WAS SET OR TIED.
MM INDICATES DATA IS MISSING.
T  INDICATES TRACE AMOUNT.




$$
