000
CDUS45 KTFX 230845
CLIDLN


CLIMATE REPORT
NATIONAL WEATHER SERVICE GREAT FALLS MT
245 AM MDT THU MAR 23 2017


...................................

...THE DILLON AIRPORT MT CLIMATE SUMMARY FOR MARCH 22 2017...

CLIMATE NORMAL PERIOD 1981 TO 2010
CLIMATE RECORD PERIOD 1929 TO 2017


WEATHER ITEM   OBSERVED TIME   RECORD YEAR NORMAL DEPARTURE LAST
                VALUE   (LST)  VALUE       VALUE  FROM      YEAR
                                                  NORMAL
..................................................................
TEMPERATURE (F)
 YESTERDAY
  MAXIMUM         53    409 PM  67    1972  48      5       47
  MINIMUM         35    646 AM  -4    1952  24     11       30
  AVERAGE         44                        36      8       39

PRECIPITATION (IN)
  YESTERDAY        0.10          0.72 2009   0.02   0.08     0.01
  MONTH TO DATE    0.16                      0.34  -0.18     0.31
  SINCE OCT 1      2.91                      2.26   0.65     2.47
  SINCE JAN 1      0.37                      0.86  -0.49     0.39

SNOWFALL (IN)
  YESTERDAY       MM
  SNOW DEPTH       0

DEGREE DAYS
 HEATING
  YESTERDAY       21                               -8       26
  MONTH TO DATE  530                             -168      599
  SINCE MAR 1    530                             -168      599
  SINCE JUL 1   6485                             -130     6099

 COOLING
  YESTERDAY        0                                0        0
  MONTH TO DATE    0                                0        0
  SINCE MAR 1      0                                0        0
  SINCE JAN 1      0                                0        0
..................................................................


WIND (MPH)
  HIGHEST WIND SPEED    24   HIGHEST WIND DIRECTION    SW (230)
  HIGHEST GUST SPEED    32   HIGHEST GUST DIRECTION    SW (230)
  AVERAGE WIND SPEED     7.5


SKY COVER
  AVERAGE SKY COVER 0.4


WEATHER CONDITIONS
 THE FOLLOWING WEATHER WAS RECORDED YESTERDAY.
  LIGHT RAIN
  FOG


RELATIVE HUMIDITY (PERCENT)
 HIGHEST    89
 LOWEST     39
 AVERAGE    64

..........................................................


THE DILLON AIRPORT MT CLIMATE NORMALS FOR TODAY
                         NORMAL    RECORD    YEAR
 MAXIMUM TEMPERATURE (F)   48        71      2004
 MINIMUM TEMPERATURE (F)   25        -8      1964


SUNRISE AND SUNSET
MARCH 23 2017.........SUNRISE   727 AM MDT   SUNSET   747 PM MDT
MARCH 24 2017.........SUNRISE   725 AM MDT   SUNSET   748 PM MDT


-  INDICATES NEGATIVE NUMBERS.
R  INDICATES RECORD WAS SET OR TIED.
MM INDICATES DATA IS MISSING.
T  INDICATES TRACE AMOUNT.




$$
