000
CDUS45 KTFX 261031
CLIDLN


CLIMATE REPORT
NATIONAL WEATHER SERVICE GREAT FALLS MT
331 AM MST WED NOV 26 2014


...................................

...THE DILLON AIRPORT MT CLIMATE SUMMARY FOR NOVEMBER 25 2014...

CLIMATE NORMAL PERIOD 1981 TO 2010
CLIMATE RECORD PERIOD 1929 TO 2014


WEATHER ITEM   OBSERVED TIME   RECORD YEAR NORMAL DEPARTURE LAST
                VALUE   (LST)  VALUE       VALUE  FROM      YEAR
                                                  NORMAL
..................................................................
TEMPERATURE (F)
 YESTERDAY
  MAXIMUM         44   1200 PM  61    1950  36      8       50
  MINIMUM         30   1159 PM -18    1985  16     14       19
  AVERAGE         37                        26     11       35

PRECIPITATION (IN)
  YESTERDAY        0.05          0.34 1997   0.01   0.04     0.00
  MONTH TO DATE    0.22                      0.32  -0.10     0.08
  SINCE OCT 1      0.48                      1.08  -0.60     0.35
  SINCE JAN 1     10.21                     10.25  -0.04     9.81

SNOWFALL (IN)
  YESTERDAY       MM
  SNOW DEPTH       0

DEGREE DAYS
 HEATING
  YESTERDAY       28                              -11       30
  MONTH TO DATE  969                              138      776
  SINCE SEP 1   1712                              -99     1775
  SINCE JUL 1   1804                             -143     1781

 COOLING
  YESTERDAY        0                                0        0
  MONTH TO DATE    0                                0        0
  SINCE SEP 1      6                               -2       19
  SINCE JAN 1    170                               14      247
..................................................................


WIND (MPH)
  HIGHEST WIND SPEED    26   HIGHEST WIND DIRECTION     W (250)
  HIGHEST GUST SPEED    32   HIGHEST GUST DIRECTION    SW (230)
  AVERAGE WIND SPEED    12.5



WEATHER CONDITIONS
 THE FOLLOWING WEATHER WAS RECORDED YESTERDAY.
  LIGHT SNOW
  FOG


RELATIVE HUMIDITY (PERCENT)
 HIGHEST    92
 LOWEST     52
 AVERAGE    72

..........................................................


THE DILLON AIRPORT MT CLIMATE NORMALS FOR TODAY
                         NORMAL    RECORD    YEAR
 MAXIMUM TEMPERATURE (F)   35        58      1949
 MINIMUM TEMPERATURE (F)   15       -18      1985


SUNRISE AND SUNSET
NOVEMBER 26 2014......SUNRISE   743 AM MST   SUNSET   452 PM MST
NOVEMBER 27 2014......SUNRISE   744 AM MST   SUNSET   451 PM MST


-  INDICATES NEGATIVE NUMBERS.
R  INDICATES RECORD WAS SET OR TIED.
MM INDICATES DATA IS MISSING.
T  INDICATES TRACE AMOUNT.




$$
