000
CDUS41 KLWX 060525
CLIDMH


CLIMATE REPORT
NATIONAL WEATHER SERVICE BALTIMORE MD/WASHINGTON DC
1225 AM EST FRI MAR 6 2015


...................................

...THE BALTIMORE INNER HARBOR MD CLIMATE SUMMARY FOR MARCH 5 2015...

CLIMATE NORMAL PERIOD 1981 TO 2010
CLIMATE RECORD PERIOD 9999 TO 9999


WEATHER ITEM   OBSERVED TIME   RECORD YEAR NORMAL DEPARTURE LAST
                VALUE   (LST)  VALUE       VALUE  FROM      YEAR
                                                  NORMAL
..................................................................
TEMPERATURE (F)
 YESTERDAY
  MAXIMUM         43   1228 AM  MM      MM  50     -7       43
  MINIMUM         22   1159 PM  MM      MM  36    -14       24
  AVERAGE         33                        43    -10       34

PRECIPITATION (IN)
  YESTERDAY        0.55         MM      MM   0.09   0.46     0.00
  MONTH TO DATE    1.72                      0.46   1.26     0.62
  SINCE MAR 1      1.72                      0.46   1.26     0.62
  SINCE JAN 1      7.54                      5.98   1.56     6.95

DEGREE DAYS
 HEATING
  YESTERDAY       32                        22     10       31
  MONTH TO DATE   57                       113    -56      170
  SINCE MAR 1     57                       113    -56      170
  SINCE JUL 1   3571                      3201    370     3240

 COOLING
  YESTERDAY        0                         0      0        0
  MONTH TO DATE    0                         0      0        0
  SINCE MAR 1      0                         0      0        0
  SINCE JAN 1      0                         0      0        0
..................................................................


WIND (MPH)
  HIGHEST WIND SPEED    MM   HIGHEST WIND DIRECTION    MM
  HIGHEST GUST SPEED    MM   HIGHEST GUST DIRECTION    MM
  AVERAGE WIND SPEED    MM


SKY COVER
  POSSIBLE SUNSHINE  MM



RELATIVE HUMIDITY (PERCENT)
 HIGHEST    96          1200 AM
 LOWEST     55          1100 PM
 AVERAGE    76

..........................................................


THE BALTIMORE INNER HARBOR MD CLIMATE NORMALS FOR TODAY
                         NORMAL
 MAXIMUM TEMPERATURE (F)   50
 MINIMUM TEMPERATURE (F)   36


SUNRISE AND SUNSET
MARCH  6 2015.........SUNRISE   632 AM EST   SUNSET   604 PM EST
MARCH  7 2015.........SUNRISE   631 AM EST   SUNSET   605 PM EST


-  INDICATES NEGATIVE NUMBERS.
R  INDICATES RECORD WAS SET OR TIED.
MM INDICATES DATA IS MISSING.
T  INDICATES TRACE AMOUNT.




$$
