000
CDUS41 KLWX 210528
CLIDMH


CLIMATE REPORT
NATIONAL WEATHER SERVICE BALTIMORE MD/WASHINGTON DC
128 AM EDT TUE OCT 21 2014


...................................

...THE BALTIMORE INNER HARBOR MD CLIMATE SUMMARY FOR OCTOBER 20 2014...

CLIMATE NORMAL PERIOD 1981 TO 2010
CLIMATE RECORD PERIOD 9999 TO 9999


WEATHER ITEM   OBSERVED TIME   RECORD YEAR NORMAL DEPARTURE LAST
                VALUE   (LST)  VALUE       VALUE  FROM      YEAR
                                                  NORMAL
..................................................................
TEMPERATURE (F)
 YESTERDAY
  MAXIMUM         67    312 PM  MM      MM  67      0       66
  MINIMUM         43    520 AM  MM      MM  50     -7       50
  AVERAGE         55                        59     -4       58

PRECIPITATION (IN)
  YESTERDAY        0.00         MM      MM   0.10  -0.10     0.00
  MONTH TO DATE    1.86                      2.10  -0.24     4.58
  SINCE SEP 1      4.66                      6.19  -1.53     6.25
  SINCE JAN 1     44.27                     33.56  10.71    34.23

DEGREE DAYS
 HEATING
  YESTERDAY       10                         7      3        7
  MONTH TO DATE   80                        96    -16       23
  SINCE SEP 1     85                       114    -29       28
  SINCE JUL 1     85                       114    -29       28

 COOLING
  YESTERDAY        0                         1     -1        0
  MONTH TO DATE   21                        35    -14       98
  SINCE SEP 1    238                       264    -26      345
  SINCE JAN 1   1456                      1660   -204     2019
..................................................................


WIND (MPH)
  HIGHEST WIND SPEED    MM   HIGHEST WIND DIRECTION    MM
  HIGHEST GUST SPEED    MM   HIGHEST GUST DIRECTION    MM
  AVERAGE WIND SPEED    MM


SKY COVER
  POSSIBLE SUNSHINE  MM



RELATIVE HUMIDITY (PERCENT)
 HIGHEST    71           700 AM
 LOWEST     40          1200 PM
 AVERAGE    56

..........................................................


THE BALTIMORE INNER HARBOR MD CLIMATE NORMALS FOR TODAY
                         NORMAL
 MAXIMUM TEMPERATURE (F)   67
 MINIMUM TEMPERATURE (F)   50


SUNRISE AND SUNSET
OCTOBER 21 2014.......SUNRISE   722 AM EDT   SUNSET   619 PM EDT
OCTOBER 22 2014.......SUNRISE   723 AM EDT   SUNSET   618 PM EDT


-  INDICATES NEGATIVE NUMBERS.
R  INDICATES RECORD WAS SET OR TIED.
MM INDICATES DATA IS MISSING.
T  INDICATES TRACE AMOUNT.




$$
