000
CDUS41 KLWX 252140
CLIDMH


CLIMATE REPORT
NATIONAL WEATHER SERVICE BALTIMORE MD/WASHINGTON DC
440 PM EST SAT FEB 25 2017


...................................

...THE BALTIMORE INNER HARBOR MD CLIMATE SUMMARY FOR FEBRUARY 25 2017...
VALID TODAY AS OF 0400 PM LOCAL TIME.

CLIMATE NORMAL PERIOD 1981 TO 2010
CLIMATE RECORD PERIOD 9999 TO 9999


WEATHER ITEM   OBSERVED TIME   RECORD YEAR NORMAL DEPARTURE LAST
                VALUE   (LST)  VALUE       VALUE  FROM      YEAR
                                                  NORMAL
..................................................................
TEMPERATURE (F)
 TODAY
  MAXIMUM         71        MM  MM      MM  48     23       61
  MINIMUM         55        MM  MM      MM  33     22       39
  AVERAGE         63                        41     22       50

PRECIPITATION (IN)
  TODAY            0.52         MM      MM   0.08   0.44     0.00
  MONTH TO DATE    1.03                      2.33  -1.30     5.32
  SINCE DEC 1      5.96                      8.66  -2.70    14.84
  SINCE JAN 1      3.62                      5.25  -1.63     8.60

DEGREE DAYS
 HEATING
  TODAY            2                        24    -22       15
  MONTH TO DATE  442                       669   -227      658
  SINCE DEC 1   1890                      2366   -476     2009
  SINCE JUL 1   2399                      3017   -618     2537

 COOLING
  TODAY            0                         0      0        0
  MONTH TO DATE    0                         0      0        0
  SINCE DEC 1      0                         0      0        3
  SINCE JAN 1      0                         0      0        0
..................................................................


WIND (MPH)
  HIGHEST WIND SPEED    MM   HIGHEST WIND DIRECTION    MM
  HIGHEST GUST SPEED    MM   HIGHEST GUST DIRECTION    MM
  AVERAGE WIND SPEED    MM


SKY COVER
  POSSIBLE SUNSHINE  MM



RELATIVE HUMIDITY (PERCENT)
 HIGHEST    86           200 AM
 LOWEST     57           200 PM
 AVERAGE    72

..........................................................


THE BALTIMORE INNER HARBOR MD CLIMATE NORMALS FOR TOMORROW
                         NORMAL    RECORD    YEAR
 MAXIMUM TEMPERATURE (F)   48        MM        MM
 MINIMUM TEMPERATURE (F)   34        MM        MM


SUNRISE AND SUNSET
FEBRUARY 25 2017......SUNRISE   645 AM EST   SUNSET   555 PM EST
FEBRUARY 26 2017......SUNRISE   643 AM EST   SUNSET   556 PM EST


-  INDICATES NEGATIVE NUMBERS.
R  INDICATES RECORD WAS SET OR TIED.
MM INDICATES DATA IS MISSING.
T  INDICATES TRACE AMOUNT.




$$
