348
CDUS41 KLWX 272132
CLIDMH


CLIMATE REPORT
NATIONAL WEATHER SERVICE BALTIMORE MD/WASHINGTON DC
532 PM EDT THU APR 27 2017


...................................

...THE BALTIMORE INNER HARBOR MD CLIMATE SUMMARY FOR APRIL 27 2017...
VALID TODAY AS OF 0500 PM LOCAL TIME.

CLIMATE NORMAL PERIOD 1981 TO 2010
CLIMATE RECORD PERIOD 9999 TO 9999


WEATHER ITEM   OBSERVED TIME   RECORD YEAR NORMAL DEPARTURE LAST
                VALUE   (LST)  VALUE       VALUE  FROM      YEAR
                                                  NORMAL
..................................................................
TEMPERATURE (F)
 TODAY
  MAXIMUM         81    359 PM  MM      MM  70     11       67
  MINIMUM         58    537 AM  MM      MM  51      7       53
  AVERAGE         70                        60     10       60

PRECIPITATION (IN)
  TODAY            0.00         MM      MM   0.10  -0.10     0.00
  MONTH TO DATE    3.09                      2.91   0.18     1.47
  SINCE MAR 1      6.76                      6.77  -0.01     3.65
  SINCE JAN 1     10.65                     12.29  -1.64    12.25

DEGREE DAYS
 HEATING
  TODAY            0                         6     -6        5
  MONTH TO DATE  130                       261   -131      248
  SINCE MAR 1    716                       840   -124      634
  SINCE JUL 1   3170                      3928   -758     3250

 COOLING
  TODAY            5                         1      4        0
  MONTH TO DATE   44                        20     24       29
  SINCE MAR 1     48                        21     27       35
  SINCE JAN 1     48                        21     27       35
..................................................................


WIND (MPH)
  HIGHEST WIND SPEED    MM   HIGHEST WIND DIRECTION    MM
  HIGHEST GUST SPEED    MM   HIGHEST GUST DIRECTION    MM
  AVERAGE WIND SPEED    MM


SKY COVER
  POSSIBLE SUNSHINE  MM



RELATIVE HUMIDITY (PERCENT)
 HIGHEST    87           300 AM
 LOWEST     54           400 PM
 AVERAGE    71

..........................................................


THE BALTIMORE INNER HARBOR MD CLIMATE NORMALS FOR TOMORROW
                         NORMAL    RECORD    YEAR
 MAXIMUM TEMPERATURE (F)   70        MM        MM
 MINIMUM TEMPERATURE (F)   51        MM        MM


SUNRISE AND SUNSET
APRIL 27 2017.........SUNRISE   613 AM EDT   SUNSET   756 PM EDT
APRIL 28 2017.........SUNRISE   611 AM EDT   SUNSET   757 PM EDT


-  INDICATES NEGATIVE NUMBERS.
R  INDICATES RECORD WAS SET OR TIED.
MM INDICATES DATA IS MISSING.
T  INDICATES TRACE AMOUNT.




$$
