783
CDUS41 KLWX 030521
CLIDMH


CLIMATE REPORT
NATIONAL WEATHER SERVICE BALTIMORE MD/WASHINGTON DC
1221 AM EST SAT DEC 3 2016


...................................

...THE BALTIMORE INNER HARBOR MD CLIMATE SUMMARY FOR DECEMBER 2 2016...

CLIMATE NORMAL PERIOD 1981 TO 2010
CLIMATE RECORD PERIOD 9999 TO 9999


WEATHER ITEM   OBSERVED TIME   RECORD YEAR NORMAL DEPARTURE LAST
                VALUE   (LST)  VALUE       VALUE  FROM      YEAR
                                                  NORMAL
..................................................................
TEMPERATURE (F)
 YESTERDAY
  MAXIMUM         51    111 PM  MM      MM  51      0       58
  MINIMUM         43    715 AM  MM      MM  37      6       48
  AVERAGE         47                        44      3       53

PRECIPITATION (IN)
  YESTERDAY        0.00         MM      MM   0.11  -0.11     0.10
  MONTH TO DATE    0.03                      0.22  -0.19     0.93
  SINCE DEC 1      0.03                      0.22  -0.19     0.93
  SINCE JAN 1     37.26                     37.70  -0.44    37.92

DEGREE DAYS
 HEATING
  YESTERDAY       18                        21     -3       12
  MONTH TO DATE   29                        42    -13       28
  SINCE DEC 1     29                        42    -13       28
  SINCE JUL 1    538                       693   -155      556

 COOLING
  YESTERDAY        0                         0      0        0
  MONTH TO DATE    0                         0      0        0
  SINCE DEC 1      0                         0      0        0
  SINCE JAN 1   1923                      1665    258     1799
..................................................................


WIND (MPH)
  HIGHEST WIND SPEED    MM   HIGHEST WIND DIRECTION    MM
  HIGHEST GUST SPEED    MM   HIGHEST GUST DIRECTION    MM
  AVERAGE WIND SPEED    MM


SKY COVER
  POSSIBLE SUNSHINE  MM



RELATIVE HUMIDITY (PERCENT)
 HIGHEST    49          1200 AM
 LOWEST     39          1200 PM
 AVERAGE    44

..........................................................


THE BALTIMORE INNER HARBOR MD CLIMATE NORMALS FOR TODAY
                         NORMAL
 MAXIMUM TEMPERATURE (F)   50
 MINIMUM TEMPERATURE (F)   37


SUNRISE AND SUNSET
DECEMBER  3 2016......SUNRISE   709 AM EST   SUNSET   443 PM EST
DECEMBER  4 2016......SUNRISE   710 AM EST   SUNSET   443 PM EST


-  INDICATES NEGATIVE NUMBERS.
R  INDICATES RECORD WAS SET OR TIED.
MM INDICATES DATA IS MISSING.
T  INDICATES TRACE AMOUNT.




$$
