000
CDUS41 KLWX 280524
CLIDMH


CLIMATE REPORT
NATIONAL WEATHER SERVICE BALTIMORE MD/WASHINGTON DC
124 AM EDT SAT MAR 28 2015


...................................

...THE BALTIMORE INNER HARBOR MD CLIMATE SUMMARY FOR MARCH 27 2015...

CLIMATE NORMAL PERIOD 1981 TO 2010
CLIMATE RECORD PERIOD 9999 TO 9999


WEATHER ITEM   OBSERVED TIME   RECORD YEAR NORMAL DEPARTURE LAST
                VALUE   (LST)  VALUE       VALUE  FROM      YEAR
                                                  NORMAL
..................................................................
TEMPERATURE (F)
 YESTERDAY
  MAXIMUM         50   1219 AM  MM      MM  58     -8       45
  MINIMUM         41   1159 PM  MM      MM  42     -1       27
  AVERAGE         46                        50     -4       36

PRECIPITATION (IN)
  YESTERDAY        0.52         MM      MM   0.14   0.38     0.00
  MONTH TO DATE    4.42                      3.27   1.15     1.58
  SINCE MAR 1      4.42                      3.27   1.15     1.58
  SINCE JAN 1     10.24                      8.79   1.45     7.91

DEGREE DAYS
 HEATING
  YESTERDAY       19                        15      4       29
  MONTH TO DATE  526                       520      6      683
  SINCE MAR 1    526                       520      6      683
  SINCE JUL 1   4040                      3608    432     3753

 COOLING
  YESTERDAY        0                         0      0        0
  MONTH TO DATE    0                         0      0        0
  SINCE MAR 1      0                         0      0        0
  SINCE JAN 1      0                         0      0        0
..................................................................


WIND (MPH)
  HIGHEST WIND SPEED    MM   HIGHEST WIND DIRECTION    MM
  HIGHEST GUST SPEED    MM   HIGHEST GUST DIRECTION    MM
  AVERAGE WIND SPEED    MM


SKY COVER
  POSSIBLE SUNSHINE  MM



RELATIVE HUMIDITY (PERCENT)
 HIGHEST    89           600 AM
 LOWEST     39           500 PM
 AVERAGE    64

..........................................................


THE BALTIMORE INNER HARBOR MD CLIMATE NORMALS FOR TODAY
                         NORMAL
 MAXIMUM TEMPERATURE (F)   58
 MINIMUM TEMPERATURE (F)   42


SUNRISE AND SUNSET
MARCH 28 2015.........SUNRISE   658 AM EDT   SUNSET   726 PM EDT
MARCH 29 2015.........SUNRISE   656 AM EDT   SUNSET   727 PM EDT


-  INDICATES NEGATIVE NUMBERS.
R  INDICATES RECORD WAS SET OR TIED.
MM INDICATES DATA IS MISSING.
T  INDICATES TRACE AMOUNT.




$$
