000
CDUS41 KLWX 240527
CLIDMH


CLIMATE REPORT
NATIONAL WEATHER SERVICE BALTIMORE MD/WASHINGTON DC
126 AM EDT SAT JUN 24 2017


...................................

...THE BALTIMORE INNER HARBOR MD CLIMATE SUMMARY FOR JUNE 23 2017...

CLIMATE NORMAL PERIOD 1981 TO 2010
CLIMATE RECORD PERIOD 1999 TO 2017


WEATHER ITEM   OBSERVED TIME   RECORD YEAR NORMAL DEPARTURE LAST
                VALUE   (LST)  VALUE       VALUE  FROM      YEAR
                                                  NORMAL
..................................................................
TEMPERATURE (F)
 YESTERDAY
  MAXIMUM         92    244 PM  MM      MM  87      5       83
  MINIMUM         73    711 AM  MM      MM  70      3       71
  AVERAGE         83                        78      5       77

PRECIPITATION (IN)
  YESTERDAY        0.05         MM      MM   0.10  -0.05     0.64
  MONTH TO DATE    0.60                      2.52  -1.92     2.70
  SINCE JUN 1      0.60                      2.52  -1.92     2.70
  SINCE JAN 1     15.52                     18.61  -3.09    18.88

DEGREE DAYS
 HEATING
  YESTERDAY        0                         0      0        0
  MONTH TO DATE    2                         4     -2        0
  SINCE JUN 1      2                         4     -2        0
  SINCE JUL 1   3245                      4030   -785     3421

 COOLING
  YESTERDAY       18                        13      5       12
  MONTH TO DATE  302                       235     67      244
  SINCE JUN 1    302                       235     67      244
  SINCE JAN 1    479                       374    105      381
..................................................................


WIND (MPH)
  HIGHEST WIND SPEED    MM   HIGHEST WIND DIRECTION    MM
  HIGHEST GUST SPEED    MM   HIGHEST GUST DIRECTION    MM
  AVERAGE WIND SPEED    MM


SKY COVER
  POSSIBLE SUNSHINE  MM



RELATIVE HUMIDITY (PERCENT)
 HIGHEST    94           800 AM
 LOWEST     52           300 PM
 AVERAGE    73

..........................................................


THE BALTIMORE INNER HARBOR MD CLIMATE NORMALS FOR TODAY
                         NORMAL
 MAXIMUM TEMPERATURE (F)   88
 MINIMUM TEMPERATURE (F)   70


SUNRISE AND SUNSET
JUNE 24 2017..........SUNRISE   541 AM EDT   SUNSET   837 PM EDT
JUNE 25 2017..........SUNRISE   541 AM EDT   SUNSET   837 PM EDT


-  INDICATES NEGATIVE NUMBERS.
R  INDICATES RECORD WAS SET OR TIED.
MM INDICATES DATA IS MISSING.
T  INDICATES TRACE AMOUNT.




$$
