000
CDUS45 KEPZ 280928
CLIDMN


CLIMATE REPORT
NATIONAL WEATHER SERVICE EL PASO, TX
327 AM MDT FRI JUL 28 2017


...................................

...THE DEMING CLIMATE SUMMARY FOR JULY 27 2017...

CLIMATE NORMAL PERIOD 1981 TO 2010
CLIMATE RECORD PERIOD 2000 TO 2017


WEATHER ITEM   OBSERVED TIME   NORMAL DEPARTURE LAST
                VALUE   (LST)  VALUE  FROM      YEAR
                                      NORMAL
......................................................
TEMPERATURE (F)
 YESTERDAY
  MAXIMUM         92    111 PM  93              93
  MINIMUM         70    416 AM  67              69
  AVERAGE         81            80      1       81

PRECIPITATION (IN)
  YESTERDAY        0.03          0.07  -0.04     0.02
  MONTH TO DATE    1.52          1.88  -0.36     0.30
  SINCE JUN 1      2.08          2.58  -0.50     0.75
  SINCE JAN 1      5.27          4.99   0.28     1.94

......................................................


WIND (MPH)
  HIGHEST WIND SPEED    21   HIGHEST WIND DIRECTION     W (280)
  HIGHEST GUST SPEED    28   HIGHEST GUST DIRECTION     W (270)
  AVERAGE WIND SPEED     9.2


SKY COVER
  AVERAGE SKY COVER 0.2


WEATHER CONDITIONS
 THE FOLLOWING WEATHER WAS RECORDED YESTERDAY.
  LIGHT RAIN


RELATIVE HUMIDITY (PERCENT)
 HIGHEST    84           400 AM
 LOWEST     34           100 PM
 AVERAGE    59

..........................................................


THE DEMING CLIMATE NORMALS FOR TODAY
                         NORMAL
 MAXIMUM TEMPERATURE (F)   93
 MINIMUM TEMPERATURE (F)   67


SUNRISE AND SUNSET
JULY 28 2017..........SUNRISE   623 AM MDT   SUNSET   811 PM MDT
JULY 29 2017..........SUNRISE   624 AM MDT   SUNSET   810 PM MDT


-  INDICATES NEGATIVE NUMBERS.
R  INDICATES RECORD WAS SET OR TIED.
MM INDICATES DATA IS MISSING.
T  INDICATES TRACE AMOUNT.




$$
