000
CDUS45 KEPZ 200929
CLIDMN


CLIMATE REPORT
NATIONAL WEATHER SERVICE EL PASO, TX
328 AM MDT MON OCT 20 2014


...................................

...THE DEMING CLIMATE SUMMARY FOR OCTOBER 19 2014...

CLIMATE NORMAL PERIOD 1981 TO 2010
CLIMATE RECORD PERIOD 2000 TO 2014


WEATHER ITEM   OBSERVED TIME   NORMAL DEPARTURE LAST
                VALUE   (LST)  VALUE  FROM      YEAR
                                      NORMAL
......................................................
TEMPERATURE (F)
 YESTERDAY
  MAXIMUM         75   1211 PM  77              72
  MINIMUM         55    626 PM  44              35
  AVERAGE         65            60      5       54

PRECIPITATION (IN)
  YESTERDAY        0.18          0.03   0.15     0.00
  MONTH TO DATE    0.23          0.75  -0.52      T
  SINCE SEP 1      5.06          2.05   3.01     3.07
  SINCE JAN 1      8.64          9.64  -1.00     9.31

......................................................


WIND (MPH)
  HIGHEST WIND SPEED    30   HIGHEST WIND DIRECTION    NE (40)
  HIGHEST GUST SPEED    37   HIGHEST GUST DIRECTION    NE (50)
  AVERAGE WIND SPEED    13.5


SKY COVER
  AVERAGE SKY COVER 0.3


WEATHER CONDITIONS
 THE FOLLOWING WEATHER WAS RECORDED YESTERDAY.
  THUNDERSTORM
  HEAVY RAIN
  RAIN
  LIGHT RAIN
  FOG


RELATIVE HUMIDITY (PERCENT)
 HIGHEST    80           200 AM
 LOWEST     44           400 PM
 AVERAGE    62

..........................................................


THE DEMING CLIMATE NORMALS FOR TODAY
                         NORMAL
 MAXIMUM TEMPERATURE (F)   76
 MINIMUM TEMPERATURE (F)   44


SUNRISE AND SUNSET
OCTOBER 20 2014.......SUNRISE   718 AM MDT   SUNSET   632 PM MDT
OCTOBER 21 2014.......SUNRISE   719 AM MDT   SUNSET   631 PM MDT


-  INDICATES NEGATIVE NUMBERS.
R  INDICATES RECORD WAS SET OR TIED.
MM INDICATES DATA IS MISSING.
T  INDICATES TRACE AMOUNT.




$$
