000
CDUS45 KEPZ 040927
CLIDMN


CLIMATE REPORT
NATIONAL WEATHER SERVICE EL PASO, TX
226 AM MST WED MAR 4 2015


...................................

...THE DEMING CLIMATE SUMMARY FOR MARCH 3 2015...

CLIMATE NORMAL PERIOD 1981 TO 2010
CLIMATE RECORD PERIOD 2000 TO 2015


WEATHER ITEM   OBSERVED TIME   NORMAL DEPARTURE LAST
                VALUE   (LST)  VALUE  FROM      YEAR
                                      NORMAL
......................................................
TEMPERATURE (F)
 YESTERDAY
  MAXIMUM         60    422 PM  65              64
  MINIMUM         39   1157 PM  34              34
  AVERAGE         50            49      1       49

PRECIPITATION (IN)
  YESTERDAY        0.15          0.02   0.13     0.00
  MONTH TO DATE    0.47          0.06   0.41     0.37
  SINCE MAR 1      0.47          0.06   0.41     0.37
  SINCE JAN 1      1.94          1.26   0.68     0.37

......................................................


WIND (MPH)
  HIGHEST WIND SPEED    25   HIGHEST WIND DIRECTION    SW (240)
  HIGHEST GUST SPEED    33   HIGHEST GUST DIRECTION     W (250)
  AVERAGE WIND SPEED     8.4


SKY COVER
  AVERAGE SKY COVER 0.6


WEATHER CONDITIONS
 THE FOLLOWING WEATHER WAS RECORDED YESTERDAY.
  LIGHT RAIN
  FOG


RELATIVE HUMIDITY (PERCENT)
 HIGHEST    92           700 AM
 LOWEST     36           500 PM
 AVERAGE    64

..........................................................


THE DEMING CLIMATE NORMALS FOR TODAY
                         NORMAL
 MAXIMUM TEMPERATURE (F)   65
 MINIMUM TEMPERATURE (F)   34


SUNRISE AND SUNSET
MARCH  4 2015.........SUNRISE   635 AM MST   SUNSET   611 PM MST
MARCH  5 2015.........SUNRISE   634 AM MST   SUNSET   611 PM MST


-  INDICATES NEGATIVE NUMBERS.
R  INDICATES RECORD WAS SET OR TIED.
MM INDICATES DATA IS MISSING.
T  INDICATES TRACE AMOUNT.




$$
