000
CDUS43 KEAX 230632
CLIDMO


CLIMATE REPORT
NATIONAL WEATHER SERVICE KANSAS CITY/PLEASANT HILL MO
131 AM CDT SAT AUG 23 2014


...................................

...THE SEDALIA MO CLIMATE SUMMARY FOR AUGUST 22 2014...

CLIMATE NORMAL PERIOD 1981 TO 2010
CLIMATE RECORD PERIOD 9999 TO 9999


WEATHER ITEM   OBSERVED TIME   NORMAL DEPARTURE LAST
                VALUE   (LST)  VALUE  FROM      YEAR
                                      NORMAL
......................................................
TEMPERATURE (F)
 YESTERDAY
  MAXIMUM         95    435 PM  89      6       90
  MINIMUM         77    600 AM  66     11       70
  AVERAGE         86            78      8       80

PRECIPITATION (IN)
  YESTERDAY        0.00          0.14  -0.14     0.00
  MONTH TO DATE    3.35          2.22   1.13     2.90
  SINCE JUN 1     10.04         11.52  -1.48     6.91
  SINCE JAN 1     21.41         26.67  -5.26    29.91

DEGREE DAYS
 HEATING
  YESTERDAY        0             0      0        0
  MONTH TO DATE    0             0      0        0
  SINCE JUN 1      0             6     -6        9
  SINCE JUL 1      0             0      0        0

 COOLING
  YESTERDAY       21            12      9       15
  MONTH TO DATE  259           301    -42      216
  SINCE JUN 1    866          1042   -176      900
  SINCE JAN 1   1061          1181   -120     1048
......................................................


WIND (MPH)
  HIGHEST WIND SPEED    17   HIGHEST WIND DIRECTION    SW (220)
  HIGHEST GUST SPEED    23   HIGHEST GUST DIRECTION    SW (220)
  AVERAGE WIND SPEED     7.0


SKY COVER
  AVERAGE SKY COVER 0.1


WEATHER CONDITIONS
 THE FOLLOWING WEATHER WAS RECORDED YESTERDAY.
  FOG
  HAZE


RELATIVE HUMIDITY (PERCENT)
 HIGHEST    91          1100 PM
 LOWEST     52           300 PM
 AVERAGE    72

..........................................................


THE SEDALIA MO CLIMATE NORMALS FOR TODAY
                         NORMAL
 MAXIMUM TEMPERATURE (F)   88
 MINIMUM TEMPERATURE (F)   66


SUNRISE AND SUNSET
AUGUST 23 2014........SUNRISE   634 AM CDT   SUNSET   756 PM CDT
AUGUST 24 2014........SUNRISE   634 AM CDT   SUNSET   754 PM CDT


-  INDICATES NEGATIVE NUMBERS.
R  INDICATES RECORD WAS SET OR TIED.
MM INDICATES DATA IS MISSING.
T  INDICATES TRACE AMOUNT.




$$
