000
CDUS43 KEAX 012229
CLIDMO


CLIMATE REPORT
NATIONAL WEATHER SERVICE KANSAS CITY/PLEASANT HILL MO
429 PM CST SUN FEB 1 2015


...................................

...THE SEDALIA MO CLIMATE SUMMARY FOR FEBRUARY 1 2015...
VALID AS OF 0400 PM LOCAL TIME.

CLIMATE NORMAL PERIOD 1981 TO 2010
CLIMATE RECORD PERIOD 9999 TO 9999


WEATHER ITEM   OBSERVED TIME   NORMAL DEPARTURE LAST
                VALUE   (LST)  VALUE  FROM      YEAR
                                      NORMAL
......................................................
TEMPERATURE (F)
 TODAY
  MAXIMUM         38   1055 AM  42     -4       30
  MINIMUM         33    259 PM  24      9       24
  AVERAGE         36            33      3       27

PRECIPITATION (IN)
  TODAY            0.36          0.07   0.29     0.43
  MONTH TO DATE    0.36          0.07   0.29     0.43
  SINCE DEC 1      3.25          4.06  -0.81     2.28
  SINCE JAN 1      1.31          1.74  -0.43     0.65

DEGREE DAYS
 HEATING
  TODAY           29            32     -3       38
  MONTH TO DATE   29            32     -3       38
  SINCE DEC 1   1841          2002   -161     2240
  SINCE JUL 1   2826          2847    -21     3189

 COOLING
  TODAY            0             0      0        0
  MONTH TO DATE    0             0      0        0
  SINCE DEC 1      0             0      0        0
  SINCE JAN 1      0             0      0        0
......................................................


WIND (MPH)
  HIGHEST WIND SPEED    22   HIGHEST WIND DIRECTION     W (290)
  HIGHEST GUST SPEED    29   HIGHEST GUST DIRECTION     W (280)
  AVERAGE WIND SPEED    10.2


SKY COVER
  AVERAGE SKY COVER 1.0


WEATHER CONDITIONS
 THE FOLLOWING WEATHER WAS RECORDED TODAY.
  LIGHT RAIN
  LT FREEZING RAIN
  LIGHT SNOW
  FOG


RELATIVE HUMIDITY (PERCENT)
 HIGHEST    96           200 AM
 LOWEST     89           200 PM
 AVERAGE    93

..........................................................


THE SEDALIA MO CLIMATE NORMALS FOR TOMORROW
                         NORMAL
 MAXIMUM TEMPERATURE (F)   42
 MINIMUM TEMPERATURE (F)   24


SUNRISE AND SUNSET
FEBRUARY  1 2015......SUNRISE   718 AM CST   SUNSET   534 PM CST
FEBRUARY  2 2015......SUNRISE   717 AM CST   SUNSET   535 PM CST


-  INDICATES NEGATIVE NUMBERS.
R  INDICATES RECORD WAS SET OR TIED.
MM INDICATES DATA IS MISSING.
T  INDICATES TRACE AMOUNT.




$$
