000
CDUS43 KEAX 210633
CLIDMO


CLIMATE REPORT
NATIONAL WEATHER SERVICE KANSAS CITY/PLEASANT HILL MO
133 AM CDT SAT OCT 21 2017


...................................

...THE SEDALIA MO CLIMATE SUMMARY FOR OCTOBER 20 2017...

CLIMATE NORMAL PERIOD 1981 TO 2010
CLIMATE RECORD PERIOD 9999 TO 9999


WEATHER ITEM   OBSERVED TIME   NORMAL DEPARTURE LAST
                VALUE   (LST)  VALUE  FROM      YEAR
                                      NORMAL
......................................................
TEMPERATURE (F)
 YESTERDAY
  MAXIMUM         72    248 PM  67      5       61
  MINIMUM         56    637 AM  47      9       43
  AVERAGE         64            57      7       52

PRECIPITATION (IN)
  YESTERDAY        0.00          0.13  -0.13      T
  MONTH TO DATE    2.98          2.55   0.43     1.78
  SINCE SEP 1      4.00          6.66  -2.66     6.25
  SINCE JAN 1     33.20         34.60  -1.40    30.61

DEGREE DAYS
 HEATING
  YESTERDAY        1             9     -8       13
  MONTH TO DATE   56           130    -74       71
  SINCE SEP 1     60           174   -114       77
  SINCE JUL 1     65           175   -110       77

 COOLING
  YESTERDAY        0             1     -1        0
  MONTH TO DATE   77            30     47       64
  SINCE SEP 1    310           195    115      322
  SINCE JAN 1   1484          1480      4     1735
......................................................


WIND (MPH)
  HIGHEST WIND SPEED    21   HIGHEST WIND DIRECTION     S (170)
  HIGHEST GUST SPEED    28   HIGHEST GUST DIRECTION    SE (150)
  AVERAGE WIND SPEED    13.2


SKY COVER
  AVERAGE SKY COVER 0.0


WEATHER CONDITIONS
 THE FOLLOWING WEATHER WAS RECORDED YESTERDAY.
  NO SIGNIFICANT WEATHER WAS OBSERVED.


RELATIVE HUMIDITY (PERCENT)
 HIGHEST    87          1000 PM
 LOWEST     57           100 PM
 AVERAGE    72

..........................................................


THE SEDALIA MO CLIMATE NORMALS FOR TODAY
                         NORMAL
 MAXIMUM TEMPERATURE (F)   67
 MINIMUM TEMPERATURE (F)   47


SUNRISE AND SUNSET
OCTOBER 21 2017.......SUNRISE   728 AM CDT   SUNSET   625 PM CDT
OCTOBER 22 2017.......SUNRISE   729 AM CDT   SUNSET   624 PM CDT


-  INDICATES NEGATIVE NUMBERS.
R  INDICATES RECORD WAS SET OR TIED.
MM INDICATES DATA IS MISSING.
T  INDICATES TRACE AMOUNT.




$$
