000
CDUS43 KEAX 280634
CLIDMO


CLIMATE REPORT
NATIONAL WEATHER SERVICE KANSAS CITY/PLEASANT HILL MO
133 AM CDT SAT MAR 28 2015


...................................

...THE SEDALIA MO CLIMATE SUMMARY FOR MARCH 27 2015...

CLIMATE NORMAL PERIOD 1981 TO 2010
CLIMATE RECORD PERIOD 9999 TO 9999


WEATHER ITEM   OBSERVED TIME   NORMAL DEPARTURE LAST
                VALUE   (LST)  VALUE  FROM      YEAR
                                      NORMAL
......................................................
TEMPERATURE (F)
 YESTERDAY
  MAXIMUM         46    313 PM  61    -15       69
  MINIMUM         34    853 AM  40     -6       40
  AVERAGE         40            50    -10       55

PRECIPITATION (IN)
  YESTERDAY        0.01          0.08  -0.07     0.38
  MONTH TO DATE    1.11          2.24  -1.13     0.93
  SINCE MAR 1      1.11          2.24  -1.13     0.93
  SINCE JAN 1      3.19          5.84  -2.65     1.87

DEGREE DAYS
 HEATING
  YESTERDAY       25            15     10       10
  MONTH TO DATE  491           528    -37      637
  SINCE MAR 1    491           528    -37      637
  SINCE JUL 1   4339          4145    194     4856

 COOLING
  YESTERDAY        0             0      0        0
  MONTH TO DATE    1             0      1        0
  SINCE MAR 1      1             0      1        0
  SINCE JAN 1      1             0      1        0
......................................................


WIND (MPH)
  HIGHEST WIND SPEED    20   HIGHEST WIND DIRECTION     N (10)
  HIGHEST GUST SPEED    24   HIGHEST GUST DIRECTION     N (10)
  AVERAGE WIND SPEED     8.1


SKY COVER
  AVERAGE SKY COVER 0.6


WEATHER CONDITIONS
 THE FOLLOWING WEATHER WAS RECORDED YESTERDAY.
  LIGHT RAIN
  LIGHT SNOW
  FOG


RELATIVE HUMIDITY (PERCENT)
 HIGHEST    82           600 AM
 LOWEST     39           200 PM
 AVERAGE    61

..........................................................


THE SEDALIA MO CLIMATE NORMALS FOR TODAY
                         NORMAL
 MAXIMUM TEMPERATURE (F)   61
 MINIMUM TEMPERATURE (F)   40


SUNRISE AND SUNSET
MARCH 28 2015.........SUNRISE   704 AM CDT   SUNSET   732 PM CDT
MARCH 29 2015.........SUNRISE   702 AM CDT   SUNSET   733 PM CDT


-  INDICATES NEGATIVE NUMBERS.
R  INDICATES RECORD WAS SET OR TIED.
MM INDICATES DATA IS MISSING.
T  INDICATES TRACE AMOUNT.




$$
