000
CDUS43 KEAX 280634
CLIDMO


CLIMATE REPORT
NATIONAL WEATHER SERVICE KANSAS CITY/PLEASANT HILL MO
133 AM CDT SUN AUG 28 2016


...................................

...THE SEDALIA MO CLIMATE SUMMARY FOR AUGUST 27 2016...

CLIMATE NORMAL PERIOD 1981 TO 2010
CLIMATE RECORD PERIOD 9999 TO 9999


WEATHER ITEM   OBSERVED TIME   NORMAL DEPARTURE LAST
                VALUE   (LST)  VALUE  FROM      YEAR
                                      NORMAL
......................................................
TEMPERATURE (F)
 YESTERDAY
  MAXIMUM         89    419 PM  87      2       77
  MINIMUM         70    615 AM  65      5       56
  AVERAGE         80            76      4       67

PRECIPITATION (IN)
  YESTERDAY        0.00          0.15  -0.15     0.00
  MONTH TO DATE    2.28          2.93  -0.65     2.37
  SINCE JUN 1     15.03         12.23   2.80    14.79
  SINCE JAN 1     24.29         27.38  -3.09    28.22

DEGREE DAYS
 HEATING
  YESTERDAY        0             0      0        0
  MONTH TO DATE    0             0      0        0
  SINCE JUN 1      0             6     -6        5
  SINCE JUL 1      0             0      0        0

 COOLING
  YESTERDAY       15            11      4        2
  MONTH TO DATE  353           360     -7      281
  SINCE JUN 1   1232          1101    131     1067
  SINCE JAN 1   1354          1240    114     1194
......................................................


WIND (MPH)
  HIGHEST WIND SPEED    12   HIGHEST WIND DIRECTION    SW (210)
  HIGHEST GUST SPEED    15   HIGHEST GUST DIRECTION    SW (210)
  AVERAGE WIND SPEED     6.1


SKY COVER
  AVERAGE SKY COVER 0.3


WEATHER CONDITIONS
 THE FOLLOWING WEATHER WAS RECORDED YESTERDAY.
  FOG
  FOG W/VISIBILITY <= 1/4 MILE


RELATIVE HUMIDITY (PERCENT)
 HIGHEST   100           500 AM
 LOWEST     52           200 PM
 AVERAGE    76

..........................................................


THE SEDALIA MO CLIMATE NORMALS FOR TODAY
                         NORMAL
 MAXIMUM TEMPERATURE (F)   87
 MINIMUM TEMPERATURE (F)   65


SUNRISE AND SUNSET
AUGUST 28 2016........SUNRISE   638 AM CDT   SUNSET   748 PM CDT
AUGUST 29 2016........SUNRISE   639 AM CDT   SUNSET   746 PM CDT


-  INDICATES NEGATIVE NUMBERS.
R  INDICATES RECORD WAS SET OR TIED.
MM INDICATES DATA IS MISSING.
T  INDICATES TRACE AMOUNT.




$$
