000
CDUS43 KEAX 020035
CLIDMO


CLIMATE REPORT
NATIONAL WEATHER SERVICE KANSAS CITY/PLEASANT HILL MO
734 PM CDT MON SEP 1 2014


...................................

...THE SEDALIA MO CLIMATE SUMMARY FOR SEPTEMBER 1 2014...
VALID TODAY AS OF 0700 PM LOCAL TIME.

CLIMATE NORMAL PERIOD 1981 TO 2010
CLIMATE RECORD PERIOD 9999 TO 9999


WEATHER ITEM   OBSERVED TIME   NORMAL DEPARTURE LAST
                VALUE   (LST)  VALUE  FROM      YEAR
                                      NORMAL
......................................................
TEMPERATURE (F)
 TODAY
  MAXIMUM         82    239 PM  86     -4       88
  MINIMUM         66    535 AM  64      2       69
  AVERAGE         74            75     -1       79

PRECIPITATION (IN)
  TODAY            0.26          0.18   0.08     1.63
  MONTH TO DATE    0.26          0.18   0.08     1.63
  SINCE SEP 1      0.26          0.18   0.08     1.63
  SINCE JAN 1     21.83         28.12  -6.29    31.54

DEGREE DAYS
 HEATING
  TODAY            0             0      0        0
  MONTH TO DATE    0             0      0        0
  SINCE SEP 1      0             0      0        0
  SINCE JUL 1      0             1     -1        0

 COOLING
  TODAY            9            10     -1       14
  MONTH TO DATE    9            10     -1       14
  SINCE SEP 1      9            10     -1       14
  SINCE JAN 1   1226          1295    -69     1229
......................................................


WIND (MPH)
  HIGHEST WIND SPEED    31   HIGHEST WIND DIRECTION    SE (150)
  HIGHEST GUST SPEED    39   HIGHEST GUST DIRECTION    SE (140)
  AVERAGE WIND SPEED    11.5


SKY COVER
  AVERAGE SKY COVER 0.5


WEATHER CONDITIONS
 THE FOLLOWING WEATHER WAS RECORDED TODAY.
  THUNDERSTORM
  HEAVY RAIN
  RAIN
  LIGHT RAIN
  FOG


RELATIVE HUMIDITY (PERCENT)
 HIGHEST    93           200 AM
 LOWEST     62           100 PM
 AVERAGE    78

..........................................................


THE SEDALIA MO CLIMATE NORMALS FOR TOMORROW
                         NORMAL
 MAXIMUM TEMPERATURE (F)   85
 MINIMUM TEMPERATURE (F)   64


SUNRISE AND SUNSET
SEPTEMBER  1 2014.....SUNRISE   642 AM CDT   SUNSET   742 PM CDT
SEPTEMBER  2 2014.....SUNRISE   642 AM CDT   SUNSET   741 PM CDT


-  INDICATES NEGATIVE NUMBERS.
R  INDICATES RECORD WAS SET OR TIED.
MM INDICATES DATA IS MISSING.
T  INDICATES TRACE AMOUNT.




$$
