000
CDUS43 KEAX 312123
CLIDMO


CLIMATE REPORT
NATIONAL WEATHER SERVICE KANSAS CITY/PLEASANT HILL MO
422 PM CDT TUE MAY 31 2016


...................................

...THE SEDALIA MO CLIMATE SUMMARY FOR MAY 31 2016...
VALID AS OF 0400 PM LOCAL TIME.

CLIMATE NORMAL PERIOD 1981 TO 2010
CLIMATE RECORD PERIOD 9999 TO 9999


WEATHER ITEM   OBSERVED TIME   NORMAL DEPARTURE LAST
                VALUE   (LST)  VALUE  FROM      YEAR
                                      NORMAL
......................................................
TEMPERATURE (F)
 TODAY
  MAXIMUM         81    259 PM  81      0       67
  MINIMUM         64    259 AM  60      4       55
  AVERAGE         73            70      3       61

PRECIPITATION (IN)
  TODAY            T             0.15  -0.15     0.00
  MONTH TO DATE    4.31          4.69  -0.38     6.40
  SINCE MAR 1      7.91         11.55  -3.64    11.35
  SINCE JAN 1      9.06         15.15  -6.09    13.43

DEGREE DAYS
 HEATING
  TODAY            0             1     -1        4
  MONTH TO DATE  110            83     27       65
  SINCE MAR 1    692           948   -256      792
  SINCE JUL 1   3680          4565   -885     4640

 COOLING
  TODAY            8             6      2        0
  MONTH TO DATE   98           105     -7      110
  SINCE MAR 1    122           139    -17      127
  SINCE JAN 1    122           139    -17      127
......................................................


WIND (MPH)
  HIGHEST WIND SPEED    18   HIGHEST WIND DIRECTION     S (170)
  HIGHEST GUST SPEED    22   HIGHEST GUST DIRECTION     S (160)
  AVERAGE WIND SPEED     6.4


SKY COVER
  AVERAGE SKY COVER 0.7


WEATHER CONDITIONS
 THE FOLLOWING WEATHER WAS RECORDED TODAY.
  LIGHT RAIN


RELATIVE HUMIDITY (PERCENT)
 HIGHEST    93          1200 AM
 LOWEST     58          1100 AM
 AVERAGE    76

..........................................................


THE SEDALIA MO CLIMATE NORMALS FOR TOMORROW
                         NORMAL
 MAXIMUM TEMPERATURE (F)   81
 MINIMUM TEMPERATURE (F)   61


SUNRISE AND SUNSET
MAY 31 2016...........SUNRISE   550 AM CDT   SUNSET   831 PM CDT
JUNE  1 2016..........SUNRISE   549 AM CDT   SUNSET   832 PM CDT


-  INDICATES NEGATIVE NUMBERS.
R  INDICATES RECORD WAS SET OR TIED.
MM INDICATES DATA IS MISSING.
T  INDICATES TRACE AMOUNT.




$$
