000
CDUS43 KEAX 260635
CLIDMO


CLIMATE REPORT
NATIONAL WEATHER SERVICE KANSAS CITY/PLEASANT HILL MO
135 AM CDT WED APR 26 2017


...................................

...THE SEDALIA MO CLIMATE SUMMARY FOR APRIL 25 2017...

CLIMATE NORMAL PERIOD 1981 TO 2010
CLIMATE RECORD PERIOD 9999 TO 9999


WEATHER ITEM   OBSERVED TIME   NORMAL DEPARTURE LAST
                VALUE   (LST)  VALUE  FROM      YEAR
                                      NORMAL
......................................................
TEMPERATURE (F)
 YESTERDAY
  MAXIMUM         83    329 PM  70     13       75
  MINIMUM         55    143 AM  49      6       63
  AVERAGE         69            60      9       69

PRECIPITATION (IN)
  YESTERDAY        0.22          0.18   0.04     0.00
  MONTH TO DATE    2.83          3.29  -0.46     1.19
  SINCE MAR 1      6.13          5.90   0.23     2.88
  SINCE JAN 1      7.55          9.50  -1.95     4.03

DEGREE DAYS
 HEATING
  YESTERDAY        0             7     -7        0
  MONTH TO DATE  145           251   -106      180
  SINCE MAR 1    599           836   -237      567
  SINCE JUL 1   3482          4453   -971     3555

 COOLING
  YESTERDAY        4             1      3        4
  MONTH TO DATE   42            24     18       16
  SINCE MAR 1     50            27     23       20
  SINCE JAN 1     50            27     23       20
......................................................


WIND (MPH)
  HIGHEST WIND SPEED    23   HIGHEST WIND DIRECTION     S (200)
  HIGHEST GUST SPEED    29   HIGHEST GUST DIRECTION     S (190)
  AVERAGE WIND SPEED    10.0


SKY COVER
  AVERAGE SKY COVER 0.3


WEATHER CONDITIONS
 THE FOLLOWING WEATHER WAS RECORDED YESTERDAY.
  HEAVY RAIN
  LIGHT RAIN
  FOG


RELATIVE HUMIDITY (PERCENT)
 HIGHEST    76          1000 PM
 LOWEST     42          1200 PM
 AVERAGE    59

..........................................................


THE SEDALIA MO CLIMATE NORMALS FOR TODAY
                         NORMAL
 MAXIMUM TEMPERATURE (F)   70
 MINIMUM TEMPERATURE (F)   50


SUNRISE AND SUNSET
APRIL 26 2017.........SUNRISE   621 AM CDT   SUNSET   800 PM CDT
APRIL 27 2017.........SUNRISE   620 AM CDT   SUNSET   801 PM CDT


-  INDICATES NEGATIVE NUMBERS.
R  INDICATES RECORD WAS SET OR TIED.
MM INDICATES DATA IS MISSING.
T  INDICATES TRACE AMOUNT.




$$
