000
CDUS42 KCAE 210537
CLIDNL


CLIMATE REPORT
NATIONAL WEATHER SERVICE COLUMBIA SC
1236 AM EST SUN JAN 21 2018


...................................

...THE AUGUSTA DANIEL FIELD GA CLIMATE SUMMARY FOR JANUARY 20 2018...

CLIMATE NORMAL PERIOD 1981 TO 2010
CLIMATE RECORD PERIOD 9999 TO 9999


WEATHER ITEM   OBSERVED TIME   NORMAL DEPARTURE LAST
                VALUE   (LST)  VALUE  FROM      YEAR
                                      NORMAL
......................................................
TEMPERATURE (F)
 YESTERDAY
  MAXIMUM         65    422 PM  56      9       78
  MINIMUM         42    747 AM  38      4       59
  AVERAGE         54            47      7       69

PRECIPITATION (IN)
  YESTERDAY        0.00          0.14  -0.14      T
  MONTH TO DATE    0.82          2.47  -1.65     7.06
  SINCE DEC 1      4.82          6.09  -1.27    11.27
  SINCE JAN 1      0.82          2.47  -1.65     7.06

DEGREE DAYS
 HEATING
  YESTERDAY       11            18     -7        0
  MONTH TO DATE  458           375     83      173
  SINCE DEC 1    878           880     -2      568
  SINCE JUL 1   1140          1214    -74      737

 COOLING
  YESTERDAY        0             0      0        4
  MONTH TO DATE    2             0      2       15
  SINCE DEC 1      5             5      0       19
  SINCE JAN 1      2             0      2       15
......................................................


WIND (MPH)
  HIGHEST WIND SPEED    14   HIGHEST WIND DIRECTION    NW (300)
  HIGHEST GUST SPEED    20   HIGHEST GUST DIRECTION    NW (310)
  AVERAGE WIND SPEED     4.7


SKY COVER
  AVERAGE SKY COVER 0.0


WEATHER CONDITIONS
 THE FOLLOWING WEATHER WAS RECORDED YESTERDAY.
  NO SIGNIFICANT WEATHER WAS OBSERVED.


RELATIVE HUMIDITY (PERCENT)
 HIGHEST    61          1100 PM
 LOWEST     25           100 AM

..........................................................


THE AUGUSTA DANIEL FIELD GA CLIMATE NORMALS FOR TODAY
                         NORMAL    RECORD    YEAR
 MAXIMUM TEMPERATURE (F)   56        MM        MM
 MINIMUM TEMPERATURE (F)   38        MM        MM


SUNRISE AND SUNSET
JANUARY 21 2018.......SUNRISE   730 AM EST   SUNSET   549 PM EST
JANUARY 22 2018.......SUNRISE   730 AM EST   SUNSET   550 PM EST


-  INDICATES NEGATIVE NUMBERS.
R  INDICATES RECORD WAS SET OR TIED.
MM INDICATES DATA IS MISSING.
T  INDICATES TRACE AMOUNT.




$$
