000
CDUS42 KCAE 160610
CLIDNL


CLIMATE REPORT
NATIONAL WEATHER SERVICE COLUMBIA SC
109 AM EST MON JAN 16 2017


...................................

...THE AUGUSTA DANIEL FIELD GA CLIMATE SUMMARY FOR JANUARY 15 2017...

CLIMATE NORMAL PERIOD 1981 TO 2010
CLIMATE RECORD PERIOD 9999 TO 9999


WEATHER ITEM   OBSERVED TIME   NORMAL DEPARTURE LAST
                VALUE   (LST)  VALUE  FROM      YEAR
                                      NORMAL
......................................................
TEMPERATURE (F)
 YESTERDAY
  MAXIMUM         77    245 PM  55     22       61
  MINIMUM         51    754 AM  38     13       43
  AVERAGE         64            46     18       52

PRECIPITATION (IN)
  YESTERDAY        0.00          0.12  -0.12     0.81
  MONTH TO DATE    7.06          1.80   5.26     0.85
  SINCE DEC 1     11.27          5.42   5.85     6.33
  SINCE JAN 1      7.06          1.80   5.26     0.85

DEGREE DAYS
 HEATING
  YESTERDAY        1            19    -18       13
  MONTH TO DATE  169           285   -116      277
  SINCE DEC 1    564           790   -226      440
  SINCE JUL 1    733          1124   -391      631

 COOLING
  YESTERDAY        0             0      0        0
  MONTH TO DATE    2             0      2        0
  SINCE DEC 1      6             5      1       64
  SINCE JAN 1      2             0      2        0
......................................................


WIND (MPH)
  HIGHEST WIND SPEED     9   HIGHEST WIND DIRECTION    SW (210)
  HIGHEST GUST SPEED    12   HIGHEST GUST DIRECTION    NW (310)
  AVERAGE WIND SPEED     2.1


SKY COVER
  AVERAGE SKY COVER 0.0


WEATHER CONDITIONS
 THE FOLLOWING WEATHER WAS RECORDED YESTERDAY.
  FOG
  HAZE


RELATIVE HUMIDITY (PERCENT)
 HIGHEST    93           200 AM
 LOWEST     38           400 PM

..........................................................


THE AUGUSTA DANIEL FIELD GA CLIMATE NORMALS FOR TODAY
                         NORMAL    RECORD    YEAR
 MAXIMUM TEMPERATURE (F)   56        MM        MM
 MINIMUM TEMPERATURE (F)   38        MM        MM


SUNRISE AND SUNSET
JANUARY 16 2017.......SUNRISE   732 AM EST   SUNSET   544 PM EST
JANUARY 17 2017.......SUNRISE   732 AM EST   SUNSET   545 PM EST


-  INDICATES NEGATIVE NUMBERS.
R  INDICATES RECORD WAS SET OR TIED.
MM INDICATES DATA IS MISSING.
T  INDICATES TRACE AMOUNT.




$$
