000
CDUS42 KCAE 240626
CLIDNL


CLIMATE REPORT
NATIONAL WEATHER SERVICE COLUMBIA SC
125 AM EST MON NOV 24 2014


...................................

...THE AUGUSTA DANIEL FIELD GA CLIMATE SUMMARY FOR NOVEMBER 23 2014...

CLIMATE NORMAL PERIOD 1981 TO 2010
CLIMATE RECORD PERIOD 9999 TO 9999


WEATHER ITEM   OBSERVED TIME   RECORD YEAR NORMAL DEPARTURE LAST
                VALUE   (LST)  VALUE       VALUE  FROM      YEAR
                                                  NORMAL
..................................................................
TEMPERATURE (F)
 YESTERDAY
  MAXIMUM         68    759 PM  MM      MM  65      3       67
  MINIMUM         52    145 AM  MM      MM  45      7       51
  AVERAGE         60                        55      5       59

PRECIPITATION (IN)
  YESTERDAY        1.73         MM      MM   0.13   1.60     0.01
  MONTH TO DATE    3.09                      2.25   0.84     1.12
  SINCE SEP 1      8.12                      8.85  -0.73     3.39
  SINCE JAN 1     36.61                     42.01  -5.40    52.46

DEGREE DAYS
 HEATING
  YESTERDAY        5                        10     -5        6
  MONTH TO DATE  279                       175    104      176
  SINCE SEP 1    313                       253     60      229
  SINCE JUL 1    313                       253     60      229

 COOLING
  YESTERDAY        0                         0      0        0
  MONTH TO DATE    5                        14     -9       11
  SINCE SEP 1    559                       440    119      479
  SINCE JAN 1   2630                      2251    379     2081
..................................................................


WIND (MPH)
  HIGHEST WIND SPEED    31   HIGHEST WIND DIRECTION     S (190)
  HIGHEST GUST SPEED    43   HIGHEST GUST DIRECTION    SW (210)
  AVERAGE WIND SPEED     9.9


SKY COVER
  AVERAGE SKY COVER 0.8


WEATHER CONDITIONS
 THE FOLLOWING WEATHER WAS RECORDED YESTERDAY.
  THUNDERSTORM
  HEAVY RAIN
  RAIN
  LIGHT RAIN
  FOG


RELATIVE HUMIDITY (PERCENT)
 HIGHEST   100           300 PM
 LOWEST     87           800 PM

..........................................................


THE AUGUSTA DANIEL FIELD GA CLIMATE NORMALS FOR TODAY
                         NORMAL    RECORD    YEAR
 MAXIMUM TEMPERATURE (F)   65        MM        MM
 MINIMUM TEMPERATURE (F)   45        MM        MM


SUNRISE AND SUNSET
NOVEMBER 24 2014......SUNRISE   708 AM EST   SUNSET   522 PM EST
NOVEMBER 25 2014......SUNRISE   709 AM EST   SUNSET   521 PM EST


-  INDICATES NEGATIVE NUMBERS.
R  INDICATES RECORD WAS SET OR TIED.
MM INDICATES DATA IS MISSING.
T  INDICATES TRACE AMOUNT.




$$
