000
CDUS42 KCAE 302131
CLIDNL


CLIMATE REPORT
NATIONAL WEATHER SERVICE COLUMBIA SC
531 PM EDT TUE AUG 30 2016


...................................

...THE AUGUSTA DANIEL FIELD GA CLIMATE SUMMARY FOR AUGUST 30 2016...
VALID TODAY AS OF 0500 PM LOCAL TIME.

CLIMATE NORMAL PERIOD 1981 TO 2010
CLIMATE RECORD PERIOD 9999 TO 9999


WEATHER ITEM   OBSERVED TIME   NORMAL DEPARTURE LAST
                VALUE   (LST)  VALUE  FROM      YEAR
                                      NORMAL
......................................................
TEMPERATURE (F)
 TODAY
  MAXIMUM         87   1033 AM  88     -1       MM
  MINIMUM         73    619 AM  70      3       71
  AVERAGE         80            79      1

PRECIPITATION (IN)
  TODAY            0.46          0.13   0.33     2.63
  MONTH TO DATE    3.67          4.79  -1.12     6.37
  SINCE JUN 1     10.70         14.35  -3.65    12.50
  SINCE JAN 1     23.67         33.03  -9.36    24.94

DEGREE DAYS
 HEATING
  TODAY            0             0      0       MM
  MONTH TO DATE    0             0      0        0
  SINCE JUN 1      0             1     -1        0
  SINCE JUL 1      0             0      0        0

 COOLING
  TODAY           15            14      1       MM
  MONTH TO DATE  583           477    106      504
  SINCE JUN 1   1830          1441    389     1699
  SINCE JAN 1   2352          1798    554     2247
......................................................


WIND (MPH)
  HIGHEST WIND SPEED    13   HIGHEST WIND DIRECTION    SE (130)
  HIGHEST GUST SPEED    22   HIGHEST GUST DIRECTION     E (90)
  AVERAGE WIND SPEED     5.7


SKY COVER
  AVERAGE SKY COVER 0.3


WEATHER CONDITIONS
 THE FOLLOWING WEATHER WAS RECORDED TODAY.
  THUNDERSTORM
  HEAVY RAIN
  RAIN
  LIGHT RAIN
  FOG


RELATIVE HUMIDITY (PERCENT)
 HIGHEST    93           400 AM
 LOWEST     55          1000 AM

..........................................................


THE AUGUSTA DANIEL FIELD GA CLIMATE NORMALS FOR TOMORROW
                         NORMAL
 MAXIMUM TEMPERATURE (F)   88
 MINIMUM TEMPERATURE (F)   70


SUNRISE AND SUNSET
AUGUST 30 2016........SUNRISE   701 AM EDT   SUNSET   755 PM EDT
AUGUST 31 2016........SUNRISE   702 AM EDT   SUNSET   754 PM EDT


-  INDICATES NEGATIVE NUMBERS.
R  INDICATES RECORD WAS SET OR TIED.
MM INDICATES DATA IS MISSING.
T  INDICATES TRACE AMOUNT.




$$
