000
CDUS42 KCAE 030643
CLIDNL


CLIMATE REPORT
NATIONAL WEATHER SERVICE COLUMBIA SC
243 AM EDT THU SEP 3 2015


...................................

...THE AUGUSTA DANIEL FIELD GA CLIMATE SUMMARY FOR SEPTEMBER 2 2015...

CLIMATE NORMAL PERIOD 1981 TO 2010
CLIMATE RECORD PERIOD 9999 TO 9999


WEATHER ITEM   OBSERVED TIME   NORMAL DEPARTURE LAST
                VALUE   (LST)  VALUE  FROM      YEAR
                                      NORMAL
......................................................
TEMPERATURE (F)
 YESTERDAY
  MAXIMUM         93    456 PM  88      5       96
  MINIMUM         74    538 AM  70      4       74
  AVERAGE         84            79      5       85

PRECIPITATION (IN)
  YESTERDAY        0.00          0.14  -0.14     0.17
  MONTH TO DATE    0.00          0.28  -0.28     0.22
  SINCE SEP 1      0.00          0.28  -0.28     0.22
  SINCE JAN 1     24.94         33.44  -8.50    28.71

DEGREE DAYS
 HEATING
  YESTERDAY        0             0      0        0
  MONTH TO DATE    0             0      0        0
  SINCE SEP 1      0             0      0        0
  SINCE JUL 1      0             0      0        0

 COOLING
  YESTERDAY       19            14      5       20
  MONTH TO DATE   36            28      8       41
  SINCE SEP 1     36            28      8       41
  SINCE JAN 1   2283          1839    444     2112
......................................................


WIND (MPH)
  HIGHEST WIND SPEED    14   HIGHEST WIND DIRECTION     S (190)
  HIGHEST GUST SPEED    18   HIGHEST GUST DIRECTION     S (180)
  AVERAGE WIND SPEED     2.0


SKY COVER
  AVERAGE SKY COVER 0.2


WEATHER CONDITIONS
 THE FOLLOWING WEATHER WAS RECORDED YESTERDAY.
  NO SIGNIFICANT WEATHER WAS OBSERVED.


RELATIVE HUMIDITY (PERCENT)
 HIGHEST    93           500 AM
 LOWEST     47           200 PM

..........................................................


THE AUGUSTA DANIEL FIELD GA CLIMATE NORMALS FOR TODAY
                         NORMAL    RECORD    YEAR
 MAXIMUM TEMPERATURE (F)   88        MM        MM
 MINIMUM TEMPERATURE (F)   69        MM        MM


SUNRISE AND SUNSET
SEPTEMBER  3 2015.....SUNRISE   703 AM EDT   SUNSET   751 PM EDT
SEPTEMBER  4 2015.....SUNRISE   704 AM EDT   SUNSET   750 PM EDT


-  INDICATES NEGATIVE NUMBERS.
R  INDICATES RECORD WAS SET OR TIED.
MM INDICATES DATA IS MISSING.
T  INDICATES TRACE AMOUNT.




$$
