000
CDUS43 KLOT 290634
CLIDPA


CLIMATE REPORT
NATIONAL WEATHER SERVICE CHICAGO IL
133 AM CDT FRI MAY 29 2015


...................................

...THE DU PAGE  AIRPORT CLIMATE SUMMARY FOR MAY 28 2015...

CLIMATE NORMAL PERIOD 1981 TO 2010
CLIMATE RECORD PERIOD 1997 TO 2015


WEATHER ITEM   OBSERVED TIME   RECORD YEAR NORMAL DEPARTURE LAST
                VALUE   (LST)  VALUE       VALUE  FROM      YEAR
                                                  NORMAL
..................................................................
TEMPERATURE (F)
 YESTERDAY
  MAXIMUM         83    329 PM  92    2012  75      8       76
  MINIMUM         52    450 AM  44    2004  52      0       55
  AVERAGE         68                        64      4       66

PRECIPITATION (IN)
  YESTERDAY        0.00          0.29        0.13  -0.13     0.13
  MONTH TO DATE    4.08                      4.18  -0.10     3.89
  SINCE MAR 1      8.82                      9.89  -1.07     6.42
  SINCE JAN 1     10.65                     12.62  -1.97     7.64

SNOWFALL (IN)
  YESTERDAY        0.0
  MONTH TO DATE    0.0
  SINCE JUL 1     32.2

DEGREE DAYS
 HEATING
  YESTERDAY        0                         4     -4        0
  MONTH TO DATE  165                       203    -38      205
  SINCE MAR 1   1574                      1514     60     1802
  SINCE JUL 1   6766                      6269    497     7578

 COOLING
  YESTERDAY        3                         2      1        1
  MONTH TO DATE   46                        33     13       60
  SINCE MAR 1     46                        37      9       60
  SINCE JAN 1     46                        37      9       60
..................................................................


WIND (MPH)
  RESULTANT WIND SPEED   5   RESULTANT WIND DIRECTION  SE (140)
  HIGHEST WIND SPEED    17   HIGHEST WIND DIRECTION    SE (140)
  HIGHEST GUST SPEED    22   HIGHEST GUST DIRECTION     S (180)
  AVERAGE WIND SPEED     5.8



WEATHER CONDITIONS
 THE FOLLOWING WEATHER WAS RECORDED YESTERDAY.
  FOG


..........................................................


THE DU PAGE  AIRPORT CLIMATE NORMALS FOR TODAY
                         NORMAL    RECORD    YEAR
 MAXIMUM TEMPERATURE (F)   75        90      2006
 MINIMUM TEMPERATURE (F)   52        40      2008


SUNRISE AND SUNSET
MAY 29 2015...........SUNRISE   522 AM CDT   SUNSET   819 PM CDT
MAY 30 2015...........SUNRISE   521 AM CDT   SUNSET   820 PM CDT


-  INDICATES NEGATIVE NUMBERS.
R  INDICATES RECORD WAS SET OR TIED.
MM INDICATES DATA IS MISSING.
T  INDICATES TRACE AMOUNT.




$$
