000
CDUS43 KLOT 130633
CLIDPA


CLIMATE REPORT
NATIONAL WEATHER SERVICE CHICAGO IL
1232 AM CST SAT FEB 13 2016


...................................

...THE DU PAGE  AIRPORT CLIMATE SUMMARY FOR FEBRUARY 12 2016...

CLIMATE NORMAL PERIOD 1981 TO 2010
CLIMATE RECORD PERIOD 1997 TO 2016


WEATHER ITEM   OBSERVED TIME   RECORD YEAR NORMAL DEPARTURE LAST
                VALUE   (LST)  VALUE       VALUE  FROM      YEAR
                                                  NORMAL
..................................................................
TEMPERATURE (F)
 YESTERDAY
  MAXIMUM         22    329 PM  53    2005  35    -13       17
  MINIMUM          6   1159 PM -12    2014  19    -13        3
  AVERAGE         14                        27    -13       10

PRECIPITATION (IN)
  YESTERDAY        T             0.06        0.06  -0.06      T
  MONTH TO DATE    1.41                      0.51   0.90     0.76
  SINCE DEC 1      7.20                      3.54   3.66     2.21
  SINCE JAN 1      2.10                      1.82   0.28     1.63

SNOWFALL (IN)
  YESTERDAY       MM
  MONTH TO DATE    0.3
  SINCE JUL 1     17.0

DEGREE DAYS
 HEATING
  YESTERDAY       51                        38     13       55
  MONTH TO DATE  480                       472      8      559
  SINCE DEC 1   2582                      2933   -351     2959
  SINCE JUL 1   3659                      4187   -528     4418

 COOLING
  YESTERDAY        0                         0      0        0
  MONTH TO DATE    0                         0      0        0
  SINCE DEC 1      0                         0      0        0
  SINCE JAN 1      0                         0      0        0
..................................................................


WIND (MPH)
  RESULTANT WIND SPEED  13   RESULTANT WIND DIRECTION  NW (310)
  HIGHEST WIND SPEED    28   HIGHEST WIND DIRECTION    NW (320)
  HIGHEST GUST SPEED    33   HIGHEST GUST DIRECTION    NW (300)
  AVERAGE WIND SPEED    15.4



WEATHER CONDITIONS
 THE FOLLOWING WEATHER WAS RECORDED YESTERDAY.
  LIGHT SNOW


..........................................................


THE DU PAGE  AIRPORT CLIMATE NORMALS FOR TODAY
                         NORMAL    RECORD    YEAR
 MAXIMUM TEMPERATURE (F)   36        45      2001
 MINIMUM TEMPERATURE (F)   19        -2      2015


SUNRISE AND SUNSET
FEBRUARY 13 2016......SUNRISE   652 AM CST   SUNSET   523 PM CST
FEBRUARY 14 2016......SUNRISE   651 AM CST   SUNSET   524 PM CST


-  INDICATES NEGATIVE NUMBERS.
R  INDICATES RECORD WAS SET OR TIED.
MM INDICATES DATA IS MISSING.
T  INDICATES TRACE AMOUNT.




$$
