000
CDUS43 KLOT 280632
CLIDPA


CLIMATE REPORT
NATIONAL WEATHER SERVICE CHICAGO IL
131 AM CDT SAT MAY 28 2016


...................................

...THE DU PAGE  AIRPORT CLIMATE SUMMARY FOR MAY 27 2016...

CLIMATE NORMAL PERIOD 1981 TO 2010
CLIMATE RECORD PERIOD 1997 TO 2016


WEATHER ITEM   OBSERVED TIME   RECORD YEAR NORMAL DEPARTURE LAST
                VALUE   (LST)  VALUE       VALUE  FROM      YEAR
                                                  NORMAL
..................................................................
TEMPERATURE (F)
 YESTERDAY
  MAXIMUM         82    113 PM  96    2012  75      7       75
  MINIMUM         67    511 AM  43    2008  52     15       56
  AVERAGE         75                        63     12       66

PRECIPITATION (IN)
  YESTERDAY        0.35          0.59        0.13   0.22      T
  MONTH TO DATE    5.48                      4.05   1.43     4.08
  SINCE MAR 1     11.40                      9.76   1.64     8.82
  SINCE JAN 1     13.60                     12.49   1.11    10.65

SNOWFALL (IN)
  YESTERDAY        0.0
  MONTH TO DATE    0.0
  SINCE JUL 1     21.6

DEGREE DAYS
 HEATING
  YESTERDAY        0                         4     -4        0
  MONTH TO DATE  233                       199     34      165
  SINCE MAR 1   1424                      1510    -86     1574
  SINCE JUL 1   5627                      6265   -638     6766

 COOLING
  YESTERDAY       10                         2      8        1
  MONTH TO DATE   36                        31      5       43
  SINCE MAR 1     42                        35      7       43
  SINCE JAN 1     42                        35      7       43
..................................................................


WIND (MPH)
  RESULTANT WIND SPEED  10   RESULTANT WIND DIRECTION   S (170)
  HIGHEST WIND SPEED    25   HIGHEST WIND DIRECTION     S (180)
  HIGHEST GUST SPEED    34   HIGHEST GUST DIRECTION     S (190)
  AVERAGE WIND SPEED    11.3



WEATHER CONDITIONS
 THE FOLLOWING WEATHER WAS RECORDED YESTERDAY.
  HEAVY RAIN
  RAIN
  LIGHT RAIN
  FOG
  HAZE


..........................................................


THE DU PAGE  AIRPORT CLIMATE NORMALS FOR TODAY
                         NORMAL    RECORD    YEAR
 MAXIMUM TEMPERATURE (F)   75        92      2012
 MINIMUM TEMPERATURE (F)   52        44      2004


SUNRISE AND SUNSET
MAY 28 2016...........SUNRISE   522 AM CDT   SUNSET   819 PM CDT
MAY 29 2016...........SUNRISE   522 AM CDT   SUNSET   820 PM CDT


-  INDICATES NEGATIVE NUMBERS.
R  INDICATES RECORD WAS SET OR TIED.
MM INDICATES DATA IS MISSING.
T  INDICATES TRACE AMOUNT.




$$
