000
CDUS43 KLOT 020641
CLIDPA


CLIMATE REPORT
NATIONAL WEATHER SERVICE CHICAGO IL
141 AM CDT THU JUL 2 2015


...................................

...THE DU PAGE  AIRPORT CLIMATE SUMMARY FOR JULY 1 2015...

CLIMATE NORMAL PERIOD 1981 TO 2010
CLIMATE RECORD PERIOD 1997 TO 2015


WEATHER ITEM   OBSERVED TIME   RECORD YEAR NORMAL DEPARTURE LAST
                VALUE   (LST)  VALUE       VALUE  FROM      YEAR
                                                  NORMAL
..................................................................
TEMPERATURE (F)
 YESTERDAY
  MAXIMUM         73    230 PM  91    2012  85    -12       80
                                      2002
  MINIMUM         51   1159 PM  48    2001  62    -11       66
  AVERAGE         62                        74    -12       73

PRECIPITATION (IN)
  YESTERDAY        0.00          1.19        0.07  -0.07      T
  MONTH TO DATE    0.00                      0.07  -0.07      T
  SINCE JUN 1      8.01                      3.96   4.05     6.94
  SINCE JAN 1     19.00                     16.98   2.02    14.58

SNOWFALL (IN)
  YESTERDAY        0.0
  MONTH TO DATE    0.0
  SINCE JUL 1      0.0

DEGREE DAYS
 HEATING
  YESTERDAY        3                         0      3        0
  MONTH TO DATE    3                         0      3        0
  SINCE JUN 1     37                        36      1       18
  SINCE JUL 1      3                         0      3        0

 COOLING
  YESTERDAY        0                         9     -9        8
  MONTH TO DATE    0                         9     -9        8
  SINCE JUN 1    120                       187    -67      217
  SINCE JAN 1    174                       233    -59      286
..................................................................


WIND (MPH)
  RESULTANT WIND SPEED   7   RESULTANT WIND DIRECTION  NE (50)
  HIGHEST WIND SPEED    16   HIGHEST WIND DIRECTION     E (70)
  HIGHEST GUST SPEED    19   HIGHEST GUST DIRECTION     E (80)
  AVERAGE WIND SPEED     7.0



WEATHER CONDITIONS
 THE FOLLOWING WEATHER WAS RECORDED YESTERDAY.
  NO SIGNIFICANT WEATHER WAS OBSERVED.


..........................................................


THE DU PAGE  AIRPORT CLIMATE NORMALS FOR TODAY
                         NORMAL    RECORD    YEAR
 MAXIMUM TEMPERATURE (F)   85        95      2012
 MINIMUM TEMPERATURE (F)   62        42      2001


SUNRISE AND SUNSET
JULY  2 2015..........SUNRISE   522 AM CDT   SUNSET   832 PM CDT
JULY  3 2015..........SUNRISE   522 AM CDT   SUNSET   832 PM CDT


-  INDICATES NEGATIVE NUMBERS.
R  INDICATES RECORD WAS SET OR TIED.
MM INDICATES DATA IS MISSING.
T  INDICATES TRACE AMOUNT.




$$
