000
CDUS45 KGJT 210827
CLIDRO


CLIMATE REPORT
NATIONAL WEATHER SERVICE GRAND JUNCTION CO
124 AM MST TUE NOV 21 2017


...................................

...THE DURANGO AIRPORT CO CLIMATE SUMMARY FOR NOVEMBER 20 2017...

CLIMATE NORMAL PERIOD 1981 TO 2010
CLIMATE RECORD PERIOD 9999 TO 9999


WEATHER ITEM   OBSERVED TIME   RECORD YEAR NORMAL DEPARTURE LAST
                VALUE   (LST)  VALUE       VALUE  FROM      YEAR
                                                  NORMAL
..................................................................
TEMPERATURE (F)
 YESTERDAY
  MAXIMUM         50    227 PM  MM      MM  47      3       58
  MINIMUM         13    542 AM  MM      MM  21     -8       25
  AVERAGE         32                        34     -2       42

PRECIPITATION (IN)
  YESTERDAY        0.00         MM      MM   0.06  -0.06     0.11
  MONTH TO DATE    0.13                      1.17  -1.04     0.89
  SINCE SEP 1      1.54                      4.42  -2.88     2.82
  SINCE JAN 1      9.25                     14.39  -5.14     9.93

SNOWFALL (IN)
  YESTERDAY       MM            MM      MM  MM     MM       MM
  MONTH TO DATE   MM                        MM     MM       MM
  SINCE SEP 1     MM                        MM     MM       MM
  SINCE JUL 1     MM                        MM     MM       MM
  SNOW DEPTH      MM

DEGREE DAYS
 HEATING
  YESTERDAY       33                        31      2       23
  MONTH TO DATE  488                       554    -66      441
  SINCE SEP 1   1209                      1313   -104     1098
  SINCE JUL 1   1220                      1342   -122     1145

 COOLING
  YESTERDAY        0                         0      0        0
  MONTH TO DATE    0                         0      0        0
  SINCE SEP 1     42                         6     36        6
  SINCE JAN 1    351                       243    108      319
..................................................................


WIND (MPH)
  HIGHEST WIND SPEED    12   HIGHEST WIND DIRECTION     N (10)
  HIGHEST GUST SPEED    12   HIGHEST GUST DIRECTION     S (170)
  AVERAGE WIND SPEED     3.3


SKY COVER
  POSSIBLE SUNSHINE  MM
  AVERAGE SKY COVER 0.0


WEATHER CONDITIONS
 THE FOLLOWING WEATHER WAS RECORDED YESTERDAY.
  NO SIGNIFICANT WEATHER WAS OBSERVED.


RELATIVE HUMIDITY (PERCENT)
 HIGHEST    80           300 AM
 LOWEST     21           300 PM
 AVERAGE    51

..........................................................


THE DURANGO AIRPORT CO CLIMATE NORMALS FOR TODAY
                         NORMAL    RECORD    YEAR
 MAXIMUM TEMPERATURE (F)   47        MM        MM
 MINIMUM TEMPERATURE (F)   20        MM        MM


SUNRISE AND SUNSET
NOVEMBER 21 2017......SUNRISE   656 AM MST   SUNSET   457 PM MST
NOVEMBER 22 2017......SUNRISE   657 AM MST   SUNSET   457 PM MST


-  INDICATES NEGATIVE NUMBERS.
R  INDICATES RECORD WAS SET OR TIED.
MM INDICATES DATA IS MISSING.
T  INDICATES TRACE AMOUNT.




$$
