000
CDUS45 KGJT 272359
CLIDRO


CLIMATE REPORT
NATIONAL WEATHER SERVICE GRAND JUNCTION CO
530 PM MDT WED AUG 27 2014


...................................

...THE DURANGO AIRPORT CO CLIMATE SUMMARY FOR AUGUST 27 2014...
VALID TODAY AS OF 0500 PM LOCAL TIME.

CLIMATE NORMAL PERIOD 1981 TO 2010
CLIMATE RECORD PERIOD 9999 TO 9999


WEATHER ITEM   OBSERVED TIME   RECORD YEAR NORMAL DEPARTURE LAST
                VALUE   (LST)  VALUE       VALUE  FROM      YEAR
                                                  NORMAL
..................................................................
TEMPERATURE (F)
 TODAY
  MAXIMUM         70    400 PM  MM      MM  81    -11       83
  MINIMUM         50        MM  MM      MM  49      1       55
  AVERAGE         60                        65     -5       69

PRECIPITATION (IN)
  TODAY            T            MM      MM   0.08  -0.08      T
  MONTH TO DATE    1.93                      1.85   0.08     2.35
  SINCE JUN 1      3.23                      4.21  -0.98     4.44
  SINCE JAN 1      5.63                      9.64  -4.01     8.19

SNOWFALL (IN)
  TODAY           MM            MM      MM  MM     MM       MM
  MONTH TO DATE   MM                        MM     MM       MM
  SINCE JUN 1     MM                        MM     MM       MM
  SINCE JUL 1     MM                        MM     MM       MM
  SNOW DEPTH      MM

DEGREE DAYS
 HEATING
  TODAY            5                         1      4        0
  MONTH TO DATE   18                        10      8       13
  SINCE JUN 1    106                       135    -29       53
  SINCE JUL 1     18                        20     -2       13

 COOLING
  TODAY            0                         1     -1        4
  MONTH TO DATE   68                        81    -13       78
  SINCE JUN 1    287                       231     56      324
  SINCE JAN 1    292                       232     60      324
..................................................................


WIND (MPH)
  HIGHEST WIND SPEED    16   HIGHEST WIND DIRECTION     W (270)
  HIGHEST GUST SPEED    24   HIGHEST GUST DIRECTION    SW (240)
  AVERAGE WIND SPEED     6.8


SKY COVER
  POSSIBLE SUNSHINE  MM
  AVERAGE SKY COVER 0.6


WEATHER CONDITIONS
 THE FOLLOWING WEATHER WAS RECORDED TODAY.
  LIGHT RAIN
  FOG
  FOG W/VISIBILITY <= 1/4 MILE


RELATIVE HUMIDITY (PERCENT)
 HIGHEST   100           300 AM
 LOWEST     33           400 PM
 AVERAGE    67

..........................................................


THE DURANGO AIRPORT CO CLIMATE NORMALS FOR TOMORROW
                         NORMAL    RECORD    YEAR
 MAXIMUM TEMPERATURE (F)   81        MM        MM
 MINIMUM TEMPERATURE (F)   49        MM        MM


SUNRISE AND SUNSET
AUGUST 27 2014........SUNRISE   638 AM MDT   SUNSET   747 PM MDT
AUGUST 28 2014........SUNRISE   638 AM MDT   SUNSET   745 PM MDT


-  INDICATES NEGATIVE NUMBERS.
R  INDICATES RECORD WAS SET OR TIED.
MM INDICATES DATA IS MISSING.
T  INDICATES TRACE AMOUNT.




$$
