000
CDUS45 KGJT 062332
CLIDRO


CLIMATE REPORT
NATIONAL WEATHER SERVICE GRAND JUNCTION CO
530 PM MDT FRI MAY 6 2016


...................................

...THE DURANGO AIRPORT CO CLIMATE SUMMARY FOR MAY 6 2016...
VALID TODAY AS OF 0500 PM LOCAL TIME.

CLIMATE NORMAL PERIOD 1981 TO 2010
CLIMATE RECORD PERIOD 9999 TO 9999


WEATHER ITEM   OBSERVED TIME   RECORD YEAR NORMAL DEPARTURE LAST
                VALUE   (LST)  VALUE       VALUE  FROM      YEAR
                                                  NORMAL
..................................................................
TEMPERATURE (F)
 TODAY
  MAXIMUM         74   1254 PM  MM      MM  67      7       62
  MINIMUM         49    513 AM  MM      MM  33     16       42
  AVERAGE         62                        50     12       52

PRECIPITATION (IN)
  TODAY            T            MM      MM   0.04  -0.04     0.20
  MONTH TO DATE    0.48                      0.26   0.22     1.09
  SINCE MAR 1      1.38                      2.61  -1.23     2.30
  SINCE JAN 1      2.76                      4.89  -2.13     5.57

SNOWFALL (IN)
  TODAY           MM            MM      MM  MM     MM       MM
  MONTH TO DATE   MM                        MM     MM       MM
  SINCE MAR 1     MM                        MM     MM       MM
  SINCE JUL 1     MM                        MM     MM       MM
  SNOW DEPTH      MM

DEGREE DAYS
 HEATING
  TODAY            3                        15    -12       13
  MONTH TO DATE   93                        94     -1       68
  SINCE MAR 1   1529                      1555    -26     1369
  SINCE JUL 1   6818                      6730     88     5818

 COOLING
  TODAY            0                         0      0        0
  MONTH TO DATE    0                         0      0        0
  SINCE MAR 1      0                         0      0        0
  SINCE JAN 1      0                         0      0        0
..................................................................


WIND (MPH)
  HIGHEST WIND SPEED    37   HIGHEST WIND DIRECTION     S (170)
  HIGHEST GUST SPEED    56   HIGHEST GUST DIRECTION     S (170)
  AVERAGE WIND SPEED    14.3


SKY COVER
  POSSIBLE SUNSHINE  MM
  AVERAGE SKY COVER 0.5


WEATHER CONDITIONS
 THE FOLLOWING WEATHER WAS RECORDED TODAY.
  LIGHT RAIN


RELATIVE HUMIDITY (PERCENT)
 HIGHEST    50           600 AM
 LOWEST     12           200 PM
 AVERAGE    31

..........................................................


THE DURANGO AIRPORT CO CLIMATE NORMALS FOR TOMORROW
                         NORMAL    RECORD    YEAR
 MAXIMUM TEMPERATURE (F)   67        MM        MM
 MINIMUM TEMPERATURE (F)   33        MM        MM


SUNRISE AND SUNSET
MAY  6 2016...........SUNRISE   610 AM MDT   SUNSET   805 PM MDT
MAY  7 2016...........SUNRISE   609 AM MDT   SUNSET   806 PM MDT


-  INDICATES NEGATIVE NUMBERS.
R  INDICATES RECORD WAS SET OR TIED.
MM INDICATES DATA IS MISSING.
T  INDICATES TRACE AMOUNT.




$$
