000
CDUS45 KGJT 300736
CLIDRO


CLIMATE REPORT
NATIONAL WEATHER SERVICE GRAND JUNCTION CO
133 AM MDT FRI SEP 30 2016


...................................

...THE DURANGO AIRPORT CO CLIMATE SUMMARY FOR SEPTEMBER 29 2016...

CLIMATE NORMAL PERIOD 1981 TO 2010
CLIMATE RECORD PERIOD 9999 TO 9999


WEATHER ITEM   OBSERVED TIME   RECORD YEAR NORMAL DEPARTURE LAST
                VALUE   (LST)  VALUE       VALUE  FROM      YEAR
                                                  NORMAL
..................................................................
TEMPERATURE (F)
 YESTERDAY
  MAXIMUM         61   1208 PM  MM      MM  70     -9       80
  MINIMUM         51    457 AM  MM      MM  37     14       41
  AVERAGE         56                        54      2       61

PRECIPITATION (IN)
  YESTERDAY        0.13         MM      MM   0.04   0.09      T
  MONTH TO DATE    1.14                      1.86  -0.72     2.53
  SINCE SEP 1      1.14                      1.86  -0.72     2.53
  SINCE JAN 1      8.25                     11.83  -3.58    14.48

SNOWFALL (IN)
  YESTERDAY       MM            MM      MM  MM     MM       MM
  MONTH TO DATE   MM                        MM     MM       MM
  SINCE SEP 1     MM                        MM     MM       MM
  SINCE JUL 1     MM                        MM     MM       MM
  SNOW DEPTH      MM

DEGREE DAYS
 HEATING
  YESTERDAY        9                        11     -2        4
  MONTH TO DATE  189                       182      7      103
  SINCE SEP 1    189                       182      7      103
  SINCE JUL 1    236                       211     25      121

 COOLING
  YESTERDAY        0                         0      0        0
  MONTH TO DATE    6                         3      3        6
  SINCE SEP 1      6                         3      3        6
  SINCE JAN 1    319                       240     79      262
..................................................................


WIND (MPH)
  HIGHEST WIND SPEED    16   HIGHEST WIND DIRECTION     N (10)
  HIGHEST GUST SPEED    19   HIGHEST GUST DIRECTION     N (10)
  AVERAGE WIND SPEED     3.5


SKY COVER
  POSSIBLE SUNSHINE  MM
  AVERAGE SKY COVER 0.8


WEATHER CONDITIONS
 THE FOLLOWING WEATHER WAS RECORDED YESTERDAY.
  HEAVY RAIN
  RAIN
  LIGHT RAIN


RELATIVE HUMIDITY (PERCENT)
 HIGHEST    93          1000 PM
 LOWEST     51          1200 AM
 AVERAGE    72

..........................................................


THE DURANGO AIRPORT CO CLIMATE NORMALS FOR TODAY
                         NORMAL    RECORD    YEAR
 MAXIMUM TEMPERATURE (F)   70        MM        MM
 MINIMUM TEMPERATURE (F)   37        MM        MM


SUNRISE AND SUNSET
SEPTEMBER 30 2016.....SUNRISE   706 AM MDT   SUNSET   655 PM MDT
OCTOBER  1 2016.......SUNRISE   707 AM MDT   SUNSET   653 PM MDT


-  INDICATES NEGATIVE NUMBERS.
R  INDICATES RECORD WAS SET OR TIED.
MM INDICATES DATA IS MISSING.
T  INDICATES TRACE AMOUNT.




$$
