000
CDUS44 KEWX 240737
CLIDRT


CLIMATE REPORT
NATIONAL WEATHER SERVICE AUSTIN/SAN ANTONIO, TX
236 AM CDT THU APR 24 2014


...................................

...THE DEL RIO CLIMATE SUMMARY FOR APRIL 23 2014...

CLIMATE NORMAL PERIOD 1981 TO 2010
CLIMATE RECORD PERIOD 1906 TO 2014


WEATHER ITEM   OBSERVED TIME   RECORD YEAR NORMAL DEPARTURE LAST
                VALUE   (LST)  VALUE       VALUE  FROM      YEAR
                                                  NORMAL
..................................................................
TEMPERATURE (F)
 YESTERDAY
  MAXIMUM         94    303 PM  99    2000  85      9       77
                                      1958
                                      1937
  MINIMUM         69    641 AM  45    1910  62      7       60
                                      1907
  AVERAGE         82                        73      9       69

PRECIPITATION (IN)
  YESTERDAY        T             2.90 1981   0.06  -0.06     0.00
  MONTH TO DATE    0.08                      1.18  -1.10     0.36
  SINCE MAR 1      0.40                      2.32  -1.92     0.42
  SINCE JAN 1      0.62                      3.92  -3.30     1.75

SNOWFALL (IN)
  YESTERDAY        0.0
  MONTH TO DATE    0.0
  SINCE MAR 1      0.0
  SINCE JUL 1      0.0

DEGREE DAYS
 HEATING
  YESTERDAY        0                         0      0        0
  MONTH TO DATE   14                        24    -10       17
  SINCE MAR 1    148                       138     10      109
  SINCE JUL 1   1555                      1374    181     1002

 COOLING
  YESTERDAY       17                         9      8        4
  MONTH TO DATE  188                       155     33      180
  SINCE MAR 1    272                       242     30      328
  SINCE JAN 1    317                       261     56      367
..................................................................


WIND (MPH)
  HIGHEST WIND SPEED    29   HIGHEST WIND DIRECTION    SE (150)
  HIGHEST GUST SPEED    34   HIGHEST GUST DIRECTION    SE (150)
  AVERAGE WIND SPEED    12.8


SKY COVER
  AVERAGE SKY COVER 0.1


WEATHER CONDITIONS
 THE FOLLOWING WEATHER WAS RECORDED YESTERDAY.
  LIGHT RAIN


RELATIVE HUMIDITY (PERCENT)
 HIGHEST    79           800 AM
 LOWEST     30           200 PM
 AVERAGE    55

..........................................................


THE DEL RIO CLIMATE NORMALS FOR TODAY
                         NORMAL    RECORD    YEAR
 MAXIMUM TEMPERATURE (F)   85        99      1978
 MINIMUM TEMPERATURE (F)   62        46      1968


SUNRISE AND SUNSET
APRIL 24 2014.........SUNRISE   708 AM CDT   SUNSET   816 PM CDT
APRIL 25 2014.........SUNRISE   707 AM CDT   SUNSET   816 PM CDT


-  INDICATES NEGATIVE NUMBERS.
R  INDICATES RECORD WAS SET OR TIED.
MM INDICATES DATA IS MISSING.
T  INDICATES TRACE AMOUNT.




$$
