000
CDUS44 KEWX 280713
CLIDRT


CLIMATE REPORT
NATIONAL WEATHER SERVICE AUSTIN/SAN ANTONIO, TX
111 AM CST FRI NOV 28 2014


...................................

...THE DEL RIO CLIMATE SUMMARY FOR NOVEMBER 27 2014...

CLIMATE NORMAL PERIOD 1981 TO 2010
CLIMATE RECORD PERIOD 1906 TO 2014


WEATHER ITEM   OBSERVED TIME   RECORD YEAR NORMAL DEPARTURE LAST
                VALUE   (LST)  VALUE       VALUE  FROM      YEAR
                                                  NORMAL
..................................................................
TEMPERATURE (F)
 YESTERDAY
  MAXIMUM         69    443 PM  87    2005  68      1       58
  MINIMUM         39    735 AM  25    1993  45     -6       34
  AVERAGE         54                        56     -2       46

PRECIPITATION (IN)
  YESTERDAY        0.00          0.82 1943   0.03  -0.03     0.00
  MONTH TO DATE    3.26                      0.86   2.40     0.66
  SINCE SEP 1      8.73                      5.29   3.44     6.50
  SINCE JAN 1     15.90                     18.80  -2.90    14.99

SNOWFALL (IN)
  YESTERDAY        0.0
  MONTH TO DATE    0.0
  SINCE SEP 1      0.0
  SINCE JUL 1      0.0

DEGREE DAYS
 HEATING
  YESTERDAY       11                         9      2       19
  MONTH TO DATE  258                       144    114      184
  SINCE SEP 1    258                       168     90      193
  SINCE JUL 1    258                       168     90      193

 COOLING
  YESTERDAY        0                         0      0        0
  MONTH TO DATE    7                        47    -40       42
  SINCE SEP 1    799                       737     62      801
  SINCE JAN 1   3688                      3372    316     3741
..................................................................


WIND (MPH)
  HIGHEST WIND SPEED    14   HIGHEST WIND DIRECTION    SE (130)
  HIGHEST GUST SPEED    18   HIGHEST GUST DIRECTION    SE (120)
  AVERAGE WIND SPEED     5.5


SKY COVER
  AVERAGE SKY COVER 0.0


WEATHER CONDITIONS
 THE FOLLOWING WEATHER WAS RECORDED YESTERDAY.
  NO SIGNIFICANT WEATHER WAS OBSERVED.


RELATIVE HUMIDITY (PERCENT)
 HIGHEST    92           700 AM
 LOWEST     28           400 PM
 AVERAGE    60

..........................................................


THE DEL RIO CLIMATE NORMALS FOR TODAY
                         NORMAL    RECORD    YEAR
 MAXIMUM TEMPERATURE (F)   68        95      1949
 MINIMUM TEMPERATURE (F)   44        25      1959


SUNRISE AND SUNSET
NOVEMBER 28 2014......SUNRISE   718 AM CST   SUNSET   545 PM CST
NOVEMBER 29 2014......SUNRISE   719 AM CST   SUNSET   545 PM CST


-  INDICATES NEGATIVE NUMBERS.
R  INDICATES RECORD WAS SET OR TIED.
MM INDICATES DATA IS MISSING.
T  INDICATES TRACE AMOUNT.




$$
