000
CDUS44 KEWX 220722
CLIDRT


CLIMATE REPORT
NATIONAL WEATHER SERVICE AUSTIN/SAN ANTONIO, TX
222 AM CDT FRI MAY 22 2015


...................................

...THE DEL RIO CLIMATE SUMMARY FOR MAY 21 2015...

CLIMATE NORMAL PERIOD 1981 TO 2010
CLIMATE RECORD PERIOD 1906 TO 2015


WEATHER ITEM   OBSERVED TIME   RECORD YEAR NORMAL DEPARTURE LAST
                VALUE   (LST)  VALUE       VALUE  FROM      YEAR
                                                  NORMAL
..................................................................
TEMPERATURE (F)
 YESTERDAY
  MAXIMUM         77   1115 AM 107    1953  91    -14       94
  MINIMUM         66    644 AM  57    1947  69     -3       74
  AVERAGE         72                        80     -8       84

PRECIPITATION (IN)
  YESTERDAY        0.20          1.63 1978   0.10   0.10     0.00
  MONTH TO DATE    4.67                      1.79   2.88     0.10
  SINCE MAR 1      8.59                      4.58   4.01     0.50
  SINCE JAN 1      9.58                      6.18   3.40     0.72

SNOWFALL (IN)
  YESTERDAY        0.0
  MONTH TO DATE    0.0
  SINCE MAR 1      0.0
  SINCE JUL 1      0.0

DEGREE DAYS
 HEATING
  YESTERDAY        0                         0      0        0
  MONTH TO DATE    0                         0      0        4
  SINCE MAR 1    148                       139      9      152
  SINCE JUL 1   1475                      1375    100     1559

 COOLING
  YESTERDAY        7                        15     -8       19
  MONTH TO DATE  253                       269    -16      263
  SINCE MAR 1    544                       579    -35      638
  SINCE JAN 1    559                       598    -39      683
..................................................................


WIND (MPH)
  HIGHEST WIND SPEED    20   HIGHEST WIND DIRECTION     E (110)
  HIGHEST GUST SPEED    25   HIGHEST GUST DIRECTION     E (110)
  AVERAGE WIND SPEED     6.2


SKY COVER
  AVERAGE SKY COVER 0.9


WEATHER CONDITIONS
 THE FOLLOWING WEATHER WAS RECORDED YESTERDAY.
  RAIN
  LIGHT RAIN
  FOG


RELATIVE HUMIDITY (PERCENT)
 HIGHEST    97           900 PM
 LOWEST     64          1100 AM
 AVERAGE    81

..........................................................


THE DEL RIO CLIMATE NORMALS FOR TODAY
                         NORMAL    RECORD    YEAR
 MAXIMUM TEMPERATURE (F)   91       102      1953
 MINIMUM TEMPERATURE (F)   69        53      2001


SUNRISE AND SUNSET
MAY 22 2015...........SUNRISE   648 AM CDT   SUNSET   833 PM CDT
MAY 23 2015...........SUNRISE   647 AM CDT   SUNSET   834 PM CDT


-  INDICATES NEGATIVE NUMBERS.
R  INDICATES RECORD WAS SET OR TIED.
MM INDICATES DATA IS MISSING.
T  INDICATES TRACE AMOUNT.




$$
