000
CDUS44 KDRT 060714
CLIDRT


CLIMATE REPORT
NATIONAL WEATHER SERVICE AUSTIN/SAN ANTONIO, TX
214 AM CDT FRI MAY 6 2016


...................................

...THE DEL RIO CLIMATE SUMMARY FOR MAY 5 2016...

CLIMATE NORMAL PERIOD 1981 TO 2010
CLIMATE RECORD PERIOD 1906 TO 2016


WEATHER ITEM   OBSERVED TIME   RECORD YEAR NORMAL DEPARTURE LAST
                VALUE   (LST)  VALUE       VALUE  FROM      YEAR
                                                  NORMAL
..................................................................
TEMPERATURE (F)
 YESTERDAY
  MAXIMUM         90    418 PM 104    1906  88      2       79
  MINIMUM         52    549 AM  48    1979  65    -13       69
  AVERAGE         71                        76     -5       74

PRECIPITATION (IN)
  YESTERDAY        0.00          1.33 1963   0.07  -0.07      T
  MONTH TO DATE    1.08                      0.36   0.72     0.06
  SINCE MAR 1      7.32                      3.15   4.17     3.98
  SINCE JAN 1      8.07                      4.75   3.32     4.97

SNOWFALL (IN)
  YESTERDAY        0.0
  MONTH TO DATE    0.0
  SINCE MAR 1      0.0
  SINCE JUL 1      T

DEGREE DAYS
 HEATING
  YESTERDAY        0                         0      0        0
  MONTH TO DATE    1                         0      1        0
  SINCE MAR 1     70                       139    -69      148
  SINCE JUL 1   1050                      1375   -325     1475

 COOLING
  YESTERDAY        6                        11     -5        9
  MONTH TO DATE   23                        55    -32       42
  SINCE MAR 1    343                       365    -22      333
  SINCE JAN 1    378                       384     -6      348
..................................................................


WIND (MPH)
  HIGHEST WIND SPEED    14   HIGHEST WIND DIRECTION    SE (130)
  HIGHEST GUST SPEED    23   HIGHEST GUST DIRECTION    SE (120)
  AVERAGE WIND SPEED     5.7


SKY COVER
  AVERAGE SKY COVER 0.0


WEATHER CONDITIONS
 THE FOLLOWING WEATHER WAS RECORDED YESTERDAY.
  NO SIGNIFICANT WEATHER WAS OBSERVED.


RELATIVE HUMIDITY (PERCENT)
 HIGHEST    83           600 AM
 LOWEST     14           400 PM
 AVERAGE    49

..........................................................


THE DEL RIO CLIMATE NORMALS FOR TODAY
                         NORMAL    RECORD    YEAR
 MAXIMUM TEMPERATURE (F)   88       107      2009
 MINIMUM TEMPERATURE (F)   65        52      1953
                                             1917


SUNRISE AND SUNSET
MAY  6 2016...........SUNRISE   657 AM CDT   SUNSET   824 PM CDT
MAY  7 2016...........SUNRISE   656 AM CDT   SUNSET   824 PM CDT


-  INDICATES NEGATIVE NUMBERS.
R  INDICATES RECORD WAS SET OR TIED.
MM INDICATES DATA IS MISSING.
T  INDICATES TRACE AMOUNT.




$$
