000
CDUS44 KEWX 212248
CLIDRT


CLIMATE REPORT
NATIONAL WEATHER SERVICE AUSTIN/SAN ANTONIO, TX
547 PM CDT THU AUG 21 2014


...................................

...THE DEL RIO CLIMATE SUMMARY FOR AUGUST 21 2014...
VALID TODAY AS OF 547 PM LOCAL TIME.

CLIMATE NORMAL PERIOD 1981 TO 2010
CLIMATE RECORD PERIOD 1906 TO 2014


WEATHER ITEM   OBSERVED TIME   RECORD YEAR NORMAL DEPARTURE LAST
                VALUE   (LST)  VALUE       VALUE  FROM      YEAR
                                                  NORMAL
..................................................................
TEMPERATURE (F)
 TODAY
  MAXIMUM        100    442 PM 105    1911  97      3       98
  MINIMUM         81    750 AM  65    1940  75      6       76
  AVERAGE         91                        86      5       87

PRECIPITATION (IN)
  TODAY            0.00          1.01 1919   0.08  -0.08     0.51
  MONTH TO DATE    0.78                      1.30  -0.52     0.51
  SINCE JUN 1      5.82                      5.43   0.39     5.04
  SINCE JAN 1      7.17                     12.63  -5.46     8.26

SNOWFALL (IN)
  TODAY            0.0
  MONTH TO DATE    0.0
  SINCE JUN 1      0.0
  SINCE JUL 1      0.0
  SNOW DEPTH       0

DEGREE DAYS
 HEATING
  TODAY            0                         0      0        0
  MONTH TO DATE    0                         0      0        0
  SINCE JUN 1      0                         0      0        0
  SINCE JUL 1      0                         0      0        0

 COOLING
  TODAY           26                        21      5       22
  MONTH TO DATE  471                       458     13      532
  SINCE JUN 1   1794                      1677    117     1818
  SINCE JAN 1   2644                      2436    208     2724
..................................................................


WIND (MPH)
  HIGHEST WIND SPEED    21   HIGHEST WIND DIRECTION    SE (150)
  HIGHEST GUST SPEED    27   HIGHEST GUST DIRECTION    SE (120)
  AVERAGE WIND SPEED    12.5



WEATHER CONDITIONS
 THE FOLLOWING WEATHER WAS RECORDED TODAY.
  NO SIGNIFICANT WEATHER WAS OBSERVED.


RELATIVE HUMIDITY (PERCENT)
 HIGHEST    69           400 AM
 LOWEST     35           400 PM
 AVERAGE    52

..........................................................


THE DEL RIO CLIMATE NORMALS FOR TOMORROW
                         NORMAL    RECORD    YEAR
 MAXIMUM TEMPERATURE (F)   97       104      1997
                                             1991
                                             1911
 MINIMUM TEMPERATURE (F)   75        64      1940


SUNRISE AND SUNSET
AUGUST 21 2014........SUNRISE   715 AM CDT   SUNSET   818 PM CDT
AUGUST 22 2014........SUNRISE   716 AM CDT   SUNSET   817 PM CDT


-  INDICATES NEGATIVE NUMBERS.
R  INDICATES RECORD WAS SET OR TIED.
MM INDICATES DATA IS MISSING.
T  INDICATES TRACE AMOUNT.




$$
