000
CDUS44 KEWX 230001
CLIDRT


CLIMATE REPORT
NATIONAL WEATHER SERVICE AUSTIN/SAN ANTONIO, TX
600 PM CST WED FEB 22 2017


...................................

...THE DEL RIO CLIMATE SUMMARY FOR FEBRUARY 22 2017...
VALID TODAY AS OF 0600 PM LOCAL TIME.

CLIMATE NORMAL PERIOD 1981 TO 2010
CLIMATE RECORD PERIOD 1906 TO 2017


WEATHER ITEM   OBSERVED TIME   RECORD YEAR NORMAL DEPARTURE LAST
                VALUE   (LST)  VALUE       VALUE  FROM      YEAR
                                                  NORMAL
..................................................................
TEMPERATURE (F)
 TODAY
  MAXIMUM         92    431 PM  98    1996  70     22       70
  MINIMUM         45    519 AM  26    1966  47     -2       59
                                      1953
  AVERAGE         69                        58     11       65

PRECIPITATION (IN)
  TODAY            0.00          2.53 1949   0.03  -0.03     0.03
  MONTH TO DATE    0.78                      0.66   0.12     0.05
  SINCE DEC 1      3.45                      2.03   1.42     1.07
  SINCE JAN 1      0.97                      1.38  -0.41     0.73

SNOWFALL (IN)
  TODAY            0.0
  MONTH TO DATE    0.0
  SINCE DEC 1      0.0
  SINCE JUL 1      0.0
  SNOW DEPTH       0

DEGREE DAYS
 HEATING
  TODAY            0                         7     -7        0
  MONTH TO DATE   89                       206   -117      127
  SINCE DEC 1    712                       999   -287      794
  SINCE JUL 1    781                      1196   -415      937

 COOLING
  TODAY            4                         1      3        0
  MONTH TO DATE   25                         6     19       27
  SINCE DEC 1     53                        12     41       28
  SINCE JAN 1     41                         9     32       27
..................................................................


WIND (MPH)
  HIGHEST WIND SPEED    13   HIGHEST WIND DIRECTION    NW (300)
  HIGHEST GUST SPEED    15   HIGHEST GUST DIRECTION    NW (300)
  AVERAGE WIND SPEED     4.5



WEATHER CONDITIONS
 THE FOLLOWING WEATHER WAS RECORDED TODAY.
  NO SIGNIFICANT WEATHER WAS OBSERVED.


RELATIVE HUMIDITY (PERCENT)
 HIGHEST    86           600 AM
 LOWEST     13           400 PM
 AVERAGE    50

..........................................................


THE DEL RIO CLIMATE NORMALS FOR TOMORROW
                         NORMAL    RECORD    YEAR
 MAXIMUM TEMPERATURE (F)   71        93      1996
 MINIMUM TEMPERATURE (F)   47        27      1966


SUNRISE AND SUNSET
FEBRUARY 22 2017......SUNRISE   716 AM CST   SUNSET   639 PM CST
FEBRUARY 23 2017......SUNRISE   715 AM CST   SUNSET   639 PM CST


-  INDICATES NEGATIVE NUMBERS.
R  INDICATES RECORD WAS SET OR TIED.
MM INDICATES DATA IS MISSING.
T  INDICATES TRACE AMOUNT.




$$
