365
CDUS44 KEWX 230742
CLIDRT


CLIMATE REPORT
NATIONAL WEATHER SERVICE AUSTIN/SAN ANTONIO, TX
140 AM CST MON JAN 23 2017


...................................

...THE DEL RIO CLIMATE SUMMARY FOR JANUARY 22 2017...

CLIMATE NORMAL PERIOD 1981 TO 2010
CLIMATE RECORD PERIOD 1906 TO 2017


WEATHER ITEM   OBSERVED TIME   RECORD YEAR NORMAL DEPARTURE LAST
                VALUE   (LST)  VALUE       VALUE  FROM      YEAR
                                                  NORMAL
..................................................................
TEMPERATURE (F)
 YESTERDAY
  MAXIMUM         72    416 PM  87    1971  64      8       65
  MINIMUM         43   1109 PM  19    1935  41      2       36
                                      1930
  AVERAGE         58                        53      5       51

PRECIPITATION (IN)
  YESTERDAY        0.00          0.84 1938   0.02  -0.02     0.00
  MONTH TO DATE    0.18                      0.49  -0.31     0.57
  SINCE DEC 1      2.66                      1.14   1.52     0.91
  SINCE JAN 1      0.18                      0.49  -0.31     0.57

SNOWFALL (IN)
  YESTERDAY        0.0
  MONTH TO DATE    0.0
  SINCE DEC 1      0.0
  SINCE JUL 1      0.0

DEGREE DAYS
 HEATING
  YESTERDAY        7                        13     -6       14
  MONTH TO DATE  197                       295    -98      293
  SINCE DEC 1    530                       689   -159      576
  SINCE JUL 1    599                       886   -287      719

 COOLING
  YESTERDAY        0                         0      0        0
  MONTH TO DATE   12                         0     12        0
  SINCE DEC 1     24                         3     21        1
  SINCE JAN 1     12                         0     12        0
..................................................................


WIND (MPH)
  HIGHEST WIND SPEED    39   HIGHEST WIND DIRECTION    NW (300)
  HIGHEST GUST SPEED    53   HIGHEST GUST DIRECTION    NW (300)
  AVERAGE WIND SPEED    18.9


SKY COVER
  AVERAGE SKY COVER 0.0


WEATHER CONDITIONS
 THE FOLLOWING WEATHER WAS RECORDED YESTERDAY.
  NO SIGNIFICANT WEATHER WAS OBSERVED.


RELATIVE HUMIDITY (PERCENT)
 HIGHEST    54          1000 PM
 LOWEST     14           500 PM
 AVERAGE    34

..........................................................


THE DEL RIO CLIMATE NORMALS FOR TODAY
                         NORMAL    RECORD    YEAR
 MAXIMUM TEMPERATURE (F)   64        89      1972
 MINIMUM TEMPERATURE (F)   41        13      1930


SUNRISE AND SUNSET
JANUARY 23 2017.......SUNRISE   737 AM CST   SUNSET   615 PM CST
JANUARY 24 2017.......SUNRISE   737 AM CST   SUNSET   615 PM CST


-  INDICATES NEGATIVE NUMBERS.
R  INDICATES RECORD WAS SET OR TIED.
MM INDICATES DATA IS MISSING.
T  INDICATES TRACE AMOUNT.




$$
