000
CDUS45 KTWC 231430
CLIDUG

CLIMATE REPORT
NATIONAL WEATHER SERVICE TUCSON AZ
727 AM MST THU OCT 23 2014


...................................

...THE DOUGLAS AZ CLIMATE SUMMARY FOR OCTOBER 23 2014...
VALID AS OF 0700 AM LOCAL TIME.

CLIMATE NORMAL PERIOD 1981 TO 2010
CLIMATE RECORD PERIOD 1948 TO 2014


WEATHER ITEM   OBSERVED TIME   RECORD YEAR NORMAL DEPARTURE LAST
                VALUE   (LST)  VALUE       VALUE  FROM      YEAR
                                                  NORMAL
..................................................................
TEMPERATURE (F)
 TODAY
  MINIMUM         47    456 AM  28    1996  45      2       38
                                      1957

PRECIPITATION (IN)
  TODAY            0.00          0.62 1978   0.02  -0.02     0.00
  MONTH TO DATE    1.36                      0.70   0.66     0.00
  SINCE OCT 1      1.36                      0.70   0.66     0.00
  SINCE JAN 1     14.93                     11.25   3.68    17.11

DEGREE DAYS
 HEATING
  TODAY           13                         4      9        4

 COOLING
  TODAY            0                         1     -1        0
..................................................................


WIND (MPH)
  HIGHEST WIND SPEED    10   HIGHEST WIND DIRECTION     N (360)
  HIGHEST GUST SPEED    12   HIGHEST GUST DIRECTION     N (20)
  AVERAGE WIND SPEED     5.1


SKY COVER
  POSSIBLE SUNSHINE  MM
  AVERAGE SKY COVER 0.0


WEATHER CONDITIONS
 THE FOLLOWING WEATHER WAS RECORDED TODAY.
  NO SIGNIFICANT WEATHER WAS OBSERVED.


RELATIVE HUMIDITY (PERCENT)
 HIGHEST    93           500 AM

..........................................................


THE DOUGLAS AZ CLIMATE NORMALS FOR TOMORROW
                         NORMAL    RECORD    YEAR
 MAXIMUM TEMPERATURE (F)   79        89      2011
                                             1959
 MINIMUM TEMPERATURE (F)   44        31      1957


SUNRISE AND SUNSET
OCTOBER 23 2014.......SUNRISE   627 AM MST   SUNSET   538 PM MST
OCTOBER 24 2014.......SUNRISE   628 AM MST   SUNSET   537 PM MST


-  INDICATES NEGATIVE NUMBERS.
R  INDICATES RECORD WAS SET OR TIED.
MM INDICATES DATA IS MISSING.
T  INDICATES TRACE AMOUNT.




$$
