000
CDUS45 KTWC 281431
CLIDUG

CLIMATE REPORT
NATIONAL WEATHER SERVICE TUCSON AZ
728 AM MST SAT MAR 28 2015

...................................

...THE DOUGLAS AZ CLIMATE SUMMARY FOR MARCH 28 2015...
VALID AS OF 0700 AM LOCAL TIME.

CLIMATE NORMAL PERIOD 1981 TO 2010
CLIMATE RECORD PERIOD 1948 TO 2015


WEATHER ITEM   OBSERVED TIME   RECORD YEAR NORMAL DEPARTURE LAST
                VALUE   (LST)  VALUE       VALUE  FROM      YEAR
                                                  NORMAL
..................................................................
TEMPERATURE (F)
 TODAY
  MINIMUM         37    634 AM  25    1994  39     -2       37

PRECIPITATION (IN)
  TODAY            0.00          0.43 1992   0.01  -0.01     0.00
  MONTH TO DATE    0.92                      0.47   0.45     0.44
  SINCE OCT 1      4.40                      4.41  -0.01     1.26
  SINCE JAN 1      2.43                      1.86   0.57     0.44

DEGREE DAYS
 HEATING
  TODAY           20                         8     12       10

 COOLING
  TODAY            0                         0      0        0
..................................................................


WIND (MPH)
  HIGHEST WIND SPEED    10   HIGHEST WIND DIRECTION    NE (40)
  HIGHEST GUST SPEED    10   HIGHEST GUST DIRECTION    NE (40)
  AVERAGE WIND SPEED     1.6


SKY COVER
  POSSIBLE SUNSHINE  MM
  AVERAGE SKY COVER  MM


WEATHER CONDITIONS
THE FOLLOWING WEATHER WAS RECORDED TODAY.
  NO SIGNIFICANT WEATHER WAS OBSERVED.


RELATIVE HUMIDITY (PERCENT)
 HIGHEST    59           400 AM

..........................................................


THE DOUGLAS AZ CLIMATE NORMALS FOR TOMORROW
                         NORMAL    RECORD    YEAR
 MAXIMUM TEMPERATURE (F)   75        85      2012
                                             1971
 MINIMUM TEMPERATURE (F)   39        21      1972


SUNRISE AND SUNSET
MARCH 28 2015.........SUNRISE   612 AM MST   SUNSET   635 PM MST
MARCH 29 2015.........SUNRISE   611 AM MST   SUNSET   636 PM MST


-  INDICATES NEGATIVE NUMBERS.
R  INDICATES RECORD WAS SET OR TIED.
MM INDICATES DATA IS MISSING.
T  INDICATES TRACE AMOUNT.

$$
