000
CDUS45 KTWC 280742
CLIDUG

CLIMATE REPORT
NATIONAL WEATHER SERVICE TUCSON AZ
1240 AM MST WED SEP 28 2016

...................................

...THE DOUGLAS AZ CLIMATE SUMMARY FOR SEPTEMBER 27 2016...

CLIMATE NORMAL PERIOD 1981 TO 2010
CLIMATE RECORD PERIOD 1948 TO 2016


WEATHER ITEM   OBSERVED TIME   RECORD YEAR NORMAL DEPARTURE LAST
                VALUE   (LST)  VALUE       VALUE  FROM      YEAR
                                                  NORMAL
..................................................................
TEMPERATURE (F)
 YESTERDAY
  MAXIMUM         78    353 PM  97    2005  87     -9       89
  MINIMUM         56    617 AM  43    1955  55      1       50
  AVERAGE         67                        71     -4       70

PRECIPITATION (IN)
  YESTERDAY        T             0.23 1983   0.05  -0.05     0.00
  MONTH TO DATE    1.62                      1.42   0.20      T
  SINCE OCT 1     13.03                     12.98   0.05    13.33
  SINCE JAN 1     11.82                     10.43   1.39    11.36

DEGREE DAYS
 HEATING
  YESTERDAY        0                         0      0        0
  MONTH TO DATE    4                         0      4        0
  SINCE SEP 1      4                         0      4        0
  SINCE JUL 1      4                         0      4        0

 COOLING
  YESTERDAY        2                         6     -4        5
  MONTH TO DATE  215                       264    -49      258
  SINCE SEP 1    215                       264    -49      258
  SINCE JAN 1   1686                      1734    -48     1567
..................................................................


WIND (MPH)
  HIGHEST WIND SPEED    20   HIGHEST WIND DIRECTION    SE (120)
  HIGHEST GUST SPEED    25   HIGHEST GUST DIRECTION    SE (130)
  AVERAGE WIND SPEED     9.6


SKY COVER
  POSSIBLE SUNSHINE  MM
  AVERAGE SKY COVER  MM


WEATHER CONDITIONS
 THE FOLLOWING WEATHER WAS RECORDED YESTERDAY.
  LIGHT RAIN


RELATIVE HUMIDITY (PERCENT)
 HIGHEST    84
 LOWEST     40
 AVERAGE    62

..........................................................


THE DOUGLAS AZ CLIMATE NORMALS FOR TODAY
                         NORMAL    RECORD    YEAR
 MAXIMUM TEMPERATURE (F)   86        97      1951
 MINIMUM TEMPERATURE (F)   55        48      2013
                                             2006
                                             1975


SUNRISE AND SUNSET
SEPTEMBER 28 2016.....SUNRISE   611 AM MST   SUNSET   606 PM MST
SEPTEMBER 29 2016.....SUNRISE   611 AM MST   SUNSET   605 PM MST


-  INDICATES NEGATIVE NUMBERS.
R  INDICATES RECORD WAS SET OR TIED.
MM INDICATES DATA IS MISSING.
T  INDICATES TRACE AMOUNT.

$$
