000
CDUS45 KTWC 230730 RRA
CLIDUG

CLIMATE REPORT
NATIONAL WEATHER SERVICE TUCSON AZ
1230 AM MST SUN JUL 23 2017


...................................

...THE DOUGLAS AZ CLIMATE SUMMARY FOR JULY 22 2017...

CLIMATE NORMAL PERIOD 1981 TO 2010
CLIMATE RECORD PERIOD 1948 TO 2017


WEATHER ITEM   OBSERVED TIME   RECORD YEAR NORMAL DEPARTURE LAST
                VALUE   (LST)  VALUE       VALUE  FROM      YEAR
                                                  NORMAL
..................................................................
TEMPERATURE (F)
 YESTERDAY
  MAXIMUM         81    139 PM 100    2006  93    -12       98
                                      1987
  MINIMUM         67   1159 PM  56    1961  66      1       66
  AVERAGE         74                        80     -6       82

PRECIPITATION (IN)
  YESTERDAY        0.09          1.10 1948   0.12  -0.03     0.09
  MONTH TO DATE    3.31                      1.87   1.44     3.31
  SINCE OCT 1      6.47                      7.43  -0.96     7.85
  SINCE JAN 1      5.12                      4.88   0.24     6.64

DEGREE DAYS
 HEATING
  YESTERDAY        0                         0      0        0
  MONTH TO DATE    0                         0      0        0
  SINCE JUN 1      0                         0      0        0
  SINCE JUL 1      0                         0      0        0

 COOLING
  YESTERDAY        9                        15     -6       17
  MONTH TO DATE  325                       342    -17      365
  SINCE JUN 1    816                       737     79      833
  SINCE JAN 1   1009                       938     71      981
..................................................................


WIND (MPH)
  HIGHEST WIND SPEED    18   HIGHEST WIND DIRECTION     W (270)
  HIGHEST GUST SPEED    24   HIGHEST GUST DIRECTION     W (280)
  AVERAGE WIND SPEED     6.7


SKY COVER
  POSSIBLE SUNSHINE  MM
  AVERAGE SKY COVER 0.4


WEATHER CONDITIONS
 THE FOLLOWING WEATHER WAS RECORDED YESTERDAY.
  THUNDERSTORM
  RAIN
  LIGHT RAIN
  FOG


RELATIVE HUMIDITY (PERCENT)
 HIGHEST    93
 LOWEST     54
 AVERAGE    74

..........................................................


THE DOUGLAS AZ CLIMATE NORMALS FOR TODAY
                         NORMAL    RECORD    YEAR
 MAXIMUM TEMPERATURE (F)   93       100      2003
 MINIMUM TEMPERATURE (F)   66        56      1986


SUNRISE AND SUNSET
JULY 23 2017..........SUNRISE   529 AM MST   SUNSET   720 PM MST
JULY 24 2017..........SUNRISE   530 AM MST   SUNSET   720 PM MST


-  INDICATES NEGATIVE NUMBERS.
R  INDICATES RECORD WAS SET OR TIED.
MM INDICATES DATA IS MISSING.
T  INDICATES TRACE AMOUNT.




$$
