000
CDUS45 KTWC 220732 RRA
CLIDUG

CLIMATE REPORT
NATIONAL WEATHER SERVICE TUCSON AZ
1232 AM MST THU FEB 22 2018


...................................

...THE DOUGLAS AZ CLIMATE SUMMARY FOR FEBRUARY 21 2018...

CLIMATE NORMAL PERIOD 1981 TO 2010
CLIMATE RECORD PERIOD 1948 TO 2018


WEATHER ITEM   OBSERVED TIME   RECORD YEAR NORMAL DEPARTURE LAST
                VALUE   (LST)  VALUE       VALUE  FROM      YEAR
                                                  NORMAL
..................................................................
TEMPERATURE (F)
 YESTERDAY
  MAXIMUM         60    300 PM  82    2016  68     -8       76
  MINIMUM         30    716 AM  13    1955  34     -4       33
  AVERAGE         45                        51     -6       55

PRECIPITATION (IN)
  YESTERDAY        0.00          0.86 1973   0.02  -0.02     0.00
  MONTH TO DATE    0.94                      0.51   0.43     0.38
  SINCE OCT 1      1.78                      3.80  -2.02     2.97
  SINCE JAN 1      0.95                      1.25  -0.30     1.62

DEGREE DAYS
 HEATING
  YESTERDAY       20                        14      6       10
  MONTH TO DATE  237                       336    -99      266
  SINCE DEC 1   1317                      1506   -189     1363
  SINCE JUL 1   1515                      1941   -426     1699

 COOLING
  YESTERDAY        0                         0      0        0
  MONTH TO DATE    0                         0      0        0
  SINCE DEC 1      0                         0      0        0
  SINCE JAN 1      0                         0      0        0
..................................................................


WIND (MPH)
  HIGHEST WIND SPEED    23   HIGHEST WIND DIRECTION     S (200)
  HIGHEST GUST SPEED    28   HIGHEST GUST DIRECTION     S (200)
  AVERAGE WIND SPEED     9.0


SKY COVER
  POSSIBLE SUNSHINE  MM
  AVERAGE SKY COVER  MM


WEATHER CONDITIONS
 THE FOLLOWING WEATHER WAS RECORDED YESTERDAY.
  NO SIGNIFICANT WEATHER WAS OBSERVED.


RELATIVE HUMIDITY (PERCENT)
 HIGHEST    MM
 LOWEST     MM
 AVERAGE    MM

..........................................................


THE DOUGLAS AZ CLIMATE NORMALS FOR TODAY
                         NORMAL    RECORD    YEAR
 MAXIMUM TEMPERATURE (F)   68        82      2017
 MINIMUM TEMPERATURE (F)   34        14      1964
                                             1955


SUNRISE AND SUNSET
FEBRUARY 22 2018......SUNRISE   653 AM MST   SUNSET   611 PM MST
FEBRUARY 23 2018......SUNRISE   652 AM MST   SUNSET   612 PM MST


-  INDICATES NEGATIVE NUMBERS.
R  INDICATES RECORD WAS SET OR TIED.
MM INDICATES DATA IS MISSING.
T  INDICATES TRACE AMOUNT.




$$
