000
CDUS45 KTWC 260733 RRA
CLIDUG

CLIMATE REPORT
NATIONAL WEATHER SERVICE TUCSON AZ
1230 AM MST TUE SEP 26 2017


...................................

...THE DOUGLAS AZ CLIMATE SUMMARY FOR SEPTEMBER 25 2017...

CLIMATE NORMAL PERIOD 1981 TO 2010
CLIMATE RECORD PERIOD 1948 TO 2017


WEATHER ITEM   OBSERVED TIME   RECORD YEAR NORMAL DEPARTURE LAST
                VALUE   (LST)  VALUE       VALUE  FROM      YEAR
                                                  NORMAL
..................................................................
TEMPERATURE (F)
 YESTERDAY
  MAXIMUM         83    403 PM  97    2011  87     -4       85
  MINIMUM         41R   551 AM  48    1986  56    -15       51
                                      1957
  AVERAGE         62                        72    -10       68

PRECIPITATION (IN)
  YESTERDAY        0.00          0.29 1962   0.05  -0.05      T
  MONTH TO DATE    T                         1.33  -1.33     1.23
  SINCE OCT 1     10.03                     12.89  -2.86    12.64
  SINCE JAN 1      8.68                     10.34  -1.66    11.43

DEGREE DAYS
 HEATING
  YESTERDAY        3                         0      3        0
  MONTH TO DATE    3                         0      3        0
  SINCE SEP 1      3                         0      3        0
  SINCE JUL 1      3                         0      3        0

 COOLING
  YESTERDAY        0                         7     -7        3
  MONTH TO DATE  264                       252     12      213
  SINCE SEP 1    264                       252     12      213
  SINCE JAN 1   1761                      1722     39     1684
..................................................................


WIND (MPH)
  HIGHEST WIND SPEED    18   HIGHEST WIND DIRECTION     S (200)
  HIGHEST GUST SPEED    22   HIGHEST GUST DIRECTION     S (200)
  AVERAGE WIND SPEED     4.9


SKY COVER
  POSSIBLE SUNSHINE  MM
  AVERAGE SKY COVER 0.0


WEATHER CONDITIONS
 THE FOLLOWING WEATHER WAS RECORDED YESTERDAY.
  NO SIGNIFICANT WEATHER WAS OBSERVED.


RELATIVE HUMIDITY (PERCENT)
 HIGHEST    49
 LOWEST     14
 AVERAGE    32

..........................................................


THE DOUGLAS AZ CLIMATE NORMALS FOR TODAY
                         NORMAL    RECORD    YEAR
 MAXIMUM TEMPERATURE (F)   87        98      2005
 MINIMUM TEMPERATURE (F)   56        45      1955


SUNRISE AND SUNSET
SEPTEMBER 26 2017.....SUNRISE   609 AM MST   SUNSET   609 PM MST
SEPTEMBER 27 2017.....SUNRISE   610 AM MST   SUNSET   608 PM MST


-  INDICATES NEGATIVE NUMBERS.
R  INDICATES RECORD WAS SET OR TIED.
MM INDICATES DATA IS MISSING.
T  INDICATES TRACE AMOUNT.




$$
