000
CDUS43 KDVN 181024
CLIDVN


CLIMATE REPORT
NATIONAL WEATHER SERVICE QUAD CITIES IA IL
424 AM CST THU DEC 18 2014


...................................

...THE DAVENPORT IA CLIMATE SUMMARY FOR DECEMBER 17 2014...

CLIMATE NORMAL PERIOD 1981 TO 2010
CLIMATE RECORD PERIOD 9999 TO 9999


WEATHER ITEM   OBSERVED TIME   RECORD YEAR NORMAL DEPARTURE LAST
                VALUE   (LST)  VALUE       VALUE  FROM      YEAR
                                                  NORMAL
..................................................................
TEMPERATURE (F)
 YESTERDAY
  MAXIMUM         27    259 PM  MM      MM  32     -5       34
  MINIMUM         14    952 PM  MM      MM  17     -3       14
  AVERAGE         21                        24     -3       24

PRECIPITATION (IN)
  YESTERDAY        T            MM      MM   0.06  -0.06      T
  MONTH TO DATE    0.44                      1.14  -0.70     0.37
  SINCE DEC 1      0.44                      1.14  -0.70     0.37
  SINCE JAN 1     33.87                     35.44  -1.57    34.14

SNOWFALL (IN)
  YESTERDAY        T            MM      MM  MM     MM        0.2
  MONTH TO DATE    T                        MM     MM        5.5
  SINCE DEC 1      T                        MM     MM        5.5
  SINCE JUL 1      4.0                      MM     MM        8.8
  SNOW DEPTH       0

DEGREE DAYS
 HEATING
  YESTERDAY       44                        41      3       41
  MONTH TO DATE  574                       641    -67      772
  SINCE DEC 1    574                       641    -67      772
  SINCE JUL 1   2179                      1989    190     2185

 COOLING
  YESTERDAY        0                         0      0        0
  MONTH TO DATE    0                         0      0        0
  SINCE DEC 1      0                         0      0        0
  SINCE JAN 1    728                       786    -58      938
..................................................................


WIND (MPH)
  HIGHEST WIND SPEED    21   HIGHEST WIND DIRECTION    NW (300)
  HIGHEST GUST SPEED    26   HIGHEST GUST DIRECTION    NW (300)
  AVERAGE WIND SPEED    10.2


SKY COVER
  POSSIBLE SUNSHINE  MM
  AVERAGE SKY COVER 0.6


WEATHER CONDITIONS
 THE FOLLOWING WEATHER WAS RECORDED YESTERDAY.
  LIGHT SNOW


RELATIVE HUMIDITY (PERCENT)
 HIGHEST    88          1000 PM
 LOWEST     63           200 PM
 AVERAGE    76

..........................................................


THE DAVENPORT IA CLIMATE NORMALS FOR TODAY
                         NORMAL    RECORD    YEAR
 MAXIMUM TEMPERATURE (F)   32        MM        MM
 MINIMUM TEMPERATURE (F)   16        MM        MM


SUNRISE AND SUNSET
DECEMBER 18 2014......SUNRISE   724 AM CST   SUNSET   434 PM CST
DECEMBER 19 2014......SUNRISE   725 AM CST   SUNSET   434 PM CST


-  INDICATES NEGATIVE NUMBERS.
R  INDICATES RECORD WAS SET OR TIED.
MM INDICATES DATA IS MISSING.
T  INDICATES TRACE AMOUNT.




$$
