000
CDUS43 KDVN 280913
CLIDVN


CLIMATE REPORT
NATIONAL WEATHER SERVICE QUAD CITIES IA IL
412 AM CDT SAT MAY 28 2016


...................................

...THE DAVENPORT IA CLIMATE SUMMARY FOR MAY 27 2016...

CLIMATE NORMAL PERIOD 1981 TO 2010
CLIMATE RECORD PERIOD 9999 TO 9999


WEATHER ITEM   OBSERVED TIME   RECORD YEAR NORMAL DEPARTURE LAST
                VALUE   (LST)  VALUE       VALUE  FROM      YEAR
                                                  NORMAL
..................................................................
TEMPERATURE (F)
 YESTERDAY
  MAXIMUM         78    543 PM  MM      MM  76      2       79
  MINIMUM         63    500 AM  MM      MM  54      9       61
  AVERAGE         71                        65      6       70

PRECIPITATION (IN)
  YESTERDAY        0.32         MM      MM   0.13   0.19     0.00
  MONTH TO DATE    2.77                      3.72  -0.95     5.10
  SINCE MAR 1      8.31                      9.75  -1.44     7.85
  SINCE JAN 1      9.09                     12.28  -3.19    10.42

SNOWFALL (IN)
  YESTERDAY        0.0          MM      MM  MM     MM        0.0
  MONTH TO DATE    0.0                      MM     MM         T
  SINCE MAR 1      1.2                      MM     MM        0.3
  SINCE JUL 1     16.6                      MM     MM       32.5
  SNOW DEPTH       0

DEGREE DAYS
 HEATING
  YESTERDAY        0                         3     -3        0
  MONTH TO DATE  178                       172      6      116
  SINCE MAR 1   1283                      1451   -168     1406
  SINCE JUL 1   5507                      6476   -969     6902

 COOLING
  YESTERDAY        6                         3      3        5
  MONTH TO DATE   41                        43     -2       64
  SINCE MAR 1     52                        49      3       65
  SINCE JAN 1     52                        49      3       65
..................................................................


WIND (MPH)
  HIGHEST WIND SPEED    25   HIGHEST WIND DIRECTION     S (180)
  HIGHEST GUST SPEED    31   HIGHEST GUST DIRECTION     S (160)
  AVERAGE WIND SPEED    14.6


SKY COVER
  POSSIBLE SUNSHINE  MM
  AVERAGE SKY COVER 0.5


WEATHER CONDITIONS
 THE FOLLOWING WEATHER WAS RECORDED YESTERDAY.
  HEAVY RAIN
  RAIN
  LIGHT RAIN
  FOG


RELATIVE HUMIDITY (PERCENT)
 HIGHEST    93           400 AM
 LOWEST     69           600 PM
 AVERAGE    81

..........................................................


THE DAVENPORT IA CLIMATE NORMALS FOR TODAY
                         NORMAL    RECORD    YEAR
 MAXIMUM TEMPERATURE (F)   76        MM        MM
 MINIMUM TEMPERATURE (F)   54        MM        MM


SUNRISE AND SUNSET
MAY 28 2016...........SUNRISE   532 AM CDT   SUNSET   827 PM CDT
MAY 29 2016...........SUNRISE   532 AM CDT   SUNSET   828 PM CDT


-  INDICATES NEGATIVE NUMBERS.
R  INDICATES RECORD WAS SET OR TIED.
MM INDICATES DATA IS MISSING.
T  INDICATES TRACE AMOUNT.




$$
