000
CDUS43 KDVN 031034
CLIDVN


CLIMATE REPORT
NATIONAL WEATHER SERVICE QUAD CITIES IA IL
433 AM CST TUE MAR 3 2015


...................................

...THE DAVENPORT IA CLIMATE SUMMARY FOR MARCH 2 2015...

CLIMATE NORMAL PERIOD 1981 TO 2010
CLIMATE RECORD PERIOD 9999 TO 9999


WEATHER ITEM   OBSERVED TIME   RECORD YEAR NORMAL DEPARTURE LAST
                VALUE   (LST)  VALUE       VALUE  FROM      YEAR
                                                  NORMAL
..................................................................
TEMPERATURE (F)
 YESTERDAY
  MAXIMUM         27    437 PM  MM      MM  41    -14        6
  MINIMUM          2    655 AM  MM      MM  23    -21       -8
  AVERAGE         15                        32    -17       -1

PRECIPITATION (IN)
  YESTERDAY        0.00         MM      MM   0.08  -0.08      T
  MONTH TO DATE    T                         0.15  -0.15     0.21
  SINCE MAR 1      T                         0.15  -0.15     0.21
  SINCE JAN 1      2.57                      2.68  -0.11     3.00

SNOWFALL (IN)
  YESTERDAY        0.0          MM      MM  MM     MM         T
  MONTH TO DATE    T                        MM     MM        4.0
  SINCE MAR 1      T                        MM     MM        4.0
  SINCE JUL 1     32.2                      MM     MM       46.8
  SNOW DEPTH       4

DEGREE DAYS
 HEATING
  YESTERDAY       50                        33     17       66
  MONTH TO DATE  100                        67     33      115
  SINCE MAR 1    100                        67     33      115
  SINCE JUL 1   5596                      5092    504     5978

 COOLING
  YESTERDAY        0                         0      0        0
  MONTH TO DATE    0                         0      0        0
  SINCE MAR 1      0                         0      0        0
  SINCE JAN 1      0                         0      0        0
..................................................................


WIND (MPH)
  HIGHEST WIND SPEED    17   HIGHEST WIND DIRECTION    SE (150)
  HIGHEST GUST SPEED    22   HIGHEST GUST DIRECTION     S (160)
  AVERAGE WIND SPEED     7.4


SKY COVER
  POSSIBLE SUNSHINE  MM
  AVERAGE SKY COVER 0.4


WEATHER CONDITIONS
 THE FOLLOWING WEATHER WAS RECORDED YESTERDAY.
  LIGHT SNOW
  FOG
  HAZE


RELATIVE HUMIDITY (PERCENT)
 HIGHEST    88           400 AM
 LOWEST     57           600 PM
 AVERAGE    73

..........................................................


THE DAVENPORT IA CLIMATE NORMALS FOR TODAY
                         NORMAL    RECORD    YEAR
 MAXIMUM TEMPERATURE (F)   41        MM        MM
 MINIMUM TEMPERATURE (F)   23        MM        MM


SUNRISE AND SUNSET
MARCH  3 2015.........SUNRISE   634 AM CST   SUNSET   555 PM CST
MARCH  4 2015.........SUNRISE   633 AM CST   SUNSET   556 PM CST


-  INDICATES NEGATIVE NUMBERS.
R  INDICATES RECORD WAS SET OR TIED.
MM INDICATES DATA IS MISSING.
T  INDICATES TRACE AMOUNT.




$$
