000
CDUS43 KDVN 061008
CLIDVN


CLIMATE REPORT
NATIONAL WEATHER SERVICE QUAD CITIES IA IL
408 AM CST TUE DEC 6 2016


...................................

...THE DAVENPORT IA CLIMATE SUMMARY FOR DECEMBER 5 2016...

CLIMATE NORMAL PERIOD 1981 TO 2010
CLIMATE RECORD PERIOD 9999 TO 9999


WEATHER ITEM   OBSERVED TIME   RECORD YEAR NORMAL DEPARTURE LAST
                VALUE   (LST)  VALUE       VALUE  FROM      YEAR
                                                  NORMAL
..................................................................
TEMPERATURE (F)
 YESTERDAY
  MAXIMUM         35    254 PM  MM      MM  37     -2       48
  MINIMUM         31   1012 AM  MM      MM  21     10       30
  AVERAGE         33                        29      4       39

PRECIPITATION (IN)
  YESTERDAY        0.00         MM      MM   0.07  -0.07     0.00
  MONTH TO DATE    0.51                      0.34   0.17     0.02
  SINCE DEC 1      0.51                      0.34   0.17     0.02
  SINCE JAN 1     39.46                     34.64   4.82    42.10

SNOWFALL (IN)
  YESTERDAY        0.0          MM      MM  MM     MM        0.0
  MONTH TO DATE   10.2                      MM     MM        0.5
  SINCE DEC 1     10.2                      MM     MM        0.5
  SINCE JUL 1     10.2                      MM     MM        7.4
  SNOW DEPTH       7

DEGREE DAYS
 HEATING
  YESTERDAY       32                        36     -4       26
  MONTH TO DATE  151                       176    -25      146
  SINCE DEC 1    151                       176    -25      146
  SINCE JUL 1   1006                      1524   -518     1209

 COOLING
  YESTERDAY        0                         0      0        0
  MONTH TO DATE    0                         0      0        0
  SINCE DEC 1      0                         0      0        0
  SINCE JAN 1   1063                       786    277      867
..................................................................


WIND (MPH)
  HIGHEST WIND SPEED    22   HIGHEST WIND DIRECTION    SE (140)
  HIGHEST GUST SPEED    26   HIGHEST GUST DIRECTION    SE (140)
  AVERAGE WIND SPEED    12.7


SKY COVER
  POSSIBLE SUNSHINE  MM
  AVERAGE SKY COVER 1.0


WEATHER CONDITIONS
 THE FOLLOWING WEATHER WAS RECORDED YESTERDAY.
  FOG
  FOG W/VISIBILITY <= 1/4 MILE


RELATIVE HUMIDITY (PERCENT)
 HIGHEST   100           700 AM
 LOWEST     85          1000 PM
 AVERAGE    93

..........................................................


THE DAVENPORT IA CLIMATE NORMALS FOR TODAY
                         NORMAL    RECORD    YEAR
 MAXIMUM TEMPERATURE (F)   36        MM        MM
 MINIMUM TEMPERATURE (F)   21        MM        MM


SUNRISE AND SUNSET
DECEMBER  6 2016......SUNRISE   715 AM CST   SUNSET   432 PM CST
DECEMBER  7 2016......SUNRISE   716 AM CST   SUNSET   432 PM CST


-  INDICATES NEGATIVE NUMBERS.
R  INDICATES RECORD WAS SET OR TIED.
MM INDICATES DATA IS MISSING.
T  INDICATES TRACE AMOUNT.




$$
