000
CDUS43 KDVN 280910
CLIDVN

CLIMATE REPORT
NATIONAL WEATHER SERVICE QUAD CITIES IA IL
127 AM CDT WED JUN 28 2017


...................................

...THE DAVENPORT IA CLIMATE SUMMARY FOR JUNE 27 2017...

CLIMATE NORMAL PERIOD 1981 TO 2010
CLIMATE RECORD PERIOD 9999 TO 9999


WEATHER ITEM   OBSERVED TIME   NORMAL DEPARTURE LAST
                VALUE   (LST)  VALUE  FROM      YEAR
                                      NORMAL
......................................................
TEMPERATURE (F)
 YESTERDAY
  MAXIMUM         MM        MM  83     MM        84
  MINIMUM         45        MM  62    -17        64
  AVERAGE         MM            73     MM        74

PRECIPITATION (IN)
  YESTERDAY        0.00          0.13  -0.13     0.00
  MONTH TO DATE    3.63          3.84  -0.21     5.57
  SINCE JUN 1      3.63          3.84  -0.21     5.57
  SINCE JAN 1     18.07         16.65   1.42    16.13

DEGREE DAYS
 HEATING
  YESTERDAY        7             0      7        0
  MONTH TO DATE   16            22     -6        3
  SINCE JUN 1     16            22     -6        3
  SINCE JUL 1   5426          6509  -1083     5510

 COOLING
  YESTERDAY        0             8     -8        9
  MONTH TO DATE  218           158     60      225
  SINCE JUN 1    218           158     60      225
  SINCE JAN 1    270           219     51      310
......................................................


WIND (MPH)
  HIGHEST WIND SPEED     7   HIGHEST WIND DIRECTION     W (260)
  HIGHEST GUST SPEED    MM   HIGHEST GUST DIRECTION    MM
  AVERAGE WIND SPEED     3.3




RELATIVE HUMIDITY (PERCENT)
 HIGHEST    93           200 AM
 LOWEST     35          1100 AM
 AVERAGE    64

..........................................................


THE DAVENPORT IA CLIMATE NORMALS FOR TODAY
                         NORMAL
 MAXIMUM TEMPERATURE (F)   83
 MINIMUM TEMPERATURE (F)   62


SUNRISE AND SUNSET
JUNE 28 2017..........SUNRISE   531 AM CDT   SUNSET   841 PM CDT
JUNE 29 2017..........SUNRISE   531 AM CDT   SUNSET   841 PM CDT


-  INDICATES NEGATIVE NUMBERS.
R  INDICATES RECORD WAS SET OR TIED.
MM INDICATES DATA IS MISSING.
T  INDICATES TRACE AMOUNT.




$$
