000
CDUS46 KOTX 240829
CLIEAT


CLIMATE REPORT
NATIONAL WEATHER SERVICE SPOKANE, WA
129 AM PDT MON JUL 24 2017


...................................

...THE WENATCHEE WA PANGBORN FIELD CLIMATE SUMMARY FOR JULY 23 2017...

CLIMATE NORMAL PERIOD 1981 TO 2010
CLIMATE RECORD PERIOD 1959 TO 2017


WEATHER ITEM   OBSERVED TIME   RECORD YEAR NORMAL DEPARTURE LAST
                VALUE   (LST)  VALUE       VALUE  FROM      YEAR
                                                  NORMAL
..................................................................
TEMPERATURE (F)
 YESTERDAY
  MAXIMUM         95    347 PM 107    2006  89      6       83
  MINIMUM         68   1159 PM  49    1963  63      5       58
  AVERAGE         82                        76      6       71

PRECIPITATION (IN)
  YESTERDAY        0.00          0.63 1992   0.01  -0.01     0.00
  MONTH TO DATE    0.00                      0.22  -0.22     0.26
  SINCE OCT 1      9.82                      7.42   2.40    11.16
  SINCE JAN 1      7.00                      4.47   2.53     7.30

SNOWFALL (IN)
  YESTERDAY       MM

DEGREE DAYS
 HEATING
  YESTERDAY        0                         0      0        0
  MONTH TO DATE    0                         2     -2        2
  SINCE JUN 1     40                        60    -20       58
  SINCE JUL 1      0                         2     -2        2

 COOLING
  YESTERDAY       17                        11      6        6
  MONTH TO DATE  277                       202     75      118
  SINCE JUN 1    401                       494    -93      298
  SINCE JAN 1    457                       641   -184      340
..................................................................


WIND (MPH)
  HIGHEST WIND SPEED    24   HIGHEST WIND DIRECTION    NW (320)
  HIGHEST GUST SPEED    31   HIGHEST GUST DIRECTION    NW (310)
  AVERAGE WIND SPEED    11.8


SKY COVER
  POSSIBLE SUNSHINE  MM
  AVERAGE SKY COVER 0.0


WEATHER CONDITIONS
 THE FOLLOWING WEATHER WAS RECORDED YESTERDAY.
  NO SIGNIFICANT WEATHER WAS OBSERVED.


RELATIVE HUMIDITY (PERCENT)
 HIGHEST    61           400 AM
 LOWEST     15           400 PM
 AVERAGE    38

..........................................................


THE WENATCHEE WA PANGBORN FIELD CLIMATE NORMALS FOR TODAY
                         NORMAL    RECORD    YEAR
 MAXIMUM TEMPERATURE (F)   89       105      1994
 MINIMUM TEMPERATURE (F)   63        53      2014


SUNRISE AND SUNSET
JULY 24 2017..........SUNRISE   530 AM PDT   SUNSET   844 PM PDT
JULY 25 2017..........SUNRISE   531 AM PDT   SUNSET   843 PM PDT


-  INDICATES NEGATIVE NUMBERS.
R  INDICATES RECORD WAS SET OR TIED.
MM INDICATES DATA IS MISSING.
T  INDICATES TRACE AMOUNT.




$$
