000
CDUS46 KOTX 150427
CLIEAT


CLIMATE REPORT
NATIONAL WEATHER SERVICE SPOKANE, WA
927 PM PDT SUN SEP 14 2014


...................................

...THE WENATCHEE WA PANGBORN FIELD CLIMATE SUMMARY FOR SEPTEMBER 14 2014...
VALID TODAY AS OF 0800 PM LOCAL TIME.

CLIMATE NORMAL PERIOD 1981 TO 2010
CLIMATE RECORD PERIOD 1959 TO 2014


WEATHER ITEM   OBSERVED TIME   RECORD YEAR NORMAL DEPARTURE LAST
                VALUE   (LST)  VALUE       VALUE  FROM      YEAR
                                                  NORMAL
..................................................................
TEMPERATURE (F)
 TODAY
  MAXIMUM         83    336 PM  93    2013  77      6       93
  MINIMUM         49    543 AM  41    1986  53     -4       64
  AVERAGE         66                        65      1       79

PRECIPITATION (IN)
  TODAY            0.00          0.08 1996   0.01  -0.01     0.00
  MONTH TO DATE    T                         0.15  -0.15     0.30
  SINCE OCT 1      4.52                      7.82  -3.30     9.98
  SINCE JAN 1      3.96                      4.87  -0.91     6.18

DEGREE DAYS
 HEATING
  TODAY            0                         3     -3        0
  MONTH TO DATE   16                        23     -7        3
  SINCE SEP 1     16                        23     -7        3
  SINCE JUL 1     16                        37    -21        3

 COOLING
  TODAY            1                         3     -2       14
  MONTH TO DATE   43                        56    -13      131
  SINCE SEP 1     43                        56    -13      131
  SINCE JAN 1   1134                       844    290     1012
..................................................................


WIND (MPH)
  HIGHEST WIND SPEED    15   HIGHEST WIND DIRECTION    NW (320)
  HIGHEST GUST SPEED    17   HIGHEST GUST DIRECTION    NW (310)
  AVERAGE WIND SPEED     6.7


SKY COVER
  POSSIBLE SUNSHINE  MM
  AVERAGE SKY COVER 0.0


WEATHER CONDITIONS
 THE FOLLOWING WEATHER WAS RECORDED TODAY.
  NO SIGNIFICANT WEATHER WAS OBSERVED.


RELATIVE HUMIDITY (PERCENT)
 HIGHEST    50           400 AM
 LOWEST     13           300 PM
 AVERAGE    32

..........................................................


THE WENATCHEE WA PANGBORN FIELD CLIMATE NORMALS FOR TOMORROW
                         NORMAL    RECORD    YEAR
 MAXIMUM TEMPERATURE (F)   77        92      1995
 MINIMUM TEMPERATURE (F)   53        40      1969


SUNRISE AND SUNSET
SEPTEMBER 14 2014.....SUNRISE   637 AM PDT   SUNSET   715 PM PDT
SEPTEMBER 15 2014.....SUNRISE   638 AM PDT   SUNSET   713 PM PDT


-  INDICATES NEGATIVE NUMBERS.
R  INDICATES RECORD WAS SET OR TIED.
MM INDICATES DATA IS MISSING.
T  INDICATES TRACE AMOUNT.




$$
