000
CDUS46 KOTX 210827
CLIEAT


CLIMATE REPORT
NATIONAL WEATHER SERVICE SPOKANE, WA
126 AM PDT THU AUG 21 2014


...................................

...THE WENATCHEE WA PANGBORN FIELD CLIMATE SUMMARY FOR AUGUST 20 2014...

CLIMATE NORMAL PERIOD 1981 TO 2010
CLIMATE RECORD PERIOD 1959 TO 2014


WEATHER ITEM   OBSERVED TIME   RECORD YEAR NORMAL DEPARTURE LAST
                VALUE   (LST)  VALUE       VALUE  FROM      YEAR
                                                  NORMAL
..................................................................
TEMPERATURE (F)
 YESTERDAY
  MAXIMUM         87    404 PM 102    1977  85      2       86
  MINIMUM         68   1159 PM  46    1968  60      8       60
  AVERAGE         78                        73      5       73

PRECIPITATION (IN)
  YESTERDAY        0.00          0.31 1993   0.00   0.00     0.00
  MONTH TO DATE    0.83                      0.12   0.71     1.82
  SINCE OCT 1      4.52                      7.59  -3.07     9.59
  SINCE JAN 1      3.96                      4.64  -0.68     5.79

SNOWFALL (IN)
  YESTERDAY       MM             0.0  1999   0.0   MM       MM
  MONTH TO DATE   MM                         0.0   MM       MM
  SINCE JUN 1     MM                         0.0   MM       MM
  SINCE JUL 1     MM                         0.0   MM       MM
  SNOW DEPTH      MM

DEGREE DAYS
 HEATING
  YESTERDAY        0                         0      0        0
  MONTH TO DATE    0                         0      0        0
  SINCE JUN 1     15                        65    -50       35
  SINCE JUL 1      0                         7     -7        0

 COOLING
  YESTERDAY       13                         8      5        8
  MONTH TO DATE  297                       197    100      222
  SINCE JUN 1    944                       758    186      747
  SINCE JAN 1   1002                       905     97      807
..................................................................


WIND (MPH)
  HIGHEST WIND SPEED    25   HIGHEST WIND DIRECTION    NW (300)
  HIGHEST GUST SPEED    31   HIGHEST GUST DIRECTION    NW (300)
  AVERAGE WIND SPEED    12.6


SKY COVER
  POSSIBLE SUNSHINE  MM
  AVERAGE SKY COVER 0.0


WEATHER CONDITIONS
 THE FOLLOWING WEATHER WAS RECORDED YESTERDAY.
  HAZE


RELATIVE HUMIDITY (PERCENT)
 HIGHEST    51           500 AM
 LOWEST     22           400 PM
 AVERAGE    37

..........................................................


THE WENATCHEE WA PANGBORN FIELD CLIMATE NORMALS FOR TODAY
                         NORMAL    RECORD    YEAR
 MAXIMUM TEMPERATURE (F)   85       100      2005
 MINIMUM TEMPERATURE (F)   60        46      1960


SUNRISE AND SUNSET
AUGUST 21 2014........SUNRISE   605 AM PDT   SUNSET   802 PM PDT
AUGUST 22 2014........SUNRISE   607 AM PDT   SUNSET   800 PM PDT


-  INDICATES NEGATIVE NUMBERS.
R  INDICATES RECORD WAS SET OR TIED.
MM INDICATES DATA IS MISSING.
T  INDICATES TRACE AMOUNT.




$$
