000
CDUS46 KOTX 270836
CLIEAT


CLIMATE REPORT
NATIONAL WEATHER SERVICE SPOKANE, WA
136 AM PDT SAT MAY 27 2017


...................................

...THE WENATCHEE WA PANGBORN FIELD CLIMATE SUMMARY FOR MAY 26 2017...

CLIMATE NORMAL PERIOD 1981 TO 2010
CLIMATE RECORD PERIOD 1959 TO 2017


WEATHER ITEM   OBSERVED TIME   RECORD YEAR NORMAL DEPARTURE LAST
                VALUE   (LST)  VALUE       VALUE  FROM      YEAR
                                                  NORMAL
..................................................................
TEMPERATURE (F)
 YESTERDAY
  MAXIMUM         81    315 PM  89    2001  74      7       74
  MINIMUM         47    447 AM  40    1973  51     -4       55
  AVERAGE         64                        63      1       65

PRECIPITATION (IN)
  YESTERDAY        0.00          0.47 2010   0.03  -0.03     0.00
  MONTH TO DATE    0.59                      0.54   0.05     0.94
  SINCE OCT 1      9.60                      6.46   3.14    10.24
  SINCE JAN 1      6.78                      3.51   3.27     6.38

SNOWFALL (IN)
  YESTERDAY       MM

DEGREE DAYS
 HEATING
  YESTERDAY        1                         4     -3        0
  MONTH TO DATE  198                       181     17       57
  SINCE MAR 1   1410                      1233    177      823
  SINCE JUL 1   6201                      5697    504     4696

 COOLING
  YESTERDAY        0                         2     -2        0
  MONTH TO DATE   20                        26     -6       27
  SINCE MAR 1     20                        64    -44       39
  SINCE JAN 1     20                        64    -44       39
..................................................................


WIND (MPH)
  HIGHEST WIND SPEED    15   HIGHEST WIND DIRECTION     W (290)
  HIGHEST GUST SPEED    16   HIGHEST GUST DIRECTION     W (290)
  AVERAGE WIND SPEED     5.7


SKY COVER
  POSSIBLE SUNSHINE  MM
  AVERAGE SKY COVER 0.0


WEATHER CONDITIONS
 THE FOLLOWING WEATHER WAS RECORDED YESTERDAY.
  NO SIGNIFICANT WEATHER WAS OBSERVED.


RELATIVE HUMIDITY (PERCENT)
 HIGHEST    86           400 AM
 LOWEST     17           200 PM
 AVERAGE    52

..........................................................


THE WENATCHEE WA PANGBORN FIELD CLIMATE NORMALS FOR TODAY
                         NORMAL    RECORD    YEAR
 MAXIMUM TEMPERATURE (F)   74        89      2005
 MINIMUM TEMPERATURE (F)   52        39      1977


SUNRISE AND SUNSET
MAY 27 2017...........SUNRISE   511 AM PDT   SUNSET   845 PM PDT
MAY 28 2017...........SUNRISE   511 AM PDT   SUNSET   846 PM PDT


-  INDICATES NEGATIVE NUMBERS.
R  INDICATES RECORD WAS SET OR TIED.
MM INDICATES DATA IS MISSING.
T  INDICATES TRACE AMOUNT.




$$
