000
CDUS46 KOTX 210436
CLIEAT


CLIMATE REPORT
NATIONAL WEATHER SERVICE SPOKANE, WA
835 PM PST FRI JAN 20 2017


...................................

...THE WENATCHEE WA PANGBORN FIELD CLIMATE SUMMARY FOR JANUARY 20 2017...
VALID TODAY AS OF 0800 PM LOCAL TIME.

CLIMATE NORMAL PERIOD 1981 TO 2010
CLIMATE RECORD PERIOD 1959 TO 2017


WEATHER ITEM   OBSERVED TIME   RECORD YEAR NORMAL DEPARTURE LAST
                VALUE   (LST)  VALUE       VALUE  FROM      YEAR
                                                  NORMAL
..................................................................
TEMPERATURE (F)
 TODAY
  MAXIMUM         34    349 PM  52    1967  35     -1       39
  MINIMUM         30    903 AM  -2    1962  25      5       26
  AVERAGE         32                        30      2       33

PRECIPITATION (IN)
  TODAY            0.14          0.34 1999   0.03   0.11     0.08
  MONTH TO DATE    0.62                      0.72  -0.10     1.58
  SINCE OCT 1      3.44                      3.67  -0.23     5.44
  SINCE JAN 1      0.62                      0.72  -0.10     1.58

SNOWFALL (IN)
  TODAY           MM

DEGREE DAYS
 HEATING
  TODAY           33                        35     -2       32
  MONTH TO DATE  989                       729    260      658
  SINCE DEC 1   2271                      1877    394     1716
  SINCE JUL 1   3348                      3249     99     2781

 COOLING
  TODAY            0                         0      0        0
  MONTH TO DATE    0                         0      0        0
  SINCE DEC 1      0                         0      0        0
  SINCE JAN 1      0                         0      0        0
..................................................................


WIND (MPH)
  HIGHEST WIND SPEED     9   HIGHEST WIND DIRECTION    SW (220)
  HIGHEST GUST SPEED    10   HIGHEST GUST DIRECTION    SW (220)
  AVERAGE WIND SPEED     2.1


SKY COVER
  POSSIBLE SUNSHINE  MM
  AVERAGE SKY COVER 1.0


WEATHER CONDITIONS
 THE FOLLOWING WEATHER WAS RECORDED TODAY.
  LIGHT SNOW
  FOG


RELATIVE HUMIDITY (PERCENT)
 HIGHEST   100           300 PM
 LOWEST     85           500 AM
 AVERAGE    93

..........................................................


THE WENATCHEE WA PANGBORN FIELD CLIMATE NORMALS FOR TOMORROW
                         NORMAL    RECORD    YEAR
 MAXIMUM TEMPERATURE (F)   36        48      2011
 MINIMUM TEMPERATURE (F)   25        -1      1962


SUNRISE AND SUNSET
JANUARY 20 2017.......SUNRISE   739 AM PST   SUNSET   445 PM PST
JANUARY 21 2017.......SUNRISE   738 AM PST   SUNSET   446 PM PST


-  INDICATES NEGATIVE NUMBERS.
R  INDICATES RECORD WAS SET OR TIED.
MM INDICATES DATA IS MISSING.
T  INDICATES TRACE AMOUNT.




$$
