000
CDUS46 KOTX 020025
CLIEAT


CLIMATE REPORT
NATIONAL WEATHER SERVICE SPOKANE, WA
424 PM PST SUN FEB 1 2015


...................................

...THE WENATCHEE WA PANGBORN FIELD CLIMATE SUMMARY FOR FEBRUARY 1 2015...
VALID AS OF 0400 PM LOCAL TIME.

CLIMATE NORMAL PERIOD 1981 TO 2010
CLIMATE RECORD PERIOD 1959 TO 2015


WEATHER ITEM   OBSERVED TIME   RECORD YEAR NORMAL DEPARTURE LAST
                VALUE   (LST)  VALUE       VALUE  FROM      YEAR
                                                  NORMAL
..................................................................
TEMPERATURE (F)
 TODAY
  MAXIMUM         40    305 PM  52    2005  38      2       29
                                      1992
  MINIMUM         35    837 AM -10    1996  26      9       17
  AVERAGE         38                        32      6       23

PRECIPITATION (IN)
  TODAY            T             1.12 1960   0.03  -0.03     0.00
  MONTH TO DATE    T                         0.03  -0.03     0.00
  SINCE OCT 1      3.81                      4.04  -0.23     1.00
  SINCE JAN 1      0.63                      1.09  -0.46     0.44

SNOWFALL (IN)
  TODAY           MM

DEGREE DAYS
 HEATING
  TODAY           27                        33     -6       42
  MONTH TO DATE   27                        33     -6       42
  SINCE DEC 1   1950                      2281   -331     2260
  SINCE JUL 1   3056                      3653   -597     3625

 COOLING
  TODAY            0                         0      0        0
  MONTH TO DATE    0                         0      0        0
  SINCE DEC 1      0                         0      0        0
  SINCE JAN 1      0                         0      0        0
..................................................................


WIND (MPH)
  HIGHEST WIND SPEED     9   HIGHEST WIND DIRECTION    SE (120)
  HIGHEST GUST SPEED    12   HIGHEST GUST DIRECTION    SE (120)
  AVERAGE WIND SPEED     1.8


SKY COVER
  POSSIBLE SUNSHINE  MM
  AVERAGE SKY COVER 0.9


WEATHER CONDITIONS
 THE FOLLOWING WEATHER WAS RECORDED TODAY.
  NO SIGNIFICANT WEATHER WAS OBSERVED.


RELATIVE HUMIDITY (PERCENT)
 HIGHEST    89           200 AM
 LOWEST     70          1200 PM
 AVERAGE    80

..........................................................


THE WENATCHEE WA PANGBORN FIELD CLIMATE NORMALS FOR TOMORROW
                         NORMAL    RECORD    YEAR
 MAXIMUM TEMPERATURE (F)   38        52      2005
 MINIMUM TEMPERATURE (F)   27        -7      1996


SUNRISE AND SUNSET
FEBRUARY  1 2015......SUNRISE   727 AM PST   SUNSET   502 PM PST
FEBRUARY  2 2015......SUNRISE   726 AM PST   SUNSET   504 PM PST


-  INDICATES NEGATIVE NUMBERS.
R  INDICATES RECORD WAS SET OR TIED.
MM INDICATES DATA IS MISSING.
T  INDICATES TRACE AMOUNT.




$$
