000
CDUS46 KOTX 061717
CLIEAT


CLIMATE REPORT
NATIONAL WEATHER SERVICE SPOKANE, WA
1230 AM PST TUE DEC 6 2016


...................................

...THE WENATCHEE WA PANGBORN FIELD CLIMATE SUMMARY FOR DECEMBER 5 2016...

CLIMATE NORMAL PERIOD 1981 TO 2010
CLIMATE RECORD PERIOD 1959 TO 2016


WEATHER ITEM   OBSERVED TIME   RECORD YEAR NORMAL DEPARTURE LAST
                VALUE   (LST)  VALUE       VALUE  FROM      YEAR
                                                  NORMAL
..................................................................
TEMPERATURE (F)
 YESTERDAY
  MAXIMUM         33    141 AM  48    2012  35     -2       34
  MINIMUM         23    804 AM   8    1984  25     -2       32
  AVERAGE         28                        30     -2       33

PRECIPITATION (IN)
  YESTERDAY        0.09          0.34 2015   0.05   0.04     0.34
  MONTH TO DATE    0.09                      0.24  -0.15     0.70
  SINCE OCT 1      2.50                      1.79   0.71     1.74
  SINCE JAN 1      9.85                      6.85   3.00     6.13

SNOWFALL (IN)
  YESTERDAY       MM

DEGREE DAYS
 HEATING
  YESTERDAY       37                        35      2       32
  MONTH TO DATE  150                       172    -22      169
  SINCE DEC 1    150                       172    -22      169
  SINCE JUL 1   1227                      1544   -317     1234

 COOLING
  YESTERDAY        0                         0      0        0
  MONTH TO DATE    0                         0      0        0
  SINCE DEC 1      0                         0      0        0
  SINCE JAN 1    801                       790     11     1397
..................................................................


WIND (MPH)
  HIGHEST WIND SPEED    14   HIGHEST WIND DIRECTION     W (290)
  HIGHEST GUST SPEED    17   HIGHEST GUST DIRECTION     W (290)
  AVERAGE WIND SPEED     3.3


SKY COVER
  POSSIBLE SUNSHINE  MM
  AVERAGE SKY COVER 0.6


WEATHER CONDITIONS
 THE FOLLOWING WEATHER WAS RECORDED YESTERDAY.
  SNOW
  LIGHT SNOW
  FOG


RELATIVE HUMIDITY (PERCENT)
 HIGHEST   100           500 PM
 LOWEST     54          1200 AM
 AVERAGE    77

..........................................................


THE WENATCHEE WA PANGBORN FIELD CLIMATE NORMALS FOR TODAY
                         NORMAL    RECORD    YEAR
 MAXIMUM TEMPERATURE (F)   34        54      1979
 MINIMUM TEMPERATURE (F)   25         5      1980


SUNRISE AND SUNSET
DECEMBER  6 2016......SUNRISE   734 AM PST   SUNSET   410 PM PST
DECEMBER  7 2016......SUNRISE   735 AM PST   SUNSET   410 PM PST


-  INDICATES NEGATIVE NUMBERS.
R  INDICATES RECORD WAS SET OR TIED.
MM INDICATES DATA IS MISSING.
T  INDICATES TRACE AMOUNT.




$$
