000
CDUS46 KOTX 190822
CLIEAT


CLIMATE REPORT
NATIONAL WEATHER SERVICE SPOKANE, WA
122 AM PDT TUE SEP 19 2017


...................................

...THE WENATCHEE WA PANGBORN FIELD CLIMATE SUMMARY FOR SEPTEMBER 18 2017...

CLIMATE NORMAL PERIOD 1981 TO 2010
CLIMATE RECORD PERIOD 1959 TO 2017


WEATHER ITEM   OBSERVED TIME   RECORD YEAR NORMAL DEPARTURE LAST
                VALUE   (LST)  VALUE       VALUE  FROM      YEAR
                                                  NORMAL
..................................................................
TEMPERATURE (F)
 YESTERDAY
  MAXIMUM         66   1146 AM  90    1994  76    -10       75
  MINIMUM         50    609 AM  41    1988  52     -2       55
  AVERAGE         58                        64     -6       65

PRECIPITATION (IN)
  YESTERDAY        T             0.57 1986   0.02  -0.02     0.00
  MONTH TO DATE    T                         0.20  -0.20     0.04
  SINCE OCT 1      9.88                      7.87   2.01    11.20
  SINCE JAN 1      7.06                      4.92   2.14     7.34

SNOWFALL (IN)
  YESTERDAY       MM

DEGREE DAYS
 HEATING
  YESTERDAY        7                         4      3        0
  MONTH TO DATE   28                        36     -8       34
  SINCE SEP 1     28                        36     -8       34
  SINCE JUL 1     28                        50    -22       38

 COOLING
  YESTERDAY        0                         2     -2        0
  MONTH TO DATE  113                        66     47       17
  SINCE SEP 1    113                        66     47       17
  SINCE JAN 1   1058                       854    204      790
..................................................................


WIND (MPH)
  HIGHEST WIND SPEED    24   HIGHEST WIND DIRECTION     W (280)
  HIGHEST GUST SPEED    30   HIGHEST GUST DIRECTION     W (260)
  AVERAGE WIND SPEED    11.8


SKY COVER
  POSSIBLE SUNSHINE  MM
  AVERAGE SKY COVER 0.3


WEATHER CONDITIONS
 THE FOLLOWING WEATHER WAS RECORDED YESTERDAY.
  LIGHT RAIN
  HAZE


RELATIVE HUMIDITY (PERCENT)
 HIGHEST    72          1200 AM
 LOWEST     26           200 PM
 AVERAGE    49

..........................................................


THE WENATCHEE WA PANGBORN FIELD CLIMATE NORMALS FOR TODAY
                         NORMAL    RECORD    YEAR
 MAXIMUM TEMPERATURE (F)   75        90      1994
 MINIMUM TEMPERATURE (F)   51        37      1983


SUNRISE AND SUNSET
SEPTEMBER 19 2017.....SUNRISE   644 AM PDT   SUNSET   704 PM PDT
SEPTEMBER 20 2017.....SUNRISE   645 AM PDT   SUNSET   702 PM PDT


-  INDICATES NEGATIVE NUMBERS.
R  INDICATES RECORD WAS SET OR TIED.
MM INDICATES DATA IS MISSING.
T  INDICATES TRACE AMOUNT.




$$
