000
CDUS46 KOTX 210846
CLIEAT


CLIMATE REPORT
NATIONAL WEATHER SERVICE SPOKANE, WA
1245 AM PST WED FEB 21 2018


...................................

...THE WENATCHEE WA PANGBORN FIELD CLIMATE SUMMARY FOR FEBRUARY 20 2018...

CLIMATE NORMAL PERIOD 1981 TO 2010
CLIMATE RECORD PERIOD 1959 TO 2018


WEATHER ITEM   OBSERVED TIME   RECORD YEAR NORMAL DEPARTURE LAST
                VALUE   (LST)  VALUE       VALUE  FROM      YEAR
                                                  NORMAL
..................................................................
TEMPERATURE (F)
 YESTERDAY
  MAXIMUM         26    243 PM  62    1961  43    -17       35
  MINIMUM         12    640 AM   4    1986  29    -17       29
  AVERAGE         19                        36    -17       32

PRECIPITATION (IN)
  YESTERDAY        T             0.33 1982   0.03  -0.03     0.32
  MONTH TO DATE    0.23                      0.59  -0.36     1.61
  SINCE OCT 1      4.39                      4.60  -0.21     5.54
  SINCE JAN 1      1.31                      1.65  -0.34     2.72

SNOWFALL (IN)
  YESTERDAY       MM

DEGREE DAYS
 HEATING
  YESTERDAY       46                        29     17       33
  MONTH TO DATE  555                       624    -69      779
  SINCE DEC 1   2719                      2872   -153     3433
  SINCE JUL 1   4142                      4244   -102     4510

 COOLING
  YESTERDAY        0                         0      0        0
  MONTH TO DATE    0                         0      0        0
  SINCE DEC 1      0                         0      0        0
  SINCE JAN 1      0                         0      0        0
..................................................................


WIND (MPH)
  HIGHEST WIND SPEED     8   HIGHEST WIND DIRECTION    NW (300)
  HIGHEST GUST SPEED    11   HIGHEST GUST DIRECTION     W (280)
  AVERAGE WIND SPEED     3.3


SKY COVER
  POSSIBLE SUNSHINE  MM
  AVERAGE SKY COVER 0.6


WEATHER CONDITIONS
 THE FOLLOWING WEATHER WAS RECORDED YESTERDAY.
  LIGHT SNOW
  FOG


RELATIVE HUMIDITY (PERCENT)
 HIGHEST    84           700 AM
 LOWEST     50           100 PM
 AVERAGE    67

..........................................................


THE WENATCHEE WA PANGBORN FIELD CLIMATE NORMALS FOR TODAY
                         NORMAL    RECORD    YEAR
 MAXIMUM TEMPERATURE (F)   44        65      1988
 MINIMUM TEMPERATURE (F)   29        10      1986


SUNRISE AND SUNSET
FEBRUARY 21 2018......SUNRISE   655 AM PST   SUNSET   534 PM PST
FEBRUARY 22 2018......SUNRISE   654 AM PST   SUNSET   536 PM PST


-  INDICATES NEGATIVE NUMBERS.
R  INDICATES RECORD WAS SET OR TIED.
MM INDICATES DATA IS MISSING.
T  INDICATES TRACE AMOUNT.




$$
