000
CDUS46 KOTX 210823
CLIEAT


CLIMATE REPORT
NATIONAL WEATHER SERVICE SPOKANE, WA
1223 AM PST TUE NOV 21 2017


...................................

...THE WENATCHEE WA PANGBORN FIELD CLIMATE SUMMARY FOR NOVEMBER 20 2017...

CLIMATE NORMAL PERIOD 1981 TO 2010
CLIMATE RECORD PERIOD 1959 TO 2017


WEATHER ITEM   OBSERVED TIME   RECORD YEAR NORMAL DEPARTURE LAST
                VALUE   (LST)  VALUE       VALUE  FROM      YEAR
                                                  NORMAL
..................................................................
TEMPERATURE (F)
 YESTERDAY
  MAXIMUM         46        MM  62    1962  41      5       48
  MINIMUM         33        MM   6    1985  30      3       38
  AVERAGE         40                        36      4       43

PRECIPITATION (IN)
  YESTERDAY        0.17          0.49 1966   0.04   0.13      T
  MONTH TO DATE    0.99                      0.70   0.29     0.28
  SINCE OCT 1      1.80                      1.14   0.66     2.31
  SINCE JAN 1      8.88                      6.20   2.68     9.66

SNOWFALL (IN)
  YESTERDAY       MM

DEGREE DAYS
 HEATING
  YESTERDAY       25                        29     -4       22
  MONTH TO DATE  551                       507     44      345
  SINCE SEP 1   1151                      1043    108      848
  SINCE JUL 1   1151                      1057     94      852

 COOLING
  YESTERDAY        0                         0      0        0
  MONTH TO DATE    0                         0      0        0
  SINCE SEP 1    113                         2    111       28
  SINCE JAN 1   1058                       790    268      801
..................................................................


WIND (MPH)
  HIGHEST WIND SPEED    14   HIGHEST WIND DIRECTION    NW (330)
  HIGHEST GUST SPEED    MM   HIGHEST GUST DIRECTION    MM
  AVERAGE WIND SPEED     4.4


SKY COVER
  POSSIBLE SUNSHINE  MM
  AVERAGE SKY COVER 0.4


WEATHER CONDITIONS
 THE FOLLOWING WEATHER WAS RECORDED YESTERDAY.
  RAIN
  LIGHT RAIN
  FOG


RELATIVE HUMIDITY (PERCENT)
 HIGHEST   100          1200 AM
 LOWEST     76           600 PM
 AVERAGE    88

..........................................................


THE WENATCHEE WA PANGBORN FIELD CLIMATE NORMALS FOR TODAY
                         NORMAL    RECORD    YEAR
 MAXIMUM TEMPERATURE (F)   41        56      1965
 MINIMUM TEMPERATURE (F)   30         7      1985


SUNRISE AND SUNSET
NOVEMBER 21 2017......SUNRISE   715 AM PST   SUNSET   419 PM PST
NOVEMBER 22 2017......SUNRISE   716 AM PST   SUNSET   418 PM PST


-  INDICATES NEGATIVE NUMBERS.
R  INDICATES RECORD WAS SET OR TIED.
MM INDICATES DATA IS MISSING.
T  INDICATES TRACE AMOUNT.




$$
