000
CDUS46 KOTX 280821
CLIEAT


CLIMATE REPORT
NATIONAL WEATHER SERVICE SPOKANE, WA
120 AM PDT THU MAY 28 2015


...................................

...THE WENATCHEE WA PANGBORN FIELD CLIMATE SUMMARY FOR MAY 27 2015...

CLIMATE NORMAL PERIOD 1981 TO 2010
CLIMATE RECORD PERIOD 1959 TO 2015


WEATHER ITEM   OBSERVED TIME   RECORD YEAR NORMAL DEPARTURE LAST
                VALUE   (LST)  VALUE       VALUE  FROM      YEAR
                                                  NORMAL
..................................................................
TEMPERATURE (F)
 YESTERDAY
  MAXIMUM         84    357 PM  89    2005  74     10       74
  MINIMUM         56    502 AM  39    1977  52      4       49
  AVERAGE         70                        63      7       62

PRECIPITATION (IN)
  YESTERDAY        0.00          0.33 1982   0.03  -0.03      T
  MONTH TO DATE    1.17                      0.57   0.60     0.18
  SINCE OCT 1      6.83                      6.49   0.34     2.87
  SINCE JAN 1      3.65                      3.54   0.11     2.31

SNOWFALL (IN)
  YESTERDAY       MM

DEGREE DAYS
 HEATING
  YESTERDAY        0                         4     -4        3
  MONTH TO DATE   74                       185   -111       72
  SINCE MAR 1    869                      1237   -368     1046
  SINCE JUL 1   4498                      5701  -1203     5616

 COOLING
  YESTERDAY        5                         2      3        0
  MONTH TO DATE   56                        28     28       54
  SINCE MAR 1     56                        66    -10       54
  SINCE JAN 1     56                        66    -10       54
..................................................................


WIND (MPH)
  HIGHEST WIND SPEED    14   HIGHEST WIND DIRECTION    NW (300)
  HIGHEST GUST SPEED    17   HIGHEST GUST DIRECTION    NW (310)
  AVERAGE WIND SPEED     6.3


SKY COVER
  POSSIBLE SUNSHINE  MM
  AVERAGE SKY COVER 0.1


WEATHER CONDITIONS
 THE FOLLOWING WEATHER WAS RECORDED YESTERDAY.
  NO SIGNIFICANT WEATHER WAS OBSERVED.


RELATIVE HUMIDITY (PERCENT)
 HIGHEST    77           500 AM
 LOWEST     18           400 PM
 AVERAGE    48

..........................................................


THE WENATCHEE WA PANGBORN FIELD CLIMATE NORMALS FOR TODAY
                         NORMAL    RECORD    YEAR
 MAXIMUM TEMPERATURE (F)   74        94      1983
 MINIMUM TEMPERATURE (F)   52        41      1998


SUNRISE AND SUNSET
MAY 28 2015...........SUNRISE   511 AM PDT   SUNSET   846 PM PDT
MAY 29 2015...........SUNRISE   510 AM PDT   SUNSET   847 PM PDT


-  INDICATES NEGATIVE NUMBERS.
R  INDICATES RECORD WAS SET OR TIED.
MM INDICATES DATA IS MISSING.
T  INDICATES TRACE AMOUNT.




$$
