000
CDUS43 KMPX 270623
CLIEAU


CLIMATE REPORT
NATIONAL WEATHER SERVICE CHANHASSEN MN
122 AM CDT SAT AUG 27 2016


...................................

...THE EAU CLAIRE WI CLIMATE SUMMARY FOR AUGUST 26 2016...

CLIMATE NORMAL PERIOD 1981 TO 2010
CLIMATE RECORD PERIOD 1893 TO 2016


WEATHER ITEM   OBSERVED TIME   RECORD YEAR NORMAL DEPARTURE LAST
                VALUE   (LST)  VALUE       VALUE  FROM      YEAR
                                                  NORMAL
..................................................................
TEMPERATURE (F)
 YESTERDAY
  MAXIMUM         74    248 PM  97    1948  79     -5       75
  MINIMUM         53    542 AM  40    1964  57     -4       45
                                      1896
  AVERAGE         64                        68     -4       60

PRECIPITATION (IN)
  YESTERDAY        0.00          2.43 1983   0.14  -0.14     0.00
  MONTH TO DATE    4.76                      3.82   0.94     7.07
  SINCE JUN 1     14.56                     11.83   2.73    17.99
  SINCE JAN 1     26.75                     21.47   5.28    27.44

SNOWFALL (IN)
  YESTERDAY        0.0           0.0    MM   0.0    0.0      0.0
  MONTH TO DATE    0.0                       0.0    0.0      0.0
  SINCE JUN 1      0.0                       0.0    0.0      0.0
  SINCE JUL 1      0.0                       0.0    0.0      0.0
  SNOW DEPTH       0

DEGREE DAYS
 HEATING
  YESTERDAY        1                         1      0        5
  MONTH TO DATE    4                        21    -17       31
  SINCE JUN 1     40                        94    -54       75
  SINCE JUL 1      8                        32    -24       47

 COOLING
  YESTERDAY        0                         4     -4        0
  MONTH TO DATE  177                       141     36      116
  SINCE JUN 1    524                       475     49      378
  SINCE JAN 1    564                       507     57      396
..................................................................


WIND (MPH)
  HIGHEST WIND SPEED     8   HIGHEST WIND DIRECTION    SW (220)
  HIGHEST GUST SPEED    10   HIGHEST GUST DIRECTION    SW (220)
  AVERAGE WIND SPEED     2.7


SKY COVER
  POSSIBLE SUNSHINE  MM
  AVERAGE SKY COVER 0.1


WEATHER CONDITIONS
 THE FOLLOWING WEATHER WAS RECORDED YESTERDAY.
  NO SIGNIFICANT WEATHER WAS OBSERVED.


RELATIVE HUMIDITY (PERCENT)
 HIGHEST   100           500 AM
 LOWEST     46           200 PM
 AVERAGE    73

..........................................................


THE EAU CLAIRE WI CLIMATE NORMALS FOR TODAY
                         NORMAL    RECORD    YEAR
 MAXIMUM TEMPERATURE (F)   79        96      2013
 MINIMUM TEMPERATURE (F)   57        40      1916
                                             1915
                                             1896


SUNRISE AND SUNSET
AUGUST 27 2016........SUNRISE   623 AM CDT   SUNSET   751 PM CDT
AUGUST 28 2016........SUNRISE   624 AM CDT   SUNSET   749 PM CDT


-  INDICATES NEGATIVE NUMBERS.
R  INDICATES RECORD WAS SET OR TIED.
MM INDICATES DATA IS MISSING.
T  INDICATES TRACE AMOUNT.




$$
