000
CDUS43 KMPX 200643
CLIEAU


CLIMATE REPORT
NATIONAL WEATHER SERVICE CHANHASSEN MN
1243 AM CST TUE FEB 20 2018


...................................

...THE EAU CLAIRE WI CLIMATE SUMMARY FOR FEBRUARY 19 2018...

CLIMATE NORMAL PERIOD 1981 TO 2010
CLIMATE RECORD PERIOD 1893 TO 2018


WEATHER ITEM   OBSERVED TIME   RECORD YEAR NORMAL DEPARTURE LAST
                VALUE   (LST)  VALUE       VALUE  FROM      YEAR
                                                  NORMAL
..................................................................
TEMPERATURE (F)
 YESTERDAY
  MAXIMUM         33   1203 AM  60    2017  30      3       60
                                      1930
  MINIMUM         21   1159 PM -26    1929  11     10       25
  AVERAGE         27                        21      6       43

PRECIPITATION (IN)
  YESTERDAY        0.04          0.62 2002   0.03   0.01     0.00
  MONTH TO DATE    0.41                      0.52  -0.11     0.01
  SINCE DEC 1      2.58                      2.41   0.17     4.46
  SINCE JAN 1      1.67                      1.41   0.26     2.36

SNOWFALL (IN)
  YESTERDAY        0.2           5.0  1898   0.3   -0.1      0.0
  MONTH TO DATE    6.3                       5.1    1.2       T
  SINCE DEC 1     28.8                      27.8    1.0     36.5
  SINCE JUL 1     32.1                      34.1   -2.0     38.2
  SNOW DEPTH       5

DEGREE DAYS
 HEATING
  YESTERDAY       38                        44     -6       22
  MONTH TO DATE 1043                       896    147      768
  SINCE DEC 1   4132                      3894    238     3633
  SINCE JUL 1   5773                      5640    133     4842

 COOLING
  YESTERDAY        0                         0      0        0
  MONTH TO DATE    0                         0      0        0
  SINCE DEC 1      0                         0      0        0
  SINCE JAN 1      0                         0      0        0
..................................................................


WIND (MPH)
  HIGHEST WIND SPEED    20   HIGHEST WIND DIRECTION    NE (50)
  HIGHEST GUST SPEED    30   HIGHEST GUST DIRECTION    NE (40)
  AVERAGE WIND SPEED    11.0


SKY COVER
  POSSIBLE SUNSHINE  MM
  AVERAGE SKY COVER 0.8


WEATHER CONDITIONS
 THE FOLLOWING WEATHER WAS RECORDED YESTERDAY.
  LT FREEZING RAIN
  LIGHT SNOW
  FOG
  HAZE


RELATIVE HUMIDITY (PERCENT)
 HIGHEST   100           900 PM
 LOWEST     75          1200 AM
 AVERAGE    88

..........................................................


THE EAU CLAIRE WI CLIMATE NORMALS FOR TODAY
                         NORMAL    RECORD    YEAR
 MAXIMUM TEMPERATURE (F)   31        59      1930
 MINIMUM TEMPERATURE (F)   12       -30      1929


SUNRISE AND SUNSET
FEBRUARY 20 2018......SUNRISE   659 AM CST   SUNSET   541 PM CST
FEBRUARY 21 2018......SUNRISE   657 AM CST   SUNSET   543 PM CST


-  INDICATES NEGATIVE NUMBERS.
R  INDICATES RECORD WAS SET OR TIED.
MM INDICATES DATA IS MISSING.
T  INDICATES TRACE AMOUNT.




$$
