000
CDUS43 KMPX 242219
CLIEAU


CLIMATE REPORT
NATIONAL WEATHER SERVICE CHANHASSEN MN
418 PM CST TUE JAN 24 2017


...................................

...THE EAU CLAIRE WI CLIMATE SUMMARY FOR JANUARY 24 2017...
VALID AS OF 0400 PM LOCAL TIME.

CLIMATE NORMAL PERIOD 1981 TO 2010
CLIMATE RECORD PERIOD 1893 TO 2017


WEATHER ITEM   OBSERVED TIME   RECORD YEAR NORMAL DEPARTURE LAST
                VALUE   (LST)  VALUE       VALUE  FROM      YEAR
                                                  NORMAL
..................................................................
TEMPERATURE (F)
 TODAY
  MAXIMUM         34    259 PM  53    1992  24     10       28
  MINIMUM         31    845 AM -34    1935   5     26       21
  AVERAGE         33                        14     19       25

PRECIPITATION (IN)
  TODAY            0.00          1.37 1967   0.03  -0.03      T
  MONTH TO DATE    1.96                      0.69   1.27     0.36
  SINCE DEC 1      4.06                      1.69   2.37     4.20
  SINCE JAN 1      1.96                      0.69   1.27     0.36

SNOWFALL (IN)
  TODAY            0.0           8.5  1929   0.4   -0.4       T
  MONTH TO DATE   11.4                      10.2    1.2      4.2
  SINCE DEC 1     30.6                      19.7   10.9     13.6
  SINCE JUL 1     32.3                      26.0    6.3     15.0
  SNOW DEPTH       3

DEGREE DAYS
 HEATING
  TODAY           32                        51    -19       40
  MONTH TO DATE 1160                      1219    -59     1247
  SINCE DEC 1   2571                      2649    -78     2301
  SINCE JUL 1   3780                      4395   -615     3663

 COOLING
  TODAY            0                         0      0        0
  MONTH TO DATE    0                         0      0        0
  SINCE DEC 1      0                         0      0        0
  SINCE JAN 1      0                         0      0        0
..................................................................


WIND (MPH)
  HIGHEST WIND SPEED     8   HIGHEST WIND DIRECTION    NE (60)
  HIGHEST GUST SPEED    10   HIGHEST GUST DIRECTION    NE (40)
  AVERAGE WIND SPEED     2.8


SKY COVER
  POSSIBLE SUNSHINE  MM
  AVERAGE SKY COVER 1.0


WEATHER CONDITIONS
 THE FOLLOWING WEATHER WAS RECORDED TODAY.
  FOG


RELATIVE HUMIDITY (PERCENT)
 HIGHEST   100           700 AM
 LOWEST     82           100 PM
 AVERAGE    91

..........................................................


THE EAU CLAIRE WI CLIMATE NORMALS FOR TOMORROW
                         NORMAL    RECORD    YEAR
 MAXIMUM TEMPERATURE (F)   24        55      1944
 MINIMUM TEMPERATURE (F)    5       -33      1904


SUNRISE AND SUNSET
JANUARY 24 2017.......SUNRISE   733 AM CST   SUNSET   503 PM CST
JANUARY 25 2017.......SUNRISE   732 AM CST   SUNSET   505 PM CST


-  INDICATES NEGATIVE NUMBERS.
R  INDICATES RECORD WAS SET OR TIED.
MM INDICATES DATA IS MISSING.
T  INDICATES TRACE AMOUNT.




$$
