384
CDUS42 KAKQ 290546
CLIECG


CLIMATE REPORT
NATIONAL WEATHER SERVICE WAKEFIELD, VA
145 AM EDT MON MAY 29 2017


...................................

...THE ELIZABETH CITY NC CLIMATE SUMMARY FOR MAY 28 2017...

CLIMATE NORMAL PERIOD 1981 TO 2010
CLIMATE RECORD PERIOD 1934 TO 2017


WEATHER ITEM   OBSERVED TIME   RECORD YEAR NORMAL DEPARTURE LAST
                VALUE   (LST)  VALUE       VALUE  FROM      YEAR
                                                  NORMAL
..................................................................
TEMPERATURE (F)
 YESTERDAY
  MAXIMUM         83    114 PM 100    1941  80      3       82
  MINIMUM         65   1204 AM  38    1997  61      4       58
  AVERAGE         74                        70      4       70

PRECIPITATION (IN)
  YESTERDAY        0.64R         0.64 1934   0.13   0.51     0.00
  MONTH TO DATE    6.03                      3.21   2.82     2.81
  SINCE MAR 1     12.34                     10.33   2.01     9.07
  SINCE JAN 1     16.95                     16.77   0.18    16.66

SNOWFALL (IN)
  YESTERDAY        0.0           0.0  2002  MM     MM
  MONTH TO DATE    0.0                      MM     MM
  SINCE NOV 1      1.2                      MM     MM
  SINCE JUL 1      1.2                      MM     MM
  SNOW DEPTH       0

DEGREE DAYS
 HEATING
  YESTERDAY        0                         1     -1        0
  MONTH TO DATE   34                        66    -32       58
  SINCE MAR 1    592                       755   -163      570
  SINCE JUL 1   2687                      3227   -540     2481

 COOLING
  YESTERDAY        9                         6      3        5
  MONTH TO DATE  126                       102     24       86
  SINCE MAR 1    257                       142    115      141
  SINCE JAN 1    260                       144    116      141
..................................................................


WIND (MPH)
  HIGHEST WIND SPEED    15   HIGHEST WIND DIRECTION    SW (210)
  HIGHEST GUST SPEED    22   HIGHEST GUST DIRECTION    SW (230)
  AVERAGE WIND SPEED     5.8


SKY COVER
  POSSIBLE SUNSHINE  MM
  AVERAGE SKY COVER 0.3


WEATHER CONDITIONS
 THE FOLLOWING WEATHER WAS RECORDED YESTERDAY.
  THUNDERSTORM
  HEAVY RAIN
  RAIN
  LIGHT RAIN
  FOG


RELATIVE HUMIDITY (PERCENT)
 HIGHEST   100          1200 AM
 LOWEST     74          1200 PM
 AVERAGE    87

..........................................................


THE ELIZABETH CITY NC CLIMATE NORMALS FOR TODAY
                         NORMAL    RECORD    YEAR
 MAXIMUM TEMPERATURE (F)   80        99      1941
 MINIMUM TEMPERATURE (F)   61        37      1997


SUNRISE AND SUNSET
MAY 29 2017...........SUNRISE   550 AM EDT   SUNSET   815 PM EDT
MAY 30 2017...........SUNRISE   549 AM EDT   SUNSET   816 PM EDT


-  INDICATES NEGATIVE NUMBERS.
R  INDICATES RECORD WAS SET OR TIED.
MM INDICATES DATA IS MISSING.
T  INDICATES TRACE AMOUNT.




$$
