000
CDUS42 KAKQ 220534
CLIECG


CLIMATE REPORT
NATIONAL WEATHER SERVICE WAKEFIELD, VA
132 AM EDT FRI MAY 22 2015


...................................

...THE ELIZABETH CITY NC CLIMATE SUMMARY FOR MAY 21 2015...

CLIMATE NORMAL PERIOD 1981 TO 2010
CLIMATE RECORD PERIOD 1934 TO 2015


WEATHER ITEM   OBSERVED TIME   RECORD YEAR NORMAL DEPARTURE LAST
                VALUE   (LST)  VALUE       VALUE  FROM      YEAR
                                                  NORMAL
..................................................................
TEMPERATURE (F)
 YESTERDAY
  MAXIMUM         78    244 PM  94    1996  78      0       84
  MINIMUM         59   1159 PM  41    2002  58      1       63
  AVERAGE         69                        68      1       74

PRECIPITATION (IN)
  YESTERDAY        0.30          1.19 1946   0.12   0.18     0.00
  MONTH TO DATE    3.42                      2.30   1.12     2.14
  SINCE MAR 1     10.50                      9.42   1.08    10.63
  SINCE JAN 1     17.30                     15.86   1.44    14.77

SNOWFALL (IN)
  YESTERDAY        0.0           0.0  2002  MM     MM
  MONTH TO DATE    0.0                      MM     MM
  SINCE NOV 1      T                        MM     MM
  SINCE JUL 1      T                        MM     MM
  SNOW DEPTH       0

DEGREE DAYS
 HEATING
  YESTERDAY        0                         1     -1        0
  MONTH TO DATE   26                        59    -33       22
  SINCE MAR 1    698                       748    -50      760
  SINCE JUL 1   3232                      3220     12     3335

 COOLING
  YESTERDAY        4                         4      0        9
  MONTH TO DATE  106                        64     42      118
  SINCE MAR 1    139                       104     35      147
  SINCE JAN 1    141                       106     35      147
..................................................................


WIND (MPH)
  HIGHEST WIND SPEED    24   HIGHEST WIND DIRECTION     N (340)
  HIGHEST GUST SPEED    32   HIGHEST GUST DIRECTION    NW (320)
  AVERAGE WIND SPEED    12.8


SKY COVER
  POSSIBLE SUNSHINE  MM
  AVERAGE SKY COVER 0.8


WEATHER CONDITIONS
 THE FOLLOWING WEATHER WAS RECORDED YESTERDAY.
  THUNDERSTORM
  HEAVY RAIN
  LIGHT RAIN
  FOG


RELATIVE HUMIDITY (PERCENT)
 HIGHEST    97           500 PM
 LOWEST     63           800 AM
 AVERAGE    80

..........................................................


THE ELIZABETH CITY NC CLIMATE NORMALS FOR TODAY
                         NORMAL    RECORD    YEAR
 MAXIMUM TEMPERATURE (F)   78        96      1941
 MINIMUM TEMPERATURE (F)   59        44      1981


SUNRISE AND SUNSET
MAY 22 2015...........SUNRISE   554 AM EDT   SUNSET   810 PM EDT
MAY 23 2015...........SUNRISE   553 AM EDT   SUNSET   810 PM EDT


-  INDICATES NEGATIVE NUMBERS.
R  INDICATES RECORD WAS SET OR TIED.
MM INDICATES DATA IS MISSING.
T  INDICATES TRACE AMOUNT.




$$
