000
CDUS42 KAKQ 162127
CLIECG


CLIMATE REPORT
NATIONAL WEATHER SERVICE WAKEFIELD, VA
526 PM EDT WED APR 16 2014


...................................

...THE ELIZABETH CITY NC CLIMATE SUMMARY FOR APRIL 16 2014...
VALID TODAY AS OF 0500 PM LOCAL TIME.

CLIMATE NORMAL PERIOD 1981 TO 2010
CLIMATE RECORD PERIOD 1934 TO 2014


WEATHER ITEM   OBSERVED TIME   RECORD YEAR NORMAL DEPARTURE LAST
                VALUE   (LST)  VALUE       VALUE  FROM      YEAR
                                                  NORMAL
..................................................................
TEMPERATURE (F)
 TODAY
  MAXIMUM         50    359 PM  90    1941  70    -20       71
  MINIMUM         37    607 AM  31    1943  48    -11       56
  AVERAGE         44

PRECIPITATION (IN)
  TODAY            0.03          1.24 1983   0.09  -0.06     0.02
  MONTH TO DATE    2.24                      1.77   0.47     0.94
  SINCE MAR 1      4.65                      5.75  -1.10     2.70
  SINCE JAN 1      8.79                     12.19  -3.40     7.75

SNOWFALL (IN)
  TODAY           MM
  MONTH TO DATE    0.0
  SINCE NOV 1     10.2
  SINCE JUL 1     10.2
  SNOW DEPTH       0

DEGREE DAYS
 HEATING
  TODAY           21
  MONTH TO DATE   78
  SINCE MAR 1    626
  SINCE JUL 1   3199

 COOLING
  TODAY            0
  MONTH TO DATE   22
  SINCE MAR 1     22
  SINCE JAN 1     22
..................................................................


WIND (MPH)
  RESULTANT WIND SPEED  19   RESULTANT WIND DIRECTION   N (350)
  HIGHEST WIND SPEED    35   HIGHEST WIND DIRECTION     N (340)
  HIGHEST GUST SPEED    44   HIGHEST GUST DIRECTION     N (340)


SKY COVER
  POSSIBLE SUNSHINE  MM
  AVERAGE SKY COVER 0.3


WEATHER CONDITIONS
 THE FOLLOWING WEATHER WAS RECORDED TODAY.
  RAIN
  LIGHT RAIN
  FOG


RELATIVE HUMIDITY (PERCENT)
 HIGHEST    85
 LOWEST     46
 AVERAGE    66

..........................................................


THE ELIZABETH CITY NC CLIMATE NORMALS FOR TOMORROW
                         NORMAL    RECORD    YEAR
 MAXIMUM TEMPERATURE (F)   70        92      1976
 MINIMUM TEMPERATURE (F)   48        32      2009
                                             1966


SUNRISE AND SUNSET
APRIL 16 2014.........SUNRISE   630 AM EDT   SUNSET   740 PM EDT
APRIL 17 2014.........SUNRISE   629 AM EDT   SUNSET   740 PM EDT


-  INDICATES NEGATIVE NUMBERS.
R  INDICATES RECORD WAS SET OR TIED.
MM INDICATES DATA IS MISSING.
T  INDICATES TRACE AMOUNT.




$$
