200
CDUS42 KAKQ 240529
CLIECG


CLIMATE REPORT
NATIONAL WEATHER SERVICE WAKEFIELD, VA
127 AM EDT TUE MAY 24 2016


...................................

...THE ELIZABETH CITY NC CLIMATE SUMMARY FOR MAY 23 2016...

CLIMATE NORMAL PERIOD 1981 TO 2010
CLIMATE RECORD PERIOD 1934 TO 2016


WEATHER ITEM   OBSERVED TIME   RECORD YEAR NORMAL DEPARTURE LAST
                VALUE   (LST)  VALUE       VALUE  FROM      YEAR
                                                  NORMAL
..................................................................
TEMPERATURE (F)
 YESTERDAY
  MAXIMUM         68    227 PM 101    1941  79    -11       71
  MINIMUM         55   1031 PM  44    2002  59     -4       55
  AVERAGE         62                        69     -7       63

PRECIPITATION (IN)
  YESTERDAY        0.04          1.23 1972   0.12  -0.08     0.00
  MONTH TO DATE    2.81                      2.54   0.27     3.42
  SINCE MAR 1      9.07                      9.66  -0.59    10.50
  SINCE JAN 1     16.66                     16.10   0.56    17.30

SNOWFALL (IN)
  YESTERDAY        0.0           0.0  2002  MM     MM
  MONTH TO DATE    0.0                      MM     MM
  SINCE NOV 1      1.8                      MM     MM
  SINCE JUL 1      1.8                      MM     MM
  SNOW DEPTH       0

DEGREE DAYS
 HEATING
  YESTERDAY        3                         1      2        2
  MONTH TO DATE   58                        61     -3       29
  SINCE MAR 1    570                       750   -180      701
  SINCE JUL 1   2481                      3222   -741     3235

 COOLING
  YESTERDAY        0                         5     -5        0
  MONTH TO DATE   48                        74    -26      106
  SINCE MAR 1    103                       114    -11      139
  SINCE JAN 1    103                       116    -13      141
..................................................................


WIND (MPH)
  HIGHEST WIND SPEED    23   HIGHEST WIND DIRECTION    NE (30)
  HIGHEST GUST SPEED    29   HIGHEST GUST DIRECTION     N (20)
  AVERAGE WIND SPEED     9.4


SKY COVER
  POSSIBLE SUNSHINE  MM
  AVERAGE SKY COVER 0.8


WEATHER CONDITIONS
 THE FOLLOWING WEATHER WAS RECORDED YESTERDAY.
  LIGHT RAIN
  FOG


RELATIVE HUMIDITY (PERCENT)
 HIGHEST   100          1200 AM
 LOWEST     56           200 PM
 AVERAGE    78

..........................................................


THE ELIZABETH CITY NC CLIMATE NORMALS FOR TODAY
                         NORMAL    RECORD    YEAR
 MAXIMUM TEMPERATURE (F)   79        95      2011
 MINIMUM TEMPERATURE (F)   59        46      2006


SUNRISE AND SUNSET
MAY 24 2016...........SUNRISE   552 AM EDT   SUNSET   812 PM EDT
MAY 25 2016...........SUNRISE   551 AM EDT   SUNSET   812 PM EDT


-  INDICATES NEGATIVE NUMBERS.
R  INDICATES RECORD WAS SET OR TIED.
MM INDICATES DATA IS MISSING.
T  INDICATES TRACE AMOUNT.




$$
