000
CDUS42 KAKQ 220828
CLIECG


CLIMATE REPORT
NATIONAL WEATHER SERVICE WAKEFIELD, VA
328 AM EST MON DEC 22 2014


...................................

...THE ELIZABETH CITY NC CLIMATE SUMMARY FOR DECEMBER 21 2014...

CLIMATE NORMAL PERIOD 1981 TO 2010
CLIMATE RECORD PERIOD 1934 TO 2014


WEATHER ITEM   OBSERVED TIME   RECORD YEAR NORMAL DEPARTURE LAST
                VALUE   (LST)  VALUE       VALUE  FROM      YEAR
                                                  NORMAL
..................................................................
TEMPERATURE (F)
 YESTERDAY
  MAXIMUM         51    208 PM  72    2013  53     -2       72
  MINIMUM         34    211 AM   9    1942  33      1       55
  AVERAGE         43                        43      0       64

PRECIPITATION (IN)
  YESTERDAY        0.00          0.92 1993   0.08  -0.08     0.00
  MONTH TO DATE    0.70                      1.78  -1.08     2.92
  SINCE DEC 1      0.70                      1.78  -1.08     2.92
  SINCE JAN 1     37.99                     45.80  -7.81    42.51

SNOWFALL (IN)
  YESTERDAY        0.0           T    1958  MM     MM
  MONTH TO DATE    0.0                      MM     MM
  SINCE NOV 1      0.0                      MM     MM
  SINCE JUL 1      0.0                      MM     MM
  SNOW DEPTH       0

DEGREE DAYS
 HEATING
  YESTERDAY       22                        22      0        1
  MONTH TO DATE  330                       410    -80      370
  SINCE DEC 1    330                       410    -80      370
  SINCE JUL 1    845                       925    -80      933

 COOLING
  YESTERDAY        0                         0      0        0
  MONTH TO DATE    0                         0      0        7
  SINCE DEC 1      0                         0      0        7
  SINCE JAN 1   1586                      1588     -2     1672
..................................................................


WIND (MPH)
  HIGHEST WIND SPEED    14   HIGHEST WIND DIRECTION    NE (30)
  HIGHEST GUST SPEED    16   HIGHEST GUST DIRECTION     N (20)
  AVERAGE WIND SPEED     7.8


SKY COVER
  POSSIBLE SUNSHINE  MM
  AVERAGE SKY COVER 0.2


WEATHER CONDITIONS
 THE FOLLOWING WEATHER WAS RECORDED YESTERDAY.
  NO SIGNIFICANT WEATHER WAS OBSERVED.


RELATIVE HUMIDITY (PERCENT)
 HIGHEST    76           300 AM
 LOWEST     50           200 PM
 AVERAGE    63

..........................................................


THE ELIZABETH CITY NC CLIMATE NORMALS FOR TODAY
                         NORMAL    RECORD    YEAR
 MAXIMUM TEMPERATURE (F)   52        78      2013
 MINIMUM TEMPERATURE (F)   33        12      1989


SUNRISE AND SUNSET
DECEMBER 22 2014......SUNRISE   713 AM EST   SUNSET   454 PM EST
DECEMBER 23 2014......SUNRISE   713 AM EST   SUNSET   455 PM EST


-  INDICATES NEGATIVE NUMBERS.
R  INDICATES RECORD WAS SET OR TIED.
MM INDICATES DATA IS MISSING.
T  INDICATES TRACE AMOUNT.




$$
