000
CDUS45 KGJT 250727
CLIEEO


CLIMATE REPORT
NATIONAL WEATHER SERVICE GRAND JUNCTION CO
126 AM MDT MON SEP 25 2017


...................................

...THE MEEKER CO CLIMATE SUMMARY FOR SEPTEMBER 24 2017...

CLIMATE NORMAL PERIOD 1981 TO 2010
CLIMATE RECORD PERIOD 9999 TO 9999


WEATHER ITEM   OBSERVED TIME   RECORD YEAR NORMAL DEPARTURE LAST
                VALUE   (LST)  VALUE       VALUE  FROM      YEAR
                                                  NORMAL
..................................................................
TEMPERATURE (F)
 YESTERDAY
  MAXIMUM         60    128 PM  MM      MM  71    -11       50
  MINIMUM         31   1153 PM  MM      MM  36     -5       40
  AVERAGE         46                        53     -7       45

PRECIPITATION (IN)
  YESTERDAY        0.00         MM      MM   0.07  -0.07     0.15
  MONTH TO DATE    0.70                      1.41  -0.71     1.02
  SINCE SEP 1      0.70                      1.41  -0.71     1.02
  SINCE JAN 1     10.92                     11.27  -0.35    11.49

SNOWFALL (IN)
  YESTERDAY       MM            MM      MM  MM     MM       MM
  MONTH TO DATE   MM                        MM     MM       MM
  SINCE SEP 1     MM                        MM     MM       MM
  SINCE JUL 1     MM                        MM     MM       MM
  SNOW DEPTH      MM

DEGREE DAYS
 HEATING
  YESTERDAY       19                        12      7       20
  MONTH TO DATE  105                       173    -68      151
  SINCE SEP 1    105                       173    -68      151
  SINCE JUL 1    114                       227   -113      214

 COOLING
  YESTERDAY        0                         0      0        0
  MONTH TO DATE   26                         0     26        6
  SINCE SEP 1     26                         0     26        6
  SINCE JAN 1    321                       168    153      225
..................................................................


WIND (MPH)
  HIGHEST WIND SPEED    29   HIGHEST WIND DIRECTION    SW (210)
  HIGHEST GUST SPEED    39   HIGHEST GUST DIRECTION    SW (210)
  AVERAGE WIND SPEED     8.0


SKY COVER
  POSSIBLE SUNSHINE  MM
  AVERAGE SKY COVER 0.3


WEATHER CONDITIONS
 THE FOLLOWING WEATHER WAS RECORDED YESTERDAY.
  NO SIGNIFICANT WEATHER WAS OBSERVED.


RELATIVE HUMIDITY (PERCENT)
 HIGHEST    96           400 AM
 LOWEST     19           400 PM
 AVERAGE    58

..........................................................


THE MEEKER CO CLIMATE NORMALS FOR TODAY
                         NORMAL    RECORD    YEAR
 MAXIMUM TEMPERATURE (F)   70        MM        MM
 MINIMUM TEMPERATURE (F)   36        MM        MM


SUNRISE AND SUNSET
SEPTEMBER 25 2017.....SUNRISE   702 AM MDT   SUNSET   703 PM MDT
SEPTEMBER 26 2017.....SUNRISE   703 AM MDT   SUNSET   701 PM MDT


-  INDICATES NEGATIVE NUMBERS.
R  INDICATES RECORD WAS SET OR TIED.
MM INDICATES DATA IS MISSING.
T  INDICATES TRACE AMOUNT.




$$
