000
CDUS45 KGJT 112331
CLIEEO


CLIMATE REPORT
NATIONAL WEATHER SERVICE GRAND JUNCTION CO
528 PM MDT FRI JUL 11 2014


...................................

...THE MEEKER CO CLIMATE SUMMARY FOR JULY 11 2014...
VALID TODAY AS OF 0500 PM LOCAL TIME.

CLIMATE NORMAL PERIOD 1981 TO 2010
CLIMATE RECORD PERIOD 9999 TO 9999


WEATHER ITEM   OBSERVED TIME   RECORD YEAR NORMAL DEPARTURE LAST
                VALUE   (LST)  VALUE       VALUE  FROM      YEAR
                                                  NORMAL
..................................................................
TEMPERATURE (F)
 TODAY
  MAXIMUM         85    359 PM  MM      MM  86     -1       92
  MINIMUM         59    516 AM  MM      MM  48     11       48
  AVERAGE         72                        67      5       70

PRECIPITATION (IN)
  TODAY            0.03         MM      MM   0.03   0.00     0.07
  MONTH TO DATE    0.05                      0.36  -0.31     0.56
  SINCE JUN 1      0.55                      1.60  -1.05     0.63
  SINCE JAN 1      7.98                      7.75   0.23     7.00

SNOWFALL (IN)
  TODAY           MM            MM      MM  MM     MM       MM
  MONTH TO DATE   MM                        MM     MM       MM
  SINCE JUN 1     MM                        MM     MM       MM
  SINCE JUL 1     MM                        MM     MM       MM
  SNOW DEPTH      MM

DEGREE DAYS
 HEATING
  TODAY            0                         1     -1        0
  MONTH TO DATE    5                        13     -8        0
  SINCE JUN 1    140                       157    -17       76
  SINCE JUL 1      5                        13     -8        0

 COOLING
  TODAY            7                         2      5        5
  MONTH TO DATE   45                        20     25       52
  SINCE JUN 1     50                        37     13       89
  SINCE JAN 1     51                        38     13       89
..................................................................


WIND (MPH)
  HIGHEST WIND SPEED    25   HIGHEST WIND DIRECTION     E (100)
  HIGHEST GUST SPEED    30   HIGHEST GUST DIRECTION     E (100)
  AVERAGE WIND SPEED     4.0


SKY COVER
  POSSIBLE SUNSHINE  MM
  AVERAGE SKY COVER 0.4


WEATHER CONDITIONS
 THE FOLLOWING WEATHER WAS RECORDED TODAY.
  THUNDERSTORM
  HEAVY RAIN
  RAIN
  LIGHT RAIN
  FOG


RELATIVE HUMIDITY (PERCENT)
 HIGHEST    84           500 AM
 LOWEST     31           400 PM
 AVERAGE    58

..........................................................


THE MEEKER CO CLIMATE NORMALS FOR TOMORROW
                         NORMAL    RECORD    YEAR
 MAXIMUM TEMPERATURE (F)   86        MM        MM
 MINIMUM TEMPERATURE (F)   48        MM        MM


SUNRISE AND SUNSET
JULY 11 2014..........SUNRISE   552 AM MDT   SUNSET   841 PM MDT
JULY 12 2014..........SUNRISE   553 AM MDT   SUNSET   841 PM MDT


-  INDICATES NEGATIVE NUMBERS.
R  INDICATES RECORD WAS SET OR TIED.
MM INDICATES DATA IS MISSING.
T  INDICATES TRACE AMOUNT.




$$
