000
CDUS44 KBMX 182219
CLIEET


CLIMATE REPORT
NATIONAL WEATHER SERVICE BIRMINGHAM, AL
419 PM CST MON DEC 18 2017


...................................

...THE SHELBY COUNTY AIRPORT CLIMATE SUMMARY FOR DECEMBER 18 2017...
VALID TODAY AS OF 0400 PM LOCAL TIME.

CLIMATE NORMAL PERIOD 1981 TO 2010
CLIMATE RECORD PERIOD 9999 TO 9999


WEATHER ITEM   OBSERVED TIME   RECORD YEAR NORMAL DEPARTURE LAST
                VALUE   (LST)  VALUE       VALUE  FROM      YEAR
                                                  NORMAL
..................................................................
TEMPERATURE (F)
 TODAY
  MAXIMUM         58    259 PM  MM      MM  55      3       71
  MINIMUM         47    222 AM  MM      MM  36     11       30
  AVERAGE         53                        46      7       51

PRECIPITATION (IN)
  TODAY            0.01                      0.15  -0.14     0.30
  MONTH TO DATE    1.73                      2.81  -1.08     1.67
  SINCE DEC 1      1.73                      2.81  -1.08     1.67
  SINCE JAN 1     61.74                     52.69   9.05    36.93

SNOWFALL (IN)
  TODAY            0.0                      MM     MM       MM
  MONTH TO DATE    5.0                      MM     MM        0.0
  SINCE DEC 1      5.0                      MM     MM        0.0
  SINCE JUL 1      5.0                      MM     MM        0.0
  SNOW DEPTH       0

DEGREE DAYS
 HEATING
  TODAY           12                        19     -7       14
  MONTH TO DATE  344                       312     32      290
  SINCE DEC 1    344                       312     32      290
  SINCE JUL 1    729                       756    -27      526
..................................................................


WIND (MPH)
  HIGHEST WIND SPEED     6   HIGHEST WIND DIRECTION    SW (210)
  HIGHEST GUST SPEED     8   HIGHEST GUST DIRECTION    SW (210)
  AVERAGE WIND SPEED     0.0


SKY COVER
  POSSIBLE SUNSHINE  MM
  AVERAGE SKY COVER 1.0


WEATHER CONDITIONS
 THE FOLLOWING WEATHER WAS RECORDED TODAY.
  LIGHT RAIN
  FOG
  FOG W/VISIBILITY <= 1/4 MILE


RELATIVE HUMIDITY (PERCENT)
 HIGHEST   100          1200 AM
 LOWEST     93           200 PM
 AVERAGE    97

..........................................................


THE SHELBY COUNTY AIRPORT CLIMATE NORMALS FOR TOMORROW
                         NORMAL    RECORD    YEAR
 MAXIMUM TEMPERATURE (F)   55        MM        MM
 MINIMUM TEMPERATURE (F)   36        MM        MM


SUNRISE AND SUNSET
DECEMBER 18 2017......SUNRISE   645 AM CST   SUNSET   443 PM CST
DECEMBER 19 2017......SUNRISE   646 AM CST   SUNSET   443 PM CST


-  INDICATES NEGATIVE NUMBERS.
R  INDICATES RECORD WAS SET OR TIED.
MM INDICATES DATA IS MISSING.
T  INDICATES TRACE AMOUNT.




$$
