000
CDUS46 KEKA 250026
CLIEKA


CLIMATE REPORT
NATIONAL WEATHER SERVICE EUREKA CA
423 PM PST WED DEC 24 2014


...................................

...THE EUREKA CA CLIMATE SUMMARY FOR DECEMBER 24 2014...
VALID TODAY AS OF 0400 PM LOCAL TIME.

CLIMATE NORMAL PERIOD 1981 TO 2010
CLIMATE RECORD PERIOD 1886 TO 2014


WEATHER ITEM   OBSERVED RECORD YEAR NORMAL DEPARTURE LAST
                VALUE   VALUE       VALUE  FROM      YEAR
                                           NORMAL
...........................................................
TEMPERATURE (F)
 TODAY
  MAXIMUM         53     66    1980  55     -2       46
                               1963
                               1935
  MINIMUM         48     28    1998  40      8       39
                               1990
  AVERAGE         51                 48      3       43

PRECIPITATION (IN)
  TODAY            0.48   1.54 1940   0.26   0.22     0.01
  MONTH TO DATE    9.43               6.37   3.06     0.56
  SINCE JUL 1     21.19              15.30   5.89     5.12
  SINCE JAN 1     37.18              38.58  -1.40    16.60

SNOWFALL (IN)
  TODAY           MM      0.0  2001   0.0   MM        0.0
  MONTH TO DATE    0.0                0.0    0.0       T
  SINCE DEC 1      0.0                0.0    0.0       T
  SINCE JUL 1      0.0                0.0    0.0       T
  SNOW DEPTH      MM

...........................................................


WIND (MPH)
  HIGHEST WIND SPEED    35   HIGHEST WIND DIRECTION     N (340)
  HIGHEST GUST SPEED    52   HIGHEST GUST DIRECTION     N (340)
  AVERAGE WIND SPEED    11.4


SKY COVER
  AVERAGE SKY COVER 0.9


WEATHER CONDITIONS
 THE FOLLOWING WEATHER WAS RECORDED TODAY.
  HEAVY RAIN
  RAIN
  LIGHT RAIN
  FOG


..........................................................


THE EUREKA CA CLIMATE NORMALS FOR TOMORROW
                         NORMAL    RECORD    YEAR
 MAXIMUM TEMPERATURE (F)   55        68      1980
 MINIMUM TEMPERATURE (F)   41        30      2007
                                             1997
                                             1924


SUNRISE AND SUNSET
DECEMBER 24 2014......SUNRISE   739 AM PST   SUNSET   454 PM PST
DECEMBER 25 2014......SUNRISE   739 AM PST   SUNSET   455 PM PST


-  INDICATES NEGATIVE NUMBERS.
R  INDICATES RECORD WAS SET OR TIED.
MM INDICATES DATA IS MISSING.
T  INDICATES TRACE AMOUNT.




&&

..........................................................

TOTAL SEASON     NORMAL   % OF NORMAL     LAST SEASON

    21.19         15.30        138             5.12


$$
