000
CDUS46 KEKA 231650
CLIEKA


CLIMATE REPORT
NATIONAL WEATHER SERVICE EUREKA CA
850 AM PST THU FEB 23 2017


...................................

...THE EUREKA CA CLIMATE SUMMARY FOR FEBRUARY 22 2017...

CLIMATE NORMAL PERIOD 1981 TO 2010
CLIMATE RECORD PERIOD 1886 TO 2017


WEATHER ITEM   OBSERVED RECORD YEAR NORMAL DEPARTURE LAST
                VALUE   VALUE       VALUE  FROM      YEAR
                                           NORMAL
...........................................................
TEMPERATURE (F)
 YESTERDAY
  MAXIMUM         48     69    1981  56     -8       56
  MINIMUM         38     28    1887  42     -4       43
  AVERAGE         43                 49     -6       50

PRECIPITATION (IN)
  YESTERDAY        0.70   1.52 1891   0.19   0.51     0.00
  MONTH TO DATE   10.01               4.42   5.59     2.63
  SINCE OCT 1     46.29              26.89  19.40    35.41
  SINCE JAN 1     20.52              10.92   9.60    14.69

SNOWFALL (IN)
  YESTERDAY        T     MM      MM   0.0    0.0      0.0
  MONTH TO DATE    T                  0.2   -0.2      0.0
  SINCE DEC 1      T                  0.2   -0.2       T
  SINCE JUL 1      T                  0.2   -0.2       T
  SNOW DEPTH       0

DEGREE DAYS
 HEATING
  YESTERDAY       22                 16      6       15
  MONTH TO DATE  296                352    -56      299
  SINCE DEC 1   1523               1401    122     1231
  SINCE JUL 1   2757               2823    -66     2313

 COOLING
  YESTERDAY        0                  0      0        0
  MONTH TO DATE    0                  0      0        0
  SINCE DEC 1      0                  0      0        0
  SINCE JAN 1      0                  0      0        0
...........................................................


WIND (MPH)
  HIGHEST WIND SPEED    12   HIGHEST WIND DIRECTION     N (340)
  HIGHEST GUST SPEED    21   HIGHEST GUST DIRECTION    MM
  AVERAGE WIND SPEED     5.5


SKY COVER
  AVERAGE SKY COVER 1.0


WEATHER CONDITIONS
 THE FOLLOWING WEATHER WAS RECORDED YESTERDAY.
  RAIN
  LIGHT RAIN
  SLEET


..........................................................


THE EUREKA CA CLIMATE NORMALS FOR TODAY
                         NORMAL    RECORD    YEAR
 MAXIMUM TEMPERATURE (F)   56        67      1946
 MINIMUM TEMPERATURE (F)   42        31      2008


SUNRISE AND SUNSET
FEBRUARY 23 2017......SUNRISE   659 AM PST   SUNSET   601 PM PST
FEBRUARY 24 2017......SUNRISE   658 AM PST   SUNSET   603 PM PST


-  INDICATES NEGATIVE NUMBERS.
R  INDICATES RECORD WAS SET OR TIED.
MM INDICATES DATA IS MISSING.
T  INDICATES TRACE AMOUNT.




&&

..........................................................

TOTAL SEASON     NORMAL   % OF NORMAL     LAST SEASON

    46.29         26.89        172            35.41


$$
