448
CDUS46 KEKA 251211
CLIEKA


CLIMATE REPORT
NATIONAL WEATHER SERVICE EUREKA CA
511 AM PDT SUN SEP 25 2016


...................................

...THE EUREKA CA CLIMATE SUMMARY FOR SEPTEMBER 24 2016...

CLIMATE NORMAL PERIOD 1981 TO 2010
CLIMATE RECORD PERIOD 1886 TO 2016


WEATHER ITEM   OBSERVED RECORD YEAR NORMAL DEPARTURE LAST
                VALUE   VALUE       VALUE  FROM      YEAR
                                           NORMAL
...........................................................
TEMPERATURE (F)
 YESTERDAY
  MAXIMUM         64     83    1964  63      1       69
  MINIMUM         52     42    2005  49      3       50
  AVERAGE         58                 56      2       60

PRECIPITATION (IN)
  YESTERDAY        0.00   2.59 2014   0.02  -0.02     0.00
  MONTH TO DATE    0.01               0.42  -0.41     0.27
  SINCE OCT 1     48.08              40.16   7.92    31.50
  SINCE JAN 1     27.36              24.19   3.17    13.12

SNOWFALL (IN)
  YESTERDAY        0.0    0.0  2002   0.0    0.0      0.0
                               2001
  MONTH TO DATE    0.0                0.0    0.0      0.0
  SINCE SEP 1      0.0                0.0    0.0      0.0
  SINCE JUL 1      0.0                0.0    0.0      0.0
  SNOW DEPTH       0

DEGREE DAYS
 HEATING
  YESTERDAY        7                  9     -2        5
  MONTH TO DATE  194                185      9      149
  SINCE SEP 1    194                185      9      149
  SINCE JUL 1    641                611     30      372

 COOLING
  YESTERDAY        0                  0      0        0
  MONTH TO DATE    0                  0      0        0
  SINCE SEP 1      0                  0      0        0
  SINCE JAN 1      0                  0      0        5
...........................................................


WIND (MPH)
  HIGHEST WIND SPEED     8   HIGHEST WIND DIRECTION     N (340)
  HIGHEST GUST SPEED    10   HIGHEST GUST DIRECTION    MM
  AVERAGE WIND SPEED     3.4


SKY COVER
  AVERAGE SKY COVER 0.6


WEATHER CONDITIONS
 THE FOLLOWING WEATHER WAS RECORDED YESTERDAY.
  FOG


..........................................................


THE EUREKA CA CLIMATE NORMALS FOR TODAY
                         NORMAL    RECORD    YEAR
 MAXIMUM TEMPERATURE (F)   63        78      1970
 MINIMUM TEMPERATURE (F)   49        41      1934


SUNRISE AND SUNSET
SEPTEMBER 25 2016.....SUNRISE   708 AM PDT   SUNSET   708 PM PDT
SEPTEMBER 26 2016.....SUNRISE   709 AM PDT   SUNSET   706 PM PDT


-  INDICATES NEGATIVE NUMBERS.
R  INDICATES RECORD WAS SET OR TIED.
MM INDICATES DATA IS MISSING.
T  INDICATES TRACE AMOUNT.




&&

..........................................................

TOTAL SEASON     NORMAL   % OF NORMAL     LAST SEASON

    48.08         40.16        120            31.50


$$
