000
CDUS46 KEKA 021212
CLIEKA


CLIMATE REPORT
NATIONAL WEATHER SERVICE EUREKA CA
412 AM PST FRI DEC 2 2016


...................................

...THE EUREKA CA CLIMATE SUMMARY FOR DECEMBER 1 2016...

CLIMATE NORMAL PERIOD 1981 TO 2010
CLIMATE RECORD PERIOD 1886 TO 2016


WEATHER ITEM   OBSERVED RECORD YEAR NORMAL DEPARTURE LAST
                VALUE   VALUE       VALUE  FROM      YEAR
                                           NORMAL
...........................................................
TEMPERATURE (F)
 YESTERDAY
  MAXIMUM         54     69    2014  56     -2       61
  MINIMUM         34     32    1923  41     -7       40
  AVERAGE         44                 49     -5       51

PRECIPITATION (IN)
  YESTERDAY        0.00   2.46 1893   0.26  -0.26     0.07
  MONTH TO DATE    0.00               0.26  -0.26     0.07
  SINCE OCT 1     17.90               8.11   9.79     6.13
  SINCE JAN 1     45.26              32.47  12.79    19.25

SNOWFALL (IN)
  YESTERDAY        0.0   MM      MM   0.0    0.0      0.0
  MONTH TO DATE    0.0                0.0    0.0      0.0
  SINCE DEC 1      0.0                0.0    0.0      0.0
  SINCE JUL 1      T                  0.0    0.0       T
  SNOW DEPTH       0

DEGREE DAYS
 HEATING
  YESTERDAY       21                 16      5       14
  MONTH TO DATE   21                 16      5       14
  SINCE DEC 1     21                 16      5       14
  SINCE JUL 1   1255               1438   -183     1096

 COOLING
  YESTERDAY        0                  0      0        0
  MONTH TO DATE    0                  0      0        0
  SINCE DEC 1      0                  0      0        0
  SINCE JAN 1      0                  0      0        6
...........................................................


WIND (MPH)
  HIGHEST WIND SPEED    20   HIGHEST WIND DIRECTION     N (360)
  HIGHEST GUST SPEED    23   HIGHEST GUST DIRECTION     N (360)
  AVERAGE WIND SPEED     5.2


SKY COVER
  AVERAGE SKY COVER 0.1


WEATHER CONDITIONS
 THE FOLLOWING WEATHER WAS RECORDED YESTERDAY.
  NO SIGNIFICANT WEATHER WAS OBSERVED.


..........................................................


THE EUREKA CA CLIMATE NORMALS FOR TODAY
                         NORMAL    RECORD    YEAR
 MAXIMUM TEMPERATURE (F)   56        70      1907
 MINIMUM TEMPERATURE (F)   41        32      2004


SUNRISE AND SUNSET
DECEMBER  2 2016......SUNRISE   723 AM PST   SUNSET   449 PM PST
DECEMBER  3 2016......SUNRISE   724 AM PST   SUNSET   449 PM PST


-  INDICATES NEGATIVE NUMBERS.
R  INDICATES RECORD WAS SET OR TIED.
MM INDICATES DATA IS MISSING.
T  INDICATES TRACE AMOUNT.




&&

..........................................................

TOTAL SEASON     NORMAL   % OF NORMAL     LAST SEASON

    17.90          8.11        221             6.13


$$
