000
CDUS46 KEKA 211213
CLIEKA


CLIMATE REPORT
NATIONAL WEATHER SERVICE EUREKA CA
412 AM PST SUN JAN 21 2018


...................................

...THE EUREKA CA CLIMATE SUMMARY FOR JANUARY 20 2018...

CLIMATE NORMAL PERIOD 1981 TO 2010
CLIMATE RECORD PERIOD 1886 TO 2018


WEATHER ITEM   OBSERVED RECORD YEAR NORMAL DEPARTURE LAST
                VALUE   VALUE       VALUE  FROM      YEAR
                                           NORMAL
...........................................................
TEMPERATURE (F)
 YESTERDAY
  MAXIMUM         53     69    1981  56     -3       48
                               1942
  MINIMUM         37     26    1937  41     -4       44
  AVERAGE         45                 49     -4       46

PRECIPITATION (IN)
  YESTERDAY        0.14   1.80 2012   0.21  -0.07     1.16
  MONTH TO DATE    3.57               4.37  -0.80     8.99
  SINCE OCT 1     14.55              20.34  -5.79    34.76
  SINCE JAN 1      3.57               4.37  -0.80     8.99

SNOWFALL (IN)
  YESTERDAY        0.0    0.0  2002   0.0    0.0     MM
  MONTH TO DATE    0.0                0.0    0.0       T
  SINCE DEC 1      0.0                T      0.0       T
  SINCE JUL 1      0.0                T      0.0       T
  SNOW DEPTH       0

DEGREE DAYS
 HEATING
  YESTERDAY       20                 17      3       19
  MONTH TO DATE  284                340    -56      397
  SINCE DEC 1    824                873    -49     1010
  SINCE JUL 1   2084               2295   -211     2244

 COOLING
  YESTERDAY        0                  0      0        0
  MONTH TO DATE    0                  0      0        0
  SINCE DEC 1      0                  0      0        0
  SINCE JAN 1      0                  0      0        0
...........................................................


WIND (MPH)
  HIGHEST WIND SPEED     5   HIGHEST WIND DIRECTION    SE (150)
  HIGHEST GUST SPEED     9   HIGHEST GUST DIRECTION    MM
  AVERAGE WIND SPEED     1.9


SKY COVER
  AVERAGE SKY COVER 0.4


WEATHER CONDITIONS
 THE FOLLOWING WEATHER WAS RECORDED YESTERDAY.
  LIGHT RAIN


..........................................................


THE EUREKA CA CLIMATE NORMALS FOR TODAY
                         NORMAL    RECORD    YEAR
 MAXIMUM TEMPERATURE (F)   56        75      1981
 MINIMUM TEMPERATURE (F)   41        25      1937


SUNRISE AND SUNSET
JANUARY 21 2018.......SUNRISE   736 AM PST   SUNSET   521 PM PST
JANUARY 22 2018.......SUNRISE   735 AM PST   SUNSET   522 PM PST


-  INDICATES NEGATIVE NUMBERS.
R  INDICATES RECORD WAS SET OR TIED.
MM INDICATES DATA IS MISSING.
T  INDICATES TRACE AMOUNT.




&&

..........................................................

TOTAL SEASON     NORMAL   % OF NORMAL     LAST SEASON

    14.55         20.34        72            34.76


$$
