000
CDUS46 KEKA 241214
CLIEKA


CLIMATE REPORT
NATIONAL WEATHER SERVICE EUREKA CA
513 AM PDT WED MAY 24 2017


...................................

...THE EUREKA CA CLIMATE SUMMARY FOR MAY 23 2017...

CLIMATE NORMAL PERIOD 1981 TO 2010
CLIMATE RECORD PERIOD 1886 TO 2017


WEATHER ITEM   OBSERVED RECORD YEAR NORMAL DEPARTURE LAST
                VALUE   VALUE       VALUE  FROM      YEAR
                                           NORMAL
...........................................................
TEMPERATURE (F)
 YESTERDAY
  MAXIMUM         61     67    1992  61      0       62
  MINIMUM         51     37    2010  48      3       51
  AVERAGE         56                 55      1       57

PRECIPITATION (IN)
  YESTERDAY        0.00   0.69 1960   0.06  -0.06     0.00
  MONTH TO DATE    1.29               1.40  -0.11     0.76
  SINCE OCT 1     62.10              38.12  23.98    47.47
  SINCE JAN 1     36.33              22.15  14.18    26.75

SNOWFALL (IN)
  YESTERDAY        0.0    0.0  2002   0.0    0.0      0.0
                               2001
  MONTH TO DATE    0.0                0.0    0.0      0.0
  SINCE MAR 1      T                  T      0.0      0.0
  SINCE JUL 1      T                  0.2   -0.2       T
  SNOW DEPTH       0

DEGREE DAYS
 HEATING
  YESTERDAY        9                 11     -2        8
  MONTH TO DATE  278                268     10      222
  SINCE MAR 1   1089               1167    -78      921
  SINCE JUL 1   3978               4089   -111     3331

 COOLING
  YESTERDAY        0                  0      0        0
  MONTH TO DATE    0                  0      0        0
  SINCE MAR 1      0                  0      0        0
  SINCE JAN 1      0                  0      0        0
...........................................................


WIND (MPH)
  HIGHEST WIND SPEED    12   HIGHEST WIND DIRECTION    NW (300)
  HIGHEST GUST SPEED    14   HIGHEST GUST DIRECTION    MM
  AVERAGE WIND SPEED     5.0


SKY COVER
  AVERAGE SKY COVER 0.6


WEATHER CONDITIONS
 THE FOLLOWING WEATHER WAS RECORDED YESTERDAY.
  FOG W/VISIBILITY <= 1/4 MILE
  HAZE


..........................................................


THE EUREKA CA CLIMATE NORMALS FOR TODAY
                         NORMAL    RECORD    YEAR
 MAXIMUM TEMPERATURE (F)   61        78      1890
 MINIMUM TEMPERATURE (F)   48        42      1922
                                             1920
                                             1918


SUNRISE AND SUNSET
MAY 24 2017...........SUNRISE   552 AM PDT   SUNSET   836 PM PDT
MAY 25 2017...........SUNRISE   551 AM PDT   SUNSET   837 PM PDT


-  INDICATES NEGATIVE NUMBERS.
R  INDICATES RECORD WAS SET OR TIED.
MM INDICATES DATA IS MISSING.
T  INDICATES TRACE AMOUNT.




&&

..........................................................

TOTAL SEASON     NORMAL   % OF NORMAL     LAST SEASON

    62.10         38.12        163            47.47


$$
