000
CDUS46 KEKA 031211
CLIEKA


CLIMATE REPORT
NATIONAL WEATHER SERVICE EUREKA CA
510 AM PDT MON AUG 3 2015


...................................

...THE EUREKA CA CLIMATE SUMMARY FOR AUGUST 2 2015...

CLIMATE NORMAL PERIOD 1981 TO 2010
CLIMATE RECORD PERIOD 1886 TO 2015


WEATHER ITEM   OBSERVED RECORD YEAR NORMAL DEPARTURE LAST
                VALUE   VALUE       VALUE  FROM      YEAR
                                           NORMAL
...........................................................
TEMPERATURE (F)
 YESTERDAY
  MAXIMUM         66     69    1993  64      2       62
                               1983
  MINIMUM         59     48    1897  53      6       55
  AVERAGE         63                 58      5       59

PRECIPITATION (IN)
  YESTERDAY        T      0.43 2003   0.01  -0.01     0.00
  MONTH TO DATE    0.01               0.01   0.00      T
  SINCE OCT 1     30.83              39.44  -8.61    17.91
  SINCE JAN 1     12.45              23.47 -11.02    16.01

SNOWFALL (IN)
  YESTERDAY        0.0    0.0  2002   0.0    0.0      0.0
                               2001
  MONTH TO DATE    0.0                0.0    0.0      0.0
  SINCE JUN 1      0.0                0.0    0.0      0.0
  SINCE JUL 1      0.0                0.0    0.0      0.0
  SNOW DEPTH       0

DEGREE DAYS
 HEATING
  YESTERDAY        2                  7     -5        6
  MONTH TO DATE    3                 14    -11       13
  SINCE JUN 1    361                506   -145      453
  SINCE JUL 1    120                240   -120      201

 COOLING
  YESTERDAY        0                  0      0        0
  MONTH TO DATE    0                  0      0        0
  SINCE JUN 1      1                  0      1        0
  SINCE JAN 1      1                  0      1        1
...........................................................


WIND (MPH)
  HIGHEST WIND SPEED     5   HIGHEST WIND DIRECTION    NW (320)
  HIGHEST GUST SPEED     7   HIGHEST GUST DIRECTION    MM
  AVERAGE WIND SPEED     1.6


SKY COVER
  AVERAGE SKY COVER 1.0


WEATHER CONDITIONS
 THE FOLLOWING WEATHER WAS RECORDED YESTERDAY.
  LIGHT RAIN


..........................................................


THE EUREKA CA CLIMATE NORMALS FOR TODAY
                         NORMAL    RECORD    YEAR
 MAXIMUM TEMPERATURE (F)   64        71      2001
 MINIMUM TEMPERATURE (F)   53        48      1952
                                             1887


SUNRISE AND SUNSET
AUGUST  3 2015........SUNRISE   615 AM PDT   SUNSET   830 PM PDT
AUGUST  4 2015........SUNRISE   616 AM PDT   SUNSET   829 PM PDT


-  INDICATES NEGATIVE NUMBERS.
R  INDICATES RECORD WAS SET OR TIED.
MM INDICATES DATA IS MISSING.
T  INDICATES TRACE AMOUNT.




&&

..........................................................

TOTAL SEASON     NORMAL   % OF NORMAL     LAST SEASON

    30.83         39.44        78            17.91


$$
