133
CDUS46 KEKA 161210
CLIEKA


CLIMATE REPORT
NATIONAL WEATHER SERVICE EUREKA CA
510 AM PDT WED AUG 16 2017


...................................

...THE EUREKA CA CLIMATE SUMMARY FOR AUGUST 15 2017...

CLIMATE NORMAL PERIOD 1981 TO 2010
CLIMATE RECORD PERIOD 1886 TO 2017


WEATHER ITEM   OBSERVED RECORD YEAR NORMAL DEPARTURE LAST
                VALUE   VALUE       VALUE  FROM      YEAR
                                           NORMAL
...........................................................
TEMPERATURE (F)
 YESTERDAY
  MAXIMUM         65     73    2013  64      1       62
  MINIMUM         54     46    1910  53      1       52
  AVERAGE         60                 59      1       57

PRECIPITATION (IN)
  YESTERDAY        0.00   0.15 1903   0.01  -0.01      T
  MONTH TO DATE    0.01               0.10  -0.09      T
  SINCE OCT 1     62.79              39.53  23.26    48.03
  SINCE JAN 1     37.02              23.56  13.46    27.31

SNOWFALL (IN)
  YESTERDAY        0.0    0.0  2002   0.0    0.0      0.0
                               2001
  MONTH TO DATE    0.0                0.0    0.0      0.0
  SINCE JUN 1      0.0                0.0    0.0      0.0
  SINCE JUL 1      0.0                0.0    0.0      0.0
  SNOW DEPTH       0

DEGREE DAYS
 HEATING
  YESTERDAY        5                  6     -1        8
  MONTH TO DATE   71                 96    -25      120
  SINCE JUN 1    518                588    -70      548
  SINCE JUL 1    288                322    -34      324

 COOLING
  YESTERDAY        0                  0      0        0
  MONTH TO DATE    0                  0      0        0
  SINCE JUN 1      0                  0      0        0
  SINCE JAN 1      0                  0      0        0
...........................................................


WIND (MPH)
  HIGHEST WIND SPEED    10   HIGHEST WIND DIRECTION    NW (320)
  HIGHEST GUST SPEED    13   HIGHEST GUST DIRECTION    MM
  AVERAGE WIND SPEED     3.1


SKY COVER
  AVERAGE SKY COVER 0.9


WEATHER CONDITIONS
 THE FOLLOWING WEATHER WAS RECORDED YESTERDAY.
  FOG


..........................................................


THE EUREKA CA CLIMATE NORMALS FOR TODAY
                         NORMAL    RECORD    YEAR
 MAXIMUM TEMPERATURE (F)   64        72      1990
                                             1984
 MINIMUM TEMPERATURE (F)   53        44      1935


SUNRISE AND SUNSET
AUGUST 16 2017........SUNRISE   628 AM PDT   SUNSET   813 PM PDT
AUGUST 17 2017........SUNRISE   629 AM PDT   SUNSET   811 PM PDT


-  INDICATES NEGATIVE NUMBERS.
R  INDICATES RECORD WAS SET OR TIED.
MM INDICATES DATA IS MISSING.
T  INDICATES TRACE AMOUNT.




&&

..........................................................

TOTAL SEASON     NORMAL   % OF NORMAL     LAST SEASON

    62.79         39.53        159            48.03


$$
