000
CDUS46 KEKA 010015
CLIEKA


CLIMATE REPORT
NATIONAL WEATHER SERVICE EUREKA CA
415 PM PST SAT FEB 28 2015


...................................

...THE EUREKA CA CLIMATE SUMMARY FOR FEBRUARY 28 2015...
VALID TODAY AS OF 0400 PM LOCAL TIME.

CLIMATE NORMAL PERIOD 1981 TO 2010
CLIMATE RECORD PERIOD 1886 TO 2015


WEATHER ITEM   OBSERVED RECORD YEAR NORMAL DEPARTURE LAST
                VALUE   VALUE       VALUE  FROM      YEAR
                                           NORMAL
...........................................................
TEMPERATURE (F)
 TODAY
  MAXIMUM         57     72    1938  56      1       65
  MINIMUM         44     32    1917  42      2       46
                               1913
                               1890
  AVERAGE         51                 49      2       56

PRECIPITATION (IN)
  TODAY            T      3.17 1899   0.20  -0.20     0.07
  MONTH TO DATE    5.04               5.63  -0.59     6.09
  SINCE OCT 1     24.78              28.10  -3.32     9.34
  SINCE JAN 1      6.40              12.13  -5.73     7.44

SNOWFALL (IN)
  TODAY            0.0   MM      MM   0.0    0.0     MM
  MONTH TO DATE    0.0                0.2   -0.2      0.0
  SINCE DEC 1      0.0                0.2   -0.2       T
  SINCE JUL 1      0.0                0.2   -0.2       T
  SNOW DEPTH      MM

...........................................................


WIND (MPH)
  HIGHEST WIND SPEED    12   HIGHEST WIND DIRECTION     N (350)
  HIGHEST GUST SPEED    MM   HIGHEST GUST DIRECTION    MM
  AVERAGE WIND SPEED     4.4


SKY COVER
  AVERAGE SKY COVER 0.4


WEATHER CONDITIONS
 THE FOLLOWING WEATHER WAS RECORDED TODAY.
  LIGHT RAIN


..........................................................


THE EUREKA CA CLIMATE NORMALS FOR TOMORROW
                         NORMAL    RECORD    YEAR
 MAXIMUM TEMPERATURE (F)   56        72      1925
 MINIMUM TEMPERATURE (F)   42        29      1917


SUNRISE AND SUNSET
FEBRUARY 28 2015......SUNRISE   652 AM PST   SUNSET   607 PM PST
MARCH  1 2015.........SUNRISE   651 AM PST   SUNSET   608 PM PST


-  INDICATES NEGATIVE NUMBERS.
R  INDICATES RECORD WAS SET OR TIED.
MM INDICATES DATA IS MISSING.
T  INDICATES TRACE AMOUNT.




&&

..........................................................

TOTAL SEASON     NORMAL   % OF NORMAL     LAST SEASON

    24.78         28.10        88             9.34


$$
