000
CDUS41 KRLX 230717
CLIEKN


CLIMATE REPORT
NATIONAL WEATHER SERVICE CHARLESTON WV
315 AM EDT MON OCT 23 2017


...................................

...THE ELKINS WV CLIMATE SUMMARY FOR OCTOBER 22 2017...

CLIMATE NORMAL PERIOD 1981 TO 2010
CLIMATE RECORD PERIOD 1899 TO 2017


WEATHER ITEM   OBSERVED TIME   RECORD YEAR NORMAL DEPARTURE LAST
                VALUE   (LST)  VALUE       VALUE  FROM      YEAR
                                                  NORMAL
..................................................................
TEMPERATURE (F)
 YESTERDAY
  MAXIMUM         78    218 PM  84    1947  62     16       45
  MINIMUM         39    639 AM  14    1974  36      3       39
                                      1930
  AVERAGE         59                        49     10       42

PRECIPITATION (IN)
  YESTERDAY        0.00          0.92 1984   0.09  -0.09     0.13
  MONTH TO DATE    1.93                      1.98  -0.05     2.45
  SINCE JAN 1     37.43                     38.42  -0.99    37.55

SNOWFALL (IN)
  YESTERDAY        0.0           2.0  1925   0.0    0.0      0.0
  MONTH TO DATE    0.0                       0.1   -0.1      0.0
  SINCE SEP 1      0.0                       0.1   -0.1      0.0
  SNOW DEPTH       0

DEGREE DAYS
 HEATING
  YESTERDAY        6                        16    -10       23
  MONTH TO DATE  126                       276   -150      167
  SINCE SEP 1    229                       406   -177      189
  SINCE JUL 1    251                       436   -185      189

 COOLING
  YESTERDAY        0                         0      0        0
  MONTH TO DATE   25                         0     25        5
  SINCE SEP 1     82                        45     37      120
  SINCE JAN 1    544                       471     73      809
..................................................................


WIND (MPH)
  HIGHEST WIND SPEED    15   HIGHEST WIND DIRECTION    SE (150)
  HIGHEST GUST SPEED    23   HIGHEST GUST DIRECTION    SE (150)
  AVERAGE WIND SPEED     4.6


SKY COVER
  POSSIBLE SUNSHINE  MM
  AVERAGE SKY COVER 0.2


WEATHER CONDITIONS
 THE FOLLOWING WEATHER WAS RECORDED YESTERDAY.
  FOG
  FOG W/VISIBILITY <= 1/4 MILE


RELATIVE HUMIDITY (PERCENT)
 HIGHEST    93           300 AM
 LOWEST     29           200 PM
 AVERAGE    61

..........................................................


THE ELKINS WV CLIMATE NORMALS FOR TODAY
                         NORMAL    RECORD    YEAR
 MAXIMUM TEMPERATURE (F)   62        80      1947
 MINIMUM TEMPERATURE (F)   36        15      1974


SUNRISE AND SUNSET
OCTOBER 23 2017.......SUNRISE   737 AM EDT   SUNSET   630 PM EDT
OCTOBER 24 2017.......SUNRISE   738 AM EDT   SUNSET   628 PM EDT


-  INDICATES NEGATIVE NUMBERS.
R  INDICATES RECORD WAS SET OR TIED.
MM INDICATES DATA IS MISSING.
T  INDICATES TRACE AMOUNT.




$$
