000
CDUS41 KRLX 270717
CLIEKN


CLIMATE REPORT
NATIONAL WEATHER SERVICE CHARLESTON WV
316 AM EDT WED JUL 27 2016


...................................

...THE ELKINS WV CLIMATE SUMMARY FOR JULY 26 2016...

CLIMATE NORMAL PERIOD 1981 TO 2010
CLIMATE RECORD PERIOD 1899 TO 2016


WEATHER ITEM   OBSERVED TIME   RECORD YEAR NORMAL DEPARTURE LAST
                VALUE   (LST)  VALUE       VALUE  FROM      YEAR
                                                  NORMAL
..................................................................
TEMPERATURE (F)
 YESTERDAY
  MAXIMUM         87   1233 PM  96    1934  81      6       87
  MINIMUM         69   1153 PM  43    1920  59     10       58
  AVERAGE         78                        70      8       73

PRECIPITATION (IN)
  YESTERDAY        0.12          1.87 2004   0.16  -0.04     0.00
  MONTH TO DATE    3.40                      4.55  -1.15     4.54
  SINCE JAN 1     25.90                     28.16  -2.26    34.91

SNOWFALL (IN)
  YESTERDAY        0.0
  MONTH TO DATE    0.0
  SINCE SEP 1     59.0
  SNOW DEPTH       0

DEGREE DAYS
 HEATING
  YESTERDAY        0                         0      0        0
  MONTH TO DATE    0                         8     -8        0
  SINCE JUN 1     28                        63    -35       21
  SINCE JUL 1      0                         8     -8        0

 COOLING
  YESTERDAY       13                         5      8        8
  MONTH TO DATE  203                       132     71      157
  SINCE JUN 1    324                       224    100      310
  SINCE JAN 1    353                       247    106      375
..................................................................


WIND (MPH)
  HIGHEST WIND SPEED    14   HIGHEST WIND DIRECTION     N (340)
  HIGHEST GUST SPEED    22   HIGHEST GUST DIRECTION     N (350)
  AVERAGE WIND SPEED     1.3


SKY COVER
  POSSIBLE SUNSHINE  MM
  AVERAGE SKY COVER 0.4


WEATHER CONDITIONS
 THE FOLLOWING WEATHER WAS RECORDED YESTERDAY.
  RAIN
  LIGHT RAIN
  FOG


RELATIVE HUMIDITY (PERCENT)
 HIGHEST    97          1100 PM
 LOWEST     55           100 PM
 AVERAGE    76

..........................................................


THE ELKINS WV CLIMATE NORMALS FOR TODAY
                         NORMAL    RECORD    YEAR
 MAXIMUM TEMPERATURE (F)   81        93      1941
                                             1936
                                             1901
 MINIMUM TEMPERATURE (F)   59        42      1946


SUNRISE AND SUNSET
JULY 27 2016..........SUNRISE   616 AM EDT   SUNSET   835 PM EDT
JULY 28 2016..........SUNRISE   617 AM EDT   SUNSET   834 PM EDT


-  INDICATES NEGATIVE NUMBERS.
R  INDICATES RECORD WAS SET OR TIED.
MM INDICATES DATA IS MISSING.
T  INDICATES TRACE AMOUNT.




$$
