000
CDUS41 KRLX 262120
CLIEKN


CLIMATE REPORT
NATIONAL WEATHER SERVICE CHARLESTON WV
520 PM EDT SUN MAR 26 2017


...................................

...THE ELKINS WV CLIMATE SUMMARY FOR MARCH 26 2017...
VALID TODAY AS OF 0500 PM LOCAL TIME.

CLIMATE NORMAL PERIOD 1981 TO 2010
CLIMATE RECORD PERIOD 1899 TO 2017


WEATHER ITEM   OBSERVED TIME   RECORD YEAR NORMAL DEPARTURE LAST
                VALUE   (LST)  VALUE       VALUE  FROM      YEAR
                                                  NORMAL
..................................................................
TEMPERATURE (F)
 TODAY
  MAXIMUM         70   1223 PM  79    1916  55     15       68
  MINIMUM         41    625 AM   5    1940  31     10       33
  AVERAGE         56                        43     13       51

PRECIPITATION (IN)
  TODAY            T             0.95 1924   0.13  -0.13     0.00
  MONTH TO DATE    2.61                      3.29  -0.68     2.03
  SINCE MAR 1      2.61                      3.29  -0.68     2.03
  SINCE JAN 1      9.86                      9.62   0.24     7.41

DEGREE DAYS
 HEATING
  TODAY            9                        22    -13       14
  MONTH TO DATE  670                       676     -6      491
  SINCE MAR 1    670                       676     -6      491
  SINCE JUL 1   4073                      4997   -924     4233

 COOLING
  TODAY            0                         0      0        0
  MONTH TO DATE    0                         0      0        0
  SINCE MAR 1      0                         0      0        0
  SINCE JAN 1      0                         0      0        0
..................................................................


WIND (MPH)
  HIGHEST WIND SPEED    24   HIGHEST WIND DIRECTION    SE (150)
  HIGHEST GUST SPEED    31   HIGHEST GUST DIRECTION    SE (150)
  AVERAGE WIND SPEED     5.8


SKY COVER
  POSSIBLE SUNSHINE  MM
  AVERAGE SKY COVER 0.3


WEATHER CONDITIONS
 THE FOLLOWING WEATHER WAS RECORDED TODAY.
  LIGHT RAIN


RELATIVE HUMIDITY (PERCENT)
 HIGHEST    89           400 AM
 LOWEST     37          1200 PM
 AVERAGE    63

..........................................................


THE ELKINS WV CLIMATE NORMALS FOR TOMORROW
                         NORMAL    RECORD    YEAR
 MAXIMUM TEMPERATURE (F)   56        84      1921
 MINIMUM TEMPERATURE (F)   31        11      2001


SUNRISE AND SUNSET
MARCH 26 2017.........SUNRISE   713 AM EDT   SUNSET   737 PM EDT
MARCH 27 2017.........SUNRISE   711 AM EDT   SUNSET   738 PM EDT


-  INDICATES NEGATIVE NUMBERS.
R  INDICATES RECORD WAS SET OR TIED.
MM INDICATES DATA IS MISSING.
T  INDICATES TRACE AMOUNT.




$$
