000
CDUS41 KRLX 282131
CLIEKN


CLIMATE REPORT
NATIONAL WEATHER SERVICE CHARLESTON WV
530 PM EDT FRI APR 28 2017


...................................

...THE ELKINS WV CLIMATE SUMMARY FOR APRIL 28 2017...
VALID TODAY AS OF 0500 PM LOCAL TIME.

CLIMATE NORMAL PERIOD 1981 TO 2010
CLIMATE RECORD PERIOD 1899 TO 2017


WEATHER ITEM   OBSERVED TIME   RECORD YEAR NORMAL DEPARTURE LAST
                VALUE   (LST)  VALUE       VALUE  FROM      YEAR
                                                  NORMAL
..................................................................
TEMPERATURE (F)
 TODAY
  MAXIMUM         83    351 PM  89    1986  67     16       76
  MINIMUM         47    530 AM  22    1934  40      7       55
  AVERAGE         65                        53     12       66

PRECIPITATION (IN)
  TODAY            0.00          1.56 2002   0.13  -0.13     0.50
  MONTH TO DATE    4.80                      3.54   1.26     3.31
  SINCE MAR 1      8.94                      7.50   1.44     5.68
  SINCE JAN 1     16.19                     13.83   2.36    11.06

DEGREE DAYS
 HEATING
  TODAY            0                        12    -12        0
  MONTH TO DATE  273                       440   -167      418
  SINCE MAR 1    990                      1220   -230      980
  SINCE JUL 1   4393                      5541  -1148     4722

 COOLING
  TODAY            0                         0      0        1
  MONTH TO DATE    0                         0      0        3
  SINCE MAR 1      0                         0      0        3
  SINCE JAN 1      0                         0      0        3
..................................................................


WIND (MPH)
  HIGHEST WIND SPEED    12   HIGHEST WIND DIRECTION    NW (310)
  HIGHEST GUST SPEED    14   HIGHEST GUST DIRECTION    NW (300)
  AVERAGE WIND SPEED     2.0


SKY COVER
  POSSIBLE SUNSHINE  MM
  AVERAGE SKY COVER 0.3


WEATHER CONDITIONS
 THE FOLLOWING WEATHER WAS RECORDED TODAY.
  FOG
  FOG W/VISIBILITY <= 1/4 MILE


RELATIVE HUMIDITY (PERCENT)
 HIGHEST    96           400 AM
 LOWEST     26           300 PM
 AVERAGE    61

..........................................................


THE ELKINS WV CLIMATE NORMALS FOR TOMORROW
                         NORMAL    RECORD    YEAR
 MAXIMUM TEMPERATURE (F)   67        87      1996
 MINIMUM TEMPERATURE (F)   40        21      1982


SUNRISE AND SUNSET
APRIL 28 2017.........SUNRISE   625 AM EDT   SUNSET   809 PM EDT
APRIL 29 2017.........SUNRISE   624 AM EDT   SUNSET   810 PM EDT


-  INDICATES NEGATIVE NUMBERS.
R  INDICATES RECORD WAS SET OR TIED.
MM INDICATES DATA IS MISSING.
T  INDICATES TRACE AMOUNT.




$$
