619
CDUS41 KRLX 280720
CLIEKN


CLIMATE REPORT
NATIONAL WEATHER SERVICE CHARLESTON WV
320 AM EDT WED JUN 28 2017


...................................

...THE ELKINS WV CLIMATE SUMMARY FOR JUNE 27 2017...

CLIMATE NORMAL PERIOD 1981 TO 2010
CLIMATE RECORD PERIOD 1899 TO 2017


WEATHER ITEM   OBSERVED TIME   RECORD YEAR NORMAL DEPARTURE LAST
                VALUE   (LST)  VALUE       VALUE  FROM      YEAR
                                                  NORMAL
..................................................................
TEMPERATURE (F)
 YESTERDAY
  MAXIMUM         70    350 PM  92    2005  80    -10       83
  MINIMUM         48   1157 PM  39    1979  57     -9       62
  AVERAGE         59                        69    -10       73

PRECIPITATION (IN)
  YESTERDAY        T             1.78 1922   0.16  -0.16     0.14
  MONTH TO DATE    3.69                      3.91  -0.22     5.06
  SINCE JAN 1     24.39                     23.12   1.27    22.50

SNOWFALL (IN)
  YESTERDAY        0.0
  MONTH TO DATE    0.0
  SINCE SEP 1     44.5
  SNOW DEPTH       0

DEGREE DAYS
 HEATING
  YESTERDAY        6                         1      5        0
  MONTH TO DATE   53                        53      0       25
  SINCE JUN 1     53                        53      0       25
  SINCE JUL 1   4642                      5850  -1208     4985

 COOLING
  YESTERDAY        0                         5     -5        8
  MONTH TO DATE   95                        78     17      115
  SINCE JUN 1     95                        78     17      115
  SINCE JAN 1    139                       101     38      144
..................................................................


WIND (MPH)
  HIGHEST WIND SPEED    18   HIGHEST WIND DIRECTION    NW (310)
  HIGHEST GUST SPEED    24   HIGHEST GUST DIRECTION     W (280)
  AVERAGE WIND SPEED     5.3


SKY COVER
  POSSIBLE SUNSHINE  MM
  AVERAGE SKY COVER 0.4


WEATHER CONDITIONS
 THE FOLLOWING WEATHER WAS RECORDED YESTERDAY.
  NO SIGNIFICANT WEATHER WAS OBSERVED.


RELATIVE HUMIDITY (PERCENT)
 HIGHEST    93          1100 PM
 LOWEST     37           200 PM
 AVERAGE    65

..........................................................


THE ELKINS WV CLIMATE NORMALS FOR TODAY
                         NORMAL    RECORD    YEAR
 MAXIMUM TEMPERATURE (F)   80        93      2012
 MINIMUM TEMPERATURE (F)   57        39      1988


SUNRISE AND SUNSET
JUNE 28 2017..........SUNRISE   557 AM EDT   SUNSET   849 PM EDT
JUNE 29 2017..........SUNRISE   557 AM EDT   SUNSET   849 PM EDT


-  INDICATES NEGATIVE NUMBERS.
R  INDICATES RECORD WAS SET OR TIED.
MM INDICATES DATA IS MISSING.
T  INDICATES TRACE AMOUNT.




$$
