000
CDUS41 KRLX 280720
CLIEKN


CLIMATE REPORT
NATIONAL WEATHER SERVICE CHARLESTON WV
318 AM EDT TUE JUL 28 2015


...................................

...THE ELKINS WV CLIMATE SUMMARY FOR JULY 27 2015...

CLIMATE NORMAL PERIOD 1981 TO 2010
CLIMATE RECORD PERIOD 1899 TO 2015


WEATHER ITEM   OBSERVED TIME   RECORD YEAR NORMAL DEPARTURE LAST
                VALUE   (LST)  VALUE       VALUE  FROM      YEAR
                                                  NORMAL
..................................................................
TEMPERATURE (F)
 YESTERDAY
  MAXIMUM         86    323 PM  93    1941  81      5       82
                                      1936
                                      1901
  MINIMUM         68    604 AM  42    1946  59      9       64
  AVERAGE         77                        70      7       73

PRECIPITATION (IN)
  YESTERDAY        T             2.01 1932   0.17  -0.17     1.03
  MONTH TO DATE    4.54                      4.72  -0.18     5.04
  SINCE JAN 1     34.91                     28.33   6.58    24.90

SNOWFALL (IN)
  YESTERDAY        0.0
  MONTH TO DATE    0.0
  SINCE SEP 1     70.3
  SNOW DEPTH       0

DEGREE DAYS
 HEATING
  YESTERDAY        0                         0      0        0
  MONTH TO DATE    0                         8     -8       18
  SINCE JUN 1     21                        63    -42       32
  SINCE JUL 1      0                         8     -8       18

 COOLING
  YESTERDAY       12                         5      7        8
  MONTH TO DATE  169                       137     32      142
  SINCE JUN 1    322                       229     93      287
  SINCE JAN 1    387                       252    135      323
..................................................................


WIND (MPH)
  HIGHEST WIND SPEED    12   HIGHEST WIND DIRECTION    NW (310)
  HIGHEST GUST SPEED    14   HIGHEST GUST DIRECTION    NW (300)
  AVERAGE WIND SPEED     2.1


SKY COVER
  POSSIBLE SUNSHINE  MM
  AVERAGE SKY COVER 0.4


WEATHER CONDITIONS
 THE FOLLOWING WEATHER WAS RECORDED YESTERDAY.
  FOG
  HAZE


RELATIVE HUMIDITY (PERCENT)
 HIGHEST    93           600 AM
 LOWEST     51           300 PM
 AVERAGE    72

..........................................................


THE ELKINS WV CLIMATE NORMALS FOR TODAY
                         NORMAL    RECORD    YEAR
 MAXIMUM TEMPERATURE (F)   81        94      1993
 MINIMUM TEMPERATURE (F)   59        42      1977
                                             1962


SUNRISE AND SUNSET
JULY 28 2015..........SUNRISE   617 AM EDT   SUNSET   835 PM EDT
JULY 29 2015..........SUNRISE   618 AM EDT   SUNSET   834 PM EDT


-  INDICATES NEGATIVE NUMBERS.
R  INDICATES RECORD WAS SET OR TIED.
MM INDICATES DATA IS MISSING.
T  INDICATES TRACE AMOUNT.




$$
