000
CDUS41 KRLX 210724
CLIEKN


CLIMATE REPORT
NATIONAL WEATHER SERVICE CHARLESTON WV
323 AM EDT MON APR 21 2014


...................................

...THE ELKINS WV CLIMATE SUMMARY FOR APRIL 20 2014...

CLIMATE NORMAL PERIOD 1981 TO 2010
CLIMATE RECORD PERIOD 1899 TO 2014


WEATHER ITEM   OBSERVED TIME   RECORD YEAR NORMAL DEPARTURE LAST
                VALUE   (LST)  VALUE       VALUE  FROM      YEAR
                                                  NORMAL
..................................................................
TEMPERATURE (F)
 YESTERDAY
  MAXIMUM         73    330 PM  88    1941  65      8       52
  MINIMUM         32    612 AM  14    1926  38     -6       30
  AVERAGE         53                        51      2       41

PRECIPITATION (IN)
  YESTERDAY        0.00          1.01 1920   0.13  -0.13      T
  MONTH TO DATE    0.51                      2.50  -1.99     2.30
  SINCE JAN 1      9.96                     12.79  -2.83    12.15

SNOWFALL (IN)
  YESTERDAY        0.0
  MONTH TO DATE    0.2
  SINCE SEP 1     92.3
  SNOW DEPTH       0

DEGREE DAYS
 HEATING
  YESTERDAY       12                        14     -2       24
  MONTH TO DATE  270                       338    -68      252
  SINCE MAR 1   1167                      1118     49     1179
  SINCE JUL 1   5690                      5439    251     5426

 COOLING
  YESTERDAY        0                         0      0        0
  MONTH TO DATE    2                         0      2        3
  SINCE MAR 1      2                         0      2        3
  SINCE JAN 1      2                         0      2        3
..................................................................


WIND (MPH)
  HIGHEST WIND SPEED    12   HIGHEST WIND DIRECTION    SE (150)
  HIGHEST GUST SPEED    15   HIGHEST GUST DIRECTION    SE (140)
  AVERAGE WIND SPEED     3.1


SKY COVER
  POSSIBLE SUNSHINE  MM
  AVERAGE SKY COVER 0.0


WEATHER CONDITIONS
 THE FOLLOWING WEATHER WAS RECORDED YESTERDAY.
  NO SIGNIFICANT WEATHER WAS OBSERVED.


RELATIVE HUMIDITY (PERCENT)
 HIGHEST    82           200 AM
 LOWEST     12           500 PM
 AVERAGE    47

..........................................................


THE ELKINS WV CLIMATE NORMALS FOR TODAY
                         NORMAL    RECORD    YEAR
 MAXIMUM TEMPERATURE (F)   65        83      1985
                                             1976
                                             1954
 MINIMUM TEMPERATURE (F)   38        19      1904


SUNRISE AND SUNSET
APRIL 21 2014.........SUNRISE   635 AM EDT   SUNSET   802 PM EDT
APRIL 22 2014.........SUNRISE   633 AM EDT   SUNSET   803 PM EDT


-  INDICATES NEGATIVE NUMBERS.
R  INDICATES RECORD WAS SET OR TIED.
MM INDICATES DATA IS MISSING.
T  INDICATES TRACE AMOUNT.




$$
