000
CDUS41 KRLX 220745
CLIEKN


CLIMATE REPORT
NATIONAL WEATHER SERVICE CHARLESTON WV
344 AM EDT TUE JUL 22 2014


...................................

...THE ELKINS WV CLIMATE SUMMARY FOR JULY 21 2014...

CLIMATE NORMAL PERIOD 1981 TO 2010
CLIMATE RECORD PERIOD 1899 TO 2014


WEATHER ITEM   OBSERVED TIME   RECORD YEAR NORMAL DEPARTURE LAST
                VALUE   (LST)  VALUE       VALUE  FROM      YEAR
                                                  NORMAL
..................................................................
TEMPERATURE (F)
 YESTERDAY
  MAXIMUM         85    419 PM  95    1934  81      4       82
  MINIMUM         63    615 AM  41    1929  59      4       62
  AVERAGE         74                        70      4       72

PRECIPITATION (IN)
  YESTERDAY        0.58          1.96 1925   0.17   0.41     0.10
  MONTH TO DATE    3.17                      3.72  -0.55     2.44
  SINCE JAN 1     23.03                     27.33  -4.30    23.00

SNOWFALL (IN)
  YESTERDAY        0.0
  MONTH TO DATE    0.0
  SINCE SEP 1     92.3
  SNOW DEPTH       0

DEGREE DAYS
 HEATING
  YESTERDAY        0                         0      0        0
  MONTH TO DATE   17                         8      9        0
  SINCE JUN 1     31                        63    -32       12
  SINCE JUL 1     17                         8      9        0

 COOLING
  YESTERDAY        9                         5      4        7
  MONTH TO DATE  103                       107     -4      185
  SINCE JUN 1    248                       199     49      282
  SINCE JAN 1    284                       222     62      307
..................................................................


WIND (MPH)
  HIGHEST WIND SPEED    15   HIGHEST WIND DIRECTION     N (10)
  HIGHEST GUST SPEED    18   HIGHEST GUST DIRECTION     N (10)
  AVERAGE WIND SPEED     2.4


SKY COVER
  POSSIBLE SUNSHINE  MM
  AVERAGE SKY COVER 0.6


WEATHER CONDITIONS
 THE FOLLOWING WEATHER WAS RECORDED YESTERDAY.
  HEAVY RAIN
  RAIN
  LIGHT RAIN
  FOG
  FOG W/VISIBILITY <= 1/4 MILE


RELATIVE HUMIDITY (PERCENT)
 HIGHEST    97           800 PM
 LOWEST     54           100 PM
 AVERAGE    76

..........................................................


THE ELKINS WV CLIMATE NORMALS FOR TODAY
                         NORMAL    RECORD    YEAR
 MAXIMUM TEMPERATURE (F)   81        94      1926
 MINIMUM TEMPERATURE (F)   59        41      1966


SUNRISE AND SUNSET
JULY 22 2014..........SUNRISE   612 AM EDT   SUNSET   839 PM EDT
JULY 23 2014..........SUNRISE   613 AM EDT   SUNSET   839 PM EDT


-  INDICATES NEGATIVE NUMBERS.
R  INDICATES RECORD WAS SET OR TIED.
MM INDICATES DATA IS MISSING.
T  INDICATES TRACE AMOUNT.




$$
