000
CDUS45 KLKN 310947
CLIEKO


CLIMATE REPORT
NATIONAL WEATHER SERVICE ELKO NV
246 AM PDT FRI OCT 31 2014


...................................

...THE ELKO AIRPORT NV CLIMATE SUMMARY FOR OCTOBER 30 2014...

CLIMATE NORMAL PERIOD 1981 TO 2010
CLIMATE RECORD PERIOD 1888 TO 2014


WEATHER ITEM   OBSERVED TIME   RECORD YEAR NORMAL DEPARTURE LAST
                VALUE   (LST)  VALUE       VALUE  FROM      YEAR
                                                  NORMAL
..................................................................
TEMPERATURE (F)
 YESTERDAY
  MAXIMUM         71    328 PM  74    1965  57     14       40
                                      1962
  MINIMUM         29    636 AM   1    1891  25      4       30
  AVERAGE         50                        41      9       35

PRECIPITATION (IN)
  YESTERDAY        0.00          0.32 1982   0.03  -0.03     0.00
  MONTH TO DATE    T                         0.72  -0.72     0.60
  SINCE OCT 1      T                         0.72  -0.72     0.60
  SINCE JAN 1      8.05                      7.57   0.48     5.45

SNOWFALL (IN)
  YESTERDAY        0.0           2.0  1900   0.1   -0.1      0.0
  MONTH TO DATE    0.0                       0.6   -0.6      2.9
  SINCE SEP 1      0.0                       0.7   -0.7      2.9
  SINCE JUL 1      0.0                       0.7   -0.7      2.9
  SNOW DEPTH       0

DEGREE DAYS
 HEATING
  YESTERDAY       15                        24     -9       30
  MONTH TO DATE  399                       547   -148      577
  SINCE SEP 1    490                       754   -264      750
  SINCE JUL 1    510                       805   -295      750

 COOLING
  YESTERDAY        0                         0      0        0
  MONTH TO DATE    0                         0      0        0
  SINCE SEP 1     45                        21     24       66
  SINCE JAN 1    549                       383    166      776
..................................................................


WIND (MPH)
  HIGHEST WIND SPEED    12   HIGHEST WIND DIRECTION     E (100)
  HIGHEST GUST SPEED    14   HIGHEST GUST DIRECTION    NE (40)
  AVERAGE WIND SPEED     5.2



WEATHER CONDITIONS
 THE FOLLOWING WEATHER WAS RECORDED YESTERDAY.
  NO SIGNIFICANT WEATHER WAS OBSERVED.


RELATIVE HUMIDITY (PERCENT)
 HIGHEST    63           400 AM
 LOWEST     16           300 PM
 AVERAGE    40

..........................................................


THE ELKO AIRPORT NV CLIMATE NORMALS FOR TODAY
                         NORMAL    RECORD    YEAR
 MAXIMUM TEMPERATURE (F)   57        76      1910
 MINIMUM TEMPERATURE (F)   25         3      2002
                                             1895


SUNRISE AND SUNSET
OCTOBER 31 2014.......SUNRISE   713 AM PDT   SUNSET   540 PM PDT
NOVEMBER  1 2014......SUNRISE   714 AM PDT   SUNSET   539 PM PDT


-  INDICATES NEGATIVE NUMBERS.
R  INDICATES RECORD WAS SET OR TIED.
MM INDICATES DATA IS MISSING.
T  INDICATES TRACE AMOUNT.




$$
