000
CDUS45 KLKN 110939
CLIEKO


CLIMATE REPORT
NATIONAL WEATHER SERVICE ELKO NV
136 AM PST SUN DEC 11 2016


...................................

...THE ELKO AIRPORT NV CLIMATE SUMMARY FOR DECEMBER 10 2016...

CLIMATE NORMAL PERIOD 1981 TO 2010
CLIMATE RECORD PERIOD 1888 TO 2016


WEATHER ITEM   OBSERVED TIME   RECORD YEAR NORMAL DEPARTURE LAST
                VALUE   (LST)  VALUE       VALUE  FROM      YEAR
                                                  NORMAL
..................................................................
TEMPERATURE (F)
 YESTERDAY
  MAXIMUM         43   1133 AM  61    1981  38      5       59
                                      1939
  MINIMUM         33    956 PM -25    1972  15     18       26
  AVERAGE         38                        26     12       43

PRECIPITATION (IN)
  YESTERDAY        1.05R         0.90 1894   0.04   1.01     0.05
  MONTH TO DATE    1.34                      0.37   0.97     0.05
  SINCE OCT 1      4.14                      2.23   1.91     2.51
  SINCE JAN 1     12.86                      9.08   3.78     9.50

SNOWFALL (IN)
  YESTERDAY        1.0           9.0  1894   0.4    0.6       T
  MONTH TO DATE    3.9                       2.9    1.0       T
  SINCE DEC 1      3.9                       2.9    1.0       T
  SINCE JUL 1      9.4                       8.6    0.8     12.2
  SNOW DEPTH       1

DEGREE DAYS
 HEATING
  YESTERDAY       27                        39    -12       22
  MONTH TO DATE  368                       375     -7      344
  SINCE DEC 1    368                       375     -7      344
  SINCE JUL 1   1713                      2113   -400     1825

 COOLING
  YESTERDAY        0                         0      0        0
  MONTH TO DATE    0                         0      0        0
  SINCE DEC 1      0                         0      0        0
  SINCE JAN 1    560                       383    177      624
..................................................................


WIND (MPH)
  HIGHEST WIND SPEED    18   HIGHEST WIND DIRECTION     W (270)
  HIGHEST GUST SPEED    23   HIGHEST GUST DIRECTION    NW (320)
  AVERAGE WIND SPEED     3.9



WEATHER CONDITIONS
 THE FOLLOWING WEATHER WAS RECORDED YESTERDAY.
  RAIN
  LIGHT RAIN
  LIGHT SNOW
  FOG


RELATIVE HUMIDITY (PERCENT)
 HIGHEST    96           700 PM
 LOWEST     59          1200 AM
 AVERAGE    78

..........................................................


THE ELKO AIRPORT NV CLIMATE NORMALS FOR TODAY
                         NORMAL    RECORD    YEAR
 MAXIMUM TEMPERATURE (F)   38        60      1958
 MINIMUM TEMPERATURE (F)   15       -28      1972


SUNRISE AND SUNSET
DECEMBER 11 2016......SUNRISE   658 AM PST   SUNSET   416 PM PST
DECEMBER 12 2016......SUNRISE   659 AM PST   SUNSET   416 PM PST


-  INDICATES NEGATIVE NUMBERS.
R  INDICATES RECORD WAS SET OR TIED.
MM INDICATES DATA IS MISSING.
T  INDICATES TRACE AMOUNT.




$$
