000
CDUS45 KLKN 260930
CLIEKO


CLIMATE REPORT
NATIONAL WEATHER SERVICE ELKO NV
126 AM PST WED NOV 26 2014


...................................

...THE ELKO AIRPORT NV CLIMATE SUMMARY FOR NOVEMBER 25 2014...

CLIMATE NORMAL PERIOD 1981 TO 2010
CLIMATE RECORD PERIOD 1888 TO 2014


WEATHER ITEM   OBSERVED TIME   RECORD YEAR NORMAL DEPARTURE LAST
                VALUE   (LST)  VALUE       VALUE  FROM      YEAR
                                                  NORMAL
..................................................................
TEMPERATURE (F)
 YESTERDAY
  MAXIMUM         53   1246 PM  68    1995  43     10       49
                                      1894
  MINIMUM         27   1244 AM -14    2010  19      8       18
  AVERAGE         40                        31      9       34

PRECIPITATION (IN)
  YESTERDAY        0.00          0.36 1985   0.04  -0.04     0.00
  MONTH TO DATE    1.10                      0.92   0.18     0.36
  SINCE OCT 1      1.10                      1.67  -0.57     0.96
  SINCE JAN 1      9.15                      8.52   0.63     5.81

SNOWFALL (IN)
  YESTERDAY        0.0           3.3  1973   0.3   -0.3      0.0
  MONTH TO DATE    1.9                       3.7   -1.8      2.8
  SINCE SEP 1      1.9                       4.4   -2.5      5.7
  SINCE JUL 1      1.9                       4.4   -2.5      5.7
  SNOW DEPTH       0

DEGREE DAYS
 HEATING
  YESTERDAY       25                        34     -9       31
  MONTH TO DATE  728                       732     -4      640
  SINCE SEP 1   1230                      1510   -280     1417
  SINCE JUL 1   1250                      1561   -311     1417

 COOLING
  YESTERDAY        0                         0      0        0
  MONTH TO DATE    0                         0      0        0
  SINCE SEP 1     45                        21     24       66
  SINCE JAN 1    549                       383    166      776
..................................................................


WIND (MPH)
  HIGHEST WIND SPEED    20   HIGHEST WIND DIRECTION    SW (240)
  HIGHEST GUST SPEED    24   HIGHEST GUST DIRECTION    SW (240)
  AVERAGE WIND SPEED     5.7



WEATHER CONDITIONS
 THE FOLLOWING WEATHER WAS RECORDED YESTERDAY.
  NO SIGNIFICANT WEATHER WAS OBSERVED.


RELATIVE HUMIDITY (PERCENT)
 HIGHEST    85          1100 PM
 LOWEST     41          1000 AM
 AVERAGE    63

..........................................................


THE ELKO AIRPORT NV CLIMATE NORMALS FOR TODAY
                         NORMAL    RECORD    YEAR
 MAXIMUM TEMPERATURE (F)   43        63      1998
                                             1949
 MINIMUM TEMPERATURE (F)   19       -11      1918


SUNRISE AND SUNSET
NOVEMBER 26 2014......SUNRISE   643 AM PST   SUNSET   418 PM PST
NOVEMBER 27 2014......SUNRISE   644 AM PST   SUNSET   417 PM PST


-  INDICATES NEGATIVE NUMBERS.
R  INDICATES RECORD WAS SET OR TIED.
MM INDICATES DATA IS MISSING.
T  INDICATES TRACE AMOUNT.




$$
