000
CDUS45 KLKN 180937
CLIEKO


CLIMATE REPORT
NATIONAL WEATHER SERVICE ELKO NV
137 AM PST THU DEC 18 2014


...................................

...THE ELKO AIRPORT NV CLIMATE SUMMARY FOR DECEMBER 17 2014...

CLIMATE NORMAL PERIOD 1981 TO 2010
CLIMATE RECORD PERIOD 1888 TO 2014


WEATHER ITEM   OBSERVED TIME   RECORD YEAR NORMAL DEPARTURE LAST
                VALUE   (LST)  VALUE       VALUE  FROM      YEAR
                                                  NORMAL
..................................................................
TEMPERATURE (F)
 YESTERDAY
  MAXIMUM         28    316 PM  54    1980  37     -9       34
                                      1962
                                      1958
  MINIMUM         20    449 AM -12    1984  14      6       10
  AVERAGE         24                        25     -1       22

PRECIPITATION (IN)
  YESTERDAY        T             0.60 1992   0.04  -0.04     0.00
  MONTH TO DATE    0.18                      0.63  -0.45     0.33
  SINCE OCT 1      1.33                      2.49  -1.16     1.29
  SINCE JAN 1      9.38                      9.34   0.04     6.14

SNOWFALL (IN)
  YESTERDAY        T             9.3  1992   0.3   -0.3      0.0
  MONTH TO DATE    0.4                       5.0   -4.6      3.2
  SINCE DEC 1      0.4                       5.0   -4.6      3.2
  SINCE JUL 1      2.3                      10.7   -8.4      8.9
  SNOW DEPTH       T

DEGREE DAYS
 HEATING
  YESTERDAY       41                        40      1       43
  MONTH TO DATE  473                       649   -176      844
  SINCE DEC 1    473                       649   -176      844
  SINCE JUL 1   1833                      2387   -554     2404

 COOLING
  YESTERDAY        0                         0      0        0
  MONTH TO DATE    0                         0      0        0
  SINCE DEC 1      0                         0      0        0
  SINCE JAN 1    549                       383    166      776
..................................................................


WIND (MPH)
  HIGHEST WIND SPEED    12   HIGHEST WIND DIRECTION     E (70)
  HIGHEST GUST SPEED    14   HIGHEST GUST DIRECTION     E (70)
  AVERAGE WIND SPEED     2.4



WEATHER CONDITIONS
 THE FOLLOWING WEATHER WAS RECORDED YESTERDAY.
  LIGHT SNOW
  FOG
  FOG W/VISIBILITY <= 1/4 MILE


RELATIVE HUMIDITY (PERCENT)
 HIGHEST   100           800 AM
 LOWEST     88          1200 AM
 AVERAGE    94

..........................................................


THE ELKO AIRPORT NV CLIMATE NORMALS FOR TODAY
                         NORMAL    RECORD    YEAR
 MAXIMUM TEMPERATURE (F)   36        60      1917
 MINIMUM TEMPERATURE (F)   14       -18      1895


SUNRISE AND SUNSET
DECEMBER 18 2014......SUNRISE   702 AM PST   SUNSET   417 PM PST
DECEMBER 19 2014......SUNRISE   703 AM PST   SUNSET   418 PM PST


-  INDICATES NEGATIVE NUMBERS.
R  INDICATES RECORD WAS SET OR TIED.
MM INDICATES DATA IS MISSING.
T  INDICATES TRACE AMOUNT.




$$
