000
CDUS45 KLKN 210030
CLIEKO


CLIMATE REPORT
NATIONAL WEATHER SERVICE ELKO NV
526 PM PDT MON OCT 20 2014


...................................

...THE ELKO AIRPORT NV CLIMATE SUMMARY FOR OCTOBER 20 2014...
VALID TODAY AS OF 500 PM LOCAL TIME.

CLIMATE NORMAL PERIOD 1981 TO 2010
CLIMATE RECORD PERIOD 1888 TO 2014


WEATHER ITEM   OBSERVED TIME   RECORD YEAR NORMAL DEPARTURE LAST
                VALUE   (LST)  VALUE       VALUE  FROM      YEAR
                                                  NORMAL
..................................................................
TEMPERATURE (F)
 TODAY
  MAXIMUM         78   1246 PM  82    1921  63     15       69
  MINIMUM         38    558 AM   8    1996  27     11       25
                                      1898
  AVERAGE         58                        45     13       47

PRECIPITATION (IN)
  TODAY            0.00          0.52 1972   0.03  -0.03     0.00
  MONTH TO DATE    0.00                      0.44  -0.44     0.10
  SINCE OCT 1      0.00                      0.44  -0.44     0.10
  SINCE JAN 1      8.05                      7.29   0.76     4.95

SNOWFALL (IN)
  TODAY            0.0           2.0  1920   0.0    0.0      0.0
  MONTH TO DATE    0.0                       0.2   -0.2       T
  SINCE SEP 1      0.0                       0.3   -0.3       T
  SINCE JUL 1      0.0                       0.3   -0.3       T
  SNOW DEPTH       0

DEGREE DAYS
 HEATING
  TODAY            7                        20    -13       18
  MONTH TO DATE  222                       327   -105      383
  SINCE SEP 1    313                       534   -221      556
  SINCE JUL 1    333                       585   -252      556

 COOLING
  TODAY            0                         0      0        0
  MONTH TO DATE    0                         0      0        0
  SINCE SEP 1     45                        21     24       66
  SINCE JAN 1    549                       383    166      776
..................................................................


WIND (MPH)
  HIGHEST WIND SPEED    23   HIGHEST WIND DIRECTION     S (170)
  HIGHEST GUST SPEED    28   HIGHEST GUST DIRECTION     S (160)



WEATHER CONDITIONS
 THE FOLLOWING WEATHER WAS RECORDED TODAY.
  NO SIGNIFICANT WEATHER WAS OBSERVED.


RELATIVE HUMIDITY (PERCENT)
 HIGHEST    64           600 AM
 LOWEST     15           300 PM
 AVERAGE    40

..........................................................


THE ELKO AIRPORT NV CLIMATE NORMALS FOR TOMORROW
                         NORMAL    RECORD    YEAR
 MAXIMUM TEMPERATURE (F)   62        83      2003
 MINIMUM TEMPERATURE (F)   27         1      1996


SUNRISE AND SUNSET
OCTOBER 20 2014.......SUNRISE   700 AM PDT   SUNSET   555 PM PDT
OCTOBER 21 2014.......SUNRISE   701 AM PDT   SUNSET   554 PM PDT


-  INDICATES NEGATIVE NUMBERS.
R  INDICATES RECORD WAS SET OR TIED.
MM INDICATES DATA IS MISSING.
T  INDICATES TRACE AMOUNT.




$$
