000
CDUS44 KSHV 192231
CLIELD


CLIMATE REPORT
NATIONAL WEATHER SERVICE SHREVEPORT, LA
431 PM CST MON FEB 19 2018


...................................

...THE EL DORADO CLIMATE SUMMARY FOR FEBRUARY 19 2018...
VALID TODAY AS OF 0400 PM LOCAL TIME.

CLIMATE NORMAL PERIOD 1981 TO 2010
CLIMATE RECORD PERIOD 1907 TO 2018


WEATHER ITEM   OBSERVED TIME   RECORD YEAR NORMAL DEPARTURE LAST
                VALUE   (LST)  VALUE       VALUE  FROM      YEAR
                                                  NORMAL
..................................................................
TEMPERATURE (F)
 TODAY
  MAXIMUM         79    338 PM  84    1986  60     19       78
  MINIMUM         62    117 AM  14    1978  37     25       51
  AVERAGE         71                        49     22       65

PRECIPITATION (IN)
  TODAY            0.00          1.37 1991   0.17  -0.17     0.00
  MONTH TO DATE    5.56                      3.22   2.34     1.46
  SINCE DEC 1     14.26                     12.70   1.56    11.94
  SINCE JAN 1      8.63                      7.52   1.11     5.65

SNOWFALL (IN)
  TODAY            0.0
  MONTH TO DATE    0.0
  SINCE DEC 1      2.8
  SINCE JUL 1      2.8
  SNOW DEPTH       0

DEGREE DAYS
 HEATING
  TODAY            0                        16    -16        0
  MONTH TO DATE  292                       350    -58      207
  SINCE DEC 1   1639                      1614     25     1125
  SINCE JUL 1   2041                      2093    -52     1398

 COOLING
  TODAY            6                         0      6        0
  MONTH TO DATE   11                         0     11       10
  SINCE DEC 1     11                         6      5       33
  SINCE JAN 1     11                         2      9       19
..................................................................


WIND (MPH)
  HIGHEST WIND SPEED    23   HIGHEST WIND DIRECTION     S (190)
  HIGHEST GUST SPEED    30   HIGHEST GUST DIRECTION     S (160)
  AVERAGE WIND SPEED    12.1


SKY COVER
  POSSIBLE SUNSHINE  MM
  AVERAGE SKY COVER 0.6


WEATHER CONDITIONS
 THE FOLLOWING WEATHER WAS RECORDED TODAY.
  NO SIGNIFICANT WEATHER WAS OBSERVED.


RELATIVE HUMIDITY (PERCENT)
 HIGHEST   100          1200 AM
 LOWEST     52           300 PM
 AVERAGE    76

..........................................................


THE EL DORADO CLIMATE NORMALS FOR TOMORROW
                         NORMAL    RECORD    YEAR
 MAXIMUM TEMPERATURE (F)   60        88      1986
 MINIMUM TEMPERATURE (F)   38        18      1978


SUNRISE AND SUNSET
FEBRUARY 19 2018......SUNRISE   651 AM CST   SUNSET   600 PM CST
FEBRUARY 20 2018......SUNRISE   650 AM CST   SUNSET   601 PM CST


-  INDICATES NEGATIVE NUMBERS.
R  INDICATES RECORD WAS SET OR TIED.
MM INDICATES DATA IS MISSING.
T  INDICATES TRACE AMOUNT.




$$
