000
CDUS44 KSHV 220731
CLIELD


CLIMATE REPORT
NATIONAL WEATHER SERVICE SHREVEPORT, LA
231 AM CDT FRI SEP 22 2017


...................................

...THE EL DORADO CLIMATE SUMMARY FOR SEPTEMBER 21 2017...

CLIMATE NORMAL PERIOD 1981 TO 2010
CLIMATE RECORD PERIOD 1907 TO 2017


WEATHER ITEM   OBSERVED TIME   RECORD YEAR NORMAL DEPARTURE LAST
                VALUE   (LST)  VALUE       VALUE  FROM      YEAR
                                                  NORMAL
..................................................................
TEMPERATURE (F)
 YESTERDAY
  MAXIMUM         90    212 PM 102    2005  85      5       92
  MINIMUM         69    220 AM  40    1918  61      8       65
  AVERAGE         80                        73      7       79

PRECIPITATION (IN)
  YESTERDAY        0.00          1.64 1992   0.09  -0.09     0.00
  MONTH TO DATE    1.23                      2.08  -0.85     1.68
  SINCE DEC 1     44.86                     41.81   3.05    58.54
  SINCE JAN 1     38.57                     36.63   1.94    50.48

SNOWFALL (IN)
  YESTERDAY        0.0
  MONTH TO DATE    0.0
  SINCE SEP 1      0.0
  SINCE JUL 1      0.0
  SNOW DEPTH       0

DEGREE DAYS
 HEATING
  YESTERDAY        0                         1     -1        0
  MONTH TO DATE    3                         2      1        0
  SINCE SEP 1      3                         2      1        0
  SINCE JUL 1      3                         2      1        0

 COOLING
  YESTERDAY       15                         8      7       14
  MONTH TO DATE  202                       239    -37      314
  SINCE SEP 1    202                       239    -37      314
  SINCE JAN 1   1937                      1966    -29     2172
..................................................................


WIND (MPH)
  HIGHEST WIND SPEED    10   HIGHEST WIND DIRECTION    SE (130)
  HIGHEST GUST SPEED    14   HIGHEST GUST DIRECTION    SE (150)
  AVERAGE WIND SPEED     3.5


SKY COVER
  POSSIBLE SUNSHINE  MM
  AVERAGE SKY COVER 0.3


WEATHER CONDITIONS
 THE FOLLOWING WEATHER WAS RECORDED YESTERDAY.
  FOG
  FOG W/VISIBILITY <= 1/4 MILE


RELATIVE HUMIDITY (PERCENT)
 HIGHEST   100           400 AM
 LOWEST     52           200 PM
 AVERAGE    76

..........................................................


THE EL DORADO CLIMATE NORMALS FOR TODAY
                         NORMAL    RECORD    YEAR
 MAXIMUM TEMPERATURE (F)   84       100      1930
 MINIMUM TEMPERATURE (F)   60        39      1983


SUNRISE AND SUNSET
SEPTEMBER 22 2017.....SUNRISE   700 AM CDT   SUNSET   708 PM CDT
SEPTEMBER 23 2017.....SUNRISE   700 AM CDT   SUNSET   706 PM CDT


-  INDICATES NEGATIVE NUMBERS.
R  INDICATES RECORD WAS SET OR TIED.
MM INDICATES DATA IS MISSING.
T  INDICATES TRACE AMOUNT.




$$
