000
CDUS44 KSHV 280739
CLIELD


CLIMATE REPORT
NATIONAL WEATHER SERVICE SHREVEPORT, LA
239 AM CDT THU AUG 28 2014


...................................

...THE EL DORADO CLIMATE SUMMARY FOR AUGUST 27 2014...

CLIMATE NORMAL PERIOD 1981 TO 2010
CLIMATE RECORD PERIOD 1907 TO 2014


WEATHER ITEM   OBSERVED TIME   RECORD YEAR NORMAL DEPARTURE LAST
                VALUE   (LST)  VALUE       VALUE  FROM      YEAR
                                                  NORMAL
..................................................................
TEMPERATURE (F)
 YESTERDAY
  MAXIMUM         91    412 PM 106    2000  92     -1       93
  MINIMUM         68    610 AM  52    1917  69     -1       65
  AVERAGE         80                        80      0       79

PRECIPITATION (IN)
  YESTERDAY        0.00          1.69 1944   0.08  -0.08     0.00
  MONTH TO DATE    2.06                      2.73  -0.67     1.02
  SINCE DEC 1     36.38                     39.35  -2.97    32.90
  SINCE JAN 1     29.82                     34.17  -4.35    26.84

SNOWFALL (IN)
  YESTERDAY        0.0
  MONTH TO DATE    0.0
  SINCE JUN 1      0.0
  SINCE JUL 1      0.0
  SNOW DEPTH       0

DEGREE DAYS
 HEATING
  YESTERDAY        0                         0      0        0
  MONTH TO DATE    0                         0      0        0
  SINCE JUN 1      0                         0      0        0
  SINCE JUL 1      0                         0      0        0

 COOLING
  YESTERDAY       15                        15      0       14
  MONTH TO DATE  329                       446   -117      437
  SINCE JUN 1   1137                      1358   -221     1316
  SINCE JAN 1   1389                      1669   -280     1594
..................................................................


WIND (MPH)
  HIGHEST WIND SPEED     9   HIGHEST WIND DIRECTION    NE (60)
  HIGHEST GUST SPEED    13   HIGHEST GUST DIRECTION     E (110)
  AVERAGE WIND SPEED     1.3


SKY COVER
  POSSIBLE SUNSHINE  MM
  AVERAGE SKY COVER 0.0


WEATHER CONDITIONS
 THE FOLLOWING WEATHER WAS RECORDED YESTERDAY.
  FOG


RELATIVE HUMIDITY (PERCENT)
 HIGHEST   100           300 AM
 LOWEST     43          1200 PM
 AVERAGE    72

..........................................................


THE EL DORADO CLIMATE NORMALS FOR TODAY
                         NORMAL    RECORD    YEAR
 MAXIMUM TEMPERATURE (F)   92       105      2000
 MINIMUM TEMPERATURE (F)   69        50      1906


SUNRISE AND SUNSET
AUGUST 28 2014........SUNRISE   643 AM CDT   SUNSET   741 PM CDT
AUGUST 29 2014........SUNRISE   644 AM CDT   SUNSET   740 PM CDT


-  INDICATES NEGATIVE NUMBERS.
R  INDICATES RECORD WAS SET OR TIED.
MM INDICATES DATA IS MISSING.
T  INDICATES TRACE AMOUNT.




$$
