000
CDUS44 KSHV 290744
CLIELD


CLIMATE REPORT
NATIONAL WEATHER SERVICE SHREVEPORT, LA
244 AM CDT WED MAR 29 2017


...................................

...THE EL DORADO CLIMATE SUMMARY FOR MARCH 28 2017...

CLIMATE NORMAL PERIOD 1981 TO 2010
CLIMATE RECORD PERIOD 1907 TO 2017


WEATHER ITEM   OBSERVED TIME   RECORD YEAR NORMAL DEPARTURE LAST
                VALUE   (LST)  VALUE       VALUE  FROM      YEAR
                                                  NORMAL
..................................................................
TEMPERATURE (F)
 YESTERDAY
  MAXIMUM         81    509 PM  88    1907  72      9       71
  MINIMUM         60    129 AM  28    1977  46     14       42
  AVERAGE         71                        59     12       57

PRECIPITATION (IN)
  YESTERDAY        0.00          2.09 1944   0.14  -0.14     0.00
  MONTH TO DATE    1.55                      4.31  -2.76    10.15
  SINCE DEC 1     16.25                     18.58  -2.33    25.81
  SINCE JAN 1      9.96                     13.40  -3.44    17.75

SNOWFALL (IN)
  YESTERDAY        0.0
  MONTH TO DATE    0.0
  SINCE MAR 1      0.0
  SINCE JUL 1      T
  SNOW DEPTH       0

DEGREE DAYS
 HEATING
  YESTERDAY        0                         7     -7        8
  MONTH TO DATE  205                       288    -83      194
  SINCE MAR 1    205                       288    -83      194
  SINCE JUL 1   1657                      2516   -859     1933

 COOLING
  YESTERDAY        6                         1      5        0
  MONTH TO DATE   46                        19     27       17
  SINCE MAR 1     46                        19     27       17
  SINCE JAN 1     73                        25     48       23
..................................................................


WIND (MPH)
  HIGHEST WIND SPEED    14   HIGHEST WIND DIRECTION     E (100)
  HIGHEST GUST SPEED    19   HIGHEST GUST DIRECTION     E (90)
  AVERAGE WIND SPEED     5.8


SKY COVER
  POSSIBLE SUNSHINE  MM
  AVERAGE SKY COVER 0.6


WEATHER CONDITIONS
 THE FOLLOWING WEATHER WAS RECORDED YESTERDAY.
  NO SIGNIFICANT WEATHER WAS OBSERVED.


RELATIVE HUMIDITY (PERCENT)
 HIGHEST    93          1200 AM
 LOWEST     58           400 PM
 AVERAGE    76

..........................................................


THE EL DORADO CLIMATE NORMALS FOR TODAY
                         NORMAL    RECORD    YEAR
 MAXIMUM TEMPERATURE (F)   72        86      1967
 MINIMUM TEMPERATURE (F)   47        26      1955


SUNRISE AND SUNSET
MARCH 29 2017.........SUNRISE   703 AM CDT   SUNSET   730 PM CDT
MARCH 30 2017.........SUNRISE   701 AM CDT   SUNSET   730 PM CDT


-  INDICATES NEGATIVE NUMBERS.
R  INDICATES RECORD WAS SET OR TIED.
MM INDICATES DATA IS MISSING.
T  INDICATES TRACE AMOUNT.




$$
