000
CDUS44 KSHV 302216
CLIELD


CLIMATE REPORT
NATIONAL WEATHER SERVICE SHREVEPORT, LA
516 PM CDT SUN AUG 30 2015


...................................

...THE EL DORADO CLIMATE SUMMARY FOR AUGUST 30 2015...
VALID TODAY AS OF 0500 PM LOCAL TIME.

CLIMATE NORMAL PERIOD 1981 TO 2010
CLIMATE RECORD PERIOD 1907 TO 2015


WEATHER ITEM   OBSERVED TIME   RECORD YEAR NORMAL DEPARTURE LAST
                VALUE   (LST)  VALUE       VALUE  FROM      YEAR
                                                  NORMAL
..................................................................
TEMPERATURE (F)
 TODAY
  MAXIMUM         96    253 PM 110    2000  91      5       78
  MINIMUM         67    605 AM  51    1986  68     -1       73
  AVERAGE         82                        80      2       76

PRECIPITATION (IN)
  TODAY            0.00          3.44 1974   0.10  -0.10     0.28
  MONTH TO DATE    0.57                      3.01  -2.44     2.35
  SINCE DEC 1     35.05                     39.63  -4.58    36.67
  SINCE JAN 1     31.72                     34.45  -2.73    30.11

DEGREE DAYS
 HEATING
  TODAY            0                         0      0        0
  MONTH TO DATE    0                         0      0        0
  SINCE JUN 1      0                         0      0        0
  SINCE JUL 1      0                         0      0        0

 COOLING
  TODAY           17                        15      2       11
  MONTH TO DATE  506                       491     15      372
  SINCE JUN 1   1517                      1403    114     1180
  SINCE JAN 1   1857                      1714    143     1432
..................................................................


WIND (MPH)
  HIGHEST WIND SPEED    10   HIGHEST WIND DIRECTION     W (260)
  HIGHEST GUST SPEED    15   HIGHEST GUST DIRECTION     W (250)
  AVERAGE WIND SPEED     3.2


SKY COVER
  POSSIBLE SUNSHINE  MM
  AVERAGE SKY COVER 0.0


WEATHER CONDITIONS
 THE FOLLOWING WEATHER WAS RECORDED TODAY.
  FOG
  HAZE


RELATIVE HUMIDITY (PERCENT)
 HIGHEST    93           400 AM
 LOWEST     30           300 PM
 AVERAGE    62

..........................................................


THE EL DORADO CLIMATE NORMALS FOR TOMORROW
                         NORMAL    RECORD    YEAR
 MAXIMUM TEMPERATURE (F)   91       112      2000
 MINIMUM TEMPERATURE (F)   68        54      1915


SUNRISE AND SUNSET
AUGUST 30 2015........SUNRISE   644 AM CDT   SUNSET   739 PM CDT
AUGUST 31 2015........SUNRISE   645 AM CDT   SUNSET   738 PM CDT


-  INDICATES NEGATIVE NUMBERS.
R  INDICATES RECORD WAS SET OR TIED.
MM INDICATES DATA IS MISSING.
T  INDICATES TRACE AMOUNT.




$$
