000
CDUS44 KSHV 240751
CLIELD


CLIMATE REPORT
NATIONAL WEATHER SERVICE SHREVEPORT, LA
241 AM CDT FRI OCT 24 2014


...................................

...THE EL DORADO CLIMATE SUMMARY FOR OCTOBER 23 2014...

CLIMATE NORMAL PERIOD 1981 TO 2010
CLIMATE RECORD PERIOD 1907 TO 2014


WEATHER ITEM   OBSERVED TIME   RECORD YEAR NORMAL DEPARTURE LAST
                VALUE   (LST)  VALUE       VALUE  FROM      YEAR
                                                  NORMAL
..................................................................
TEMPERATURE (F)
 YESTERDAY
  MAXIMUM         68    302 PM  95    1939  74     -6       71
  MINIMUM         45   1125 PM  28    1952  49     -4       44
  AVERAGE         57                        62     -5       58

PRECIPITATION (IN)
  YESTERDAY        0.00          2.37 1986   0.17  -0.17     0.00
  MONTH TO DATE    2.91                      3.84  -0.93     2.81
  SINCE DEC 1     40.36                     46.68  -6.32    38.81
  SINCE JAN 1     33.80                     41.50  -7.70    32.75

SNOWFALL (IN)
  YESTERDAY        0.0
  MONTH TO DATE    0.0
  SINCE SEP 1      0.0
  SINCE JUL 1      0.0
  SNOW DEPTH       0

DEGREE DAYS
 HEATING
  YESTERDAY        8                         5      3        7
  MONTH TO DATE   43                        70    -27       70
  SINCE SEP 1     46                        82    -36       70
  SINCE JUL 1     46                        82    -36       70

 COOLING
  YESTERDAY        0                         2     -2        0
  MONTH TO DATE   88                        71     17       72
  SINCE SEP 1    418                       371     47      472
  SINCE JAN 1   1866                      2098   -232     2140
..................................................................


WIND (MPH)
  HIGHEST WIND SPEED     8   HIGHEST WIND DIRECTION     N (360)
  HIGHEST GUST SPEED    11   HIGHEST GUST DIRECTION     N (20)
  AVERAGE WIND SPEED     2.3


SKY COVER
  POSSIBLE SUNSHINE  MM
  AVERAGE SKY COVER 0.0


WEATHER CONDITIONS
 THE FOLLOWING WEATHER WAS RECORDED YESTERDAY.
  NO SIGNIFICANT WEATHER WAS OBSERVED.


RELATIVE HUMIDITY (PERCENT)
 HIGHEST   100          1200 AM
 LOWEST     48           300 PM
 AVERAGE    74

..........................................................


THE EL DORADO CLIMATE NORMALS FOR TODAY
                         NORMAL    RECORD    YEAR
 MAXIMUM TEMPERATURE (F)   74        90      2003
                                             1927
 MINIMUM TEMPERATURE (F)   49        26      1917


SUNRISE AND SUNSET
OCTOBER 24 2014.......SUNRISE   723 AM CDT   SUNSET   628 PM CDT
OCTOBER 25 2014.......SUNRISE   724 AM CDT   SUNSET   626 PM CDT


-  INDICATES NEGATIVE NUMBERS.
R  INDICATES RECORD WAS SET OR TIED.
MM INDICATES DATA IS MISSING.
T  INDICATES TRACE AMOUNT.




$$
