000
CDUS44 KSHV 100836
CLIELD


CLIMATE REPORT
NATIONAL WEATHER SERVICE SHREVEPORT, LA
235 AM CST WED FEB 10 2016


...................................

...THE EL DORADO CLIMATE SUMMARY FOR FEBRUARY 9 2016...

CLIMATE NORMAL PERIOD 1981 TO 2010
CLIMATE RECORD PERIOD 1907 TO 2016


WEATHER ITEM   OBSERVED TIME   RECORD YEAR NORMAL DEPARTURE LAST
                VALUE   (LST)  VALUE       VALUE  FROM      YEAR
                                                  NORMAL
..................................................................
TEMPERATURE (F)
 YESTERDAY
  MAXIMUM         55    345 PM  84    1957  58     -3       72
  MINIMUM         30   1159 PM  10    1933  35     -5       41
  AVERAGE         43                        46     -3       57

PRECIPITATION (IN)
  YESTERDAY        0.00          2.61 1966   0.17  -0.17     0.00
  MONTH TO DATE    0.00                      1.48  -1.48     0.35
  SINCE DEC 1     10.81                     10.96  -0.15     8.57
  SINCE JAN 1      2.75                      5.78  -3.03     5.24

SNOWFALL (IN)
  YESTERDAY        0.0
  MONTH TO DATE    0.0
  SINCE DEC 1      1.5
  SINCE JUL 1      1.5
  SNOW DEPTH       0

DEGREE DAYS
 HEATING
  YESTERDAY       22                        19      3        8
  MONTH TO DATE  156                       175    -19      181
  SINCE DEC 1   1198                      1439   -241     1431
  SINCE JUL 1   1492                      1918   -426     1982

 COOLING
  YESTERDAY        0                         0      0        0
  MONTH TO DATE    0                         0      0        0
  SINCE DEC 1     19                         6     13        0
  SINCE JAN 1      4                         2      2        0
..................................................................


WIND (MPH)
  HIGHEST WIND SPEED    25   HIGHEST WIND DIRECTION    NW (320)
  HIGHEST GUST SPEED    33   HIGHEST GUST DIRECTION    NW (330)
  AVERAGE WIND SPEED    10.4


SKY COVER
  POSSIBLE SUNSHINE  MM
  AVERAGE SKY COVER 0.0


WEATHER CONDITIONS
 THE FOLLOWING WEATHER WAS RECORDED YESTERDAY.
  HAZE


RELATIVE HUMIDITY (PERCENT)
 HIGHEST    56          1100 PM
 LOWEST     19           300 PM
 AVERAGE    38

..........................................................


THE EL DORADO CLIMATE NORMALS FOR TODAY
                         NORMAL    RECORD    YEAR
 MAXIMUM TEMPERATURE (F)   58        82      1932
 MINIMUM TEMPERATURE (F)   35        14      1971


SUNRISE AND SUNSET
FEBRUARY 10 2016......SUNRISE   700 AM CST   SUNSET   551 PM CST
FEBRUARY 11 2016......SUNRISE   659 AM CST   SUNSET   552 PM CST


-  INDICATES NEGATIVE NUMBERS.
R  INDICATES RECORD WAS SET OR TIED.
MM INDICATES DATA IS MISSING.
T  INDICATES TRACE AMOUNT.




$$
