510
CDUS44 KEPZ 200935
CLIELP


CLIMATE REPORT
NATIONAL WEATHER SERVICE EL PASO, TX
234 AM MST FRI JAN 20 2017


...................................

...THE EL PASO CLIMATE SUMMARY FOR JANUARY 19 2017...

CLIMATE NORMAL PERIOD 1981 TO 2010
CLIMATE RECORD PERIOD 1879 TO 2017


WEATHER ITEM   OBSERVED TIME   RECORD YEAR NORMAL DEPARTURE LAST
                VALUE   (LST)  VALUE       VALUE  FROM      YEAR
                                                  NORMAL
..................................................................
TEMPERATURE (F)
 YESTERDAY
  MAXIMUM         57    231 PM  76    1906  58     -1       67
                                      1902
  MINIMUM         45   1159 PM  13    1940  33     12       40
  AVERAGE         51                        45      6       54

PRECIPITATION (IN)
  YESTERDAY        0.00          0.76 2007   0.01  -0.01     0.00
  MONTH TO DATE    0.76                      0.24   0.52     0.46
  SINCE DEC 1      1.62                      1.02   0.60     1.54
  SINCE JAN 1      0.76                      0.24   0.52     0.46

SNOWFALL (IN)
  YESTERDAY        0.0                                       0.0
  MONTH TO DATE    0.0                                        T
  SINCE DEC 1      0.0                                       8.1
  SINCE JUL 1      T                                         8.1
  SNOW DEPTH       0

DEGREE DAYS
 HEATING
  YESTERDAY       14                        20     -6       11
  MONTH TO DATE  265                       392   -127      410
  SINCE DEC 1    745                      1018   -273      964
  SINCE JUL 1    987                      1460   -473     1299

 COOLING
  YESTERDAY        0                         0      0        0
  MONTH TO DATE    0                         0      0        0
  SINCE DEC 1      0                         0      0        0
  SINCE JAN 1      0                         0      0        0
..................................................................


WIND (MPH)
  HIGHEST WIND SPEED    29   HIGHEST WIND DIRECTION     W (280)
  HIGHEST GUST SPEED    35   HIGHEST GUST DIRECTION     W (260)
  AVERAGE WIND SPEED    13.6


SKY COVER
  POSSIBLE SUNSHINE  MM
  AVERAGE SKY COVER 0.4


WEATHER CONDITIONS
 THE FOLLOWING WEATHER WAS RECORDED YESTERDAY.
  NO SIGNIFICANT WEATHER WAS OBSERVED.


RELATIVE HUMIDITY (PERCENT)
 HIGHEST    70           300 AM
 LOWEST     32           500 PM
 AVERAGE    51

..........................................................


THE EL PASO CLIMATE NORMALS FOR TODAY
                         NORMAL    RECORD    YEAR
 MAXIMUM TEMPERATURE (F)   58        73      1971
 MINIMUM TEMPERATURE (F)   33        16      1918


SUNRISE AND SUNSET
JANUARY 20 2017.......SUNRISE   705 AM MST   SUNSET   529 PM MST
JANUARY 21 2017.......SUNRISE   704 AM MST   SUNSET   530 PM MST


-  INDICATES NEGATIVE NUMBERS.
R  INDICATES RECORD WAS SET OR TIED.
MM INDICATES DATA IS MISSING.
T  INDICATES TRACE AMOUNT.




$$
