000
CDUS44 KEPZ 122330
CLIELP


CLIMATE REPORT
NATIONAL WEATHER SERVICE EL PASO, TX
529 PM MDT SAT JUL 12 2014


...................................

...THE EL PASO CLIMATE SUMMARY FOR JULY 12 2014...
VALID TODAY AS OF 500 PM LOCAL TIME.

CLIMATE NORMAL PERIOD 1981 TO 2010
CLIMATE RECORD PERIOD 1879 TO 2014


WEATHER ITEM   OBSERVED TIME   RECORD YEAR NORMAL DEPARTURE LAST
                VALUE   (LST)  VALUE       VALUE  FROM      YEAR
                                                  NORMAL
..................................................................
TEMPERATURE (F)
 TODAY
  MAXIMUM         93   1248 PM 108    1979  95     -2      100
  MINIMUM         73    152 PM  59    1973  71      2       77

PRECIPITATION (IN)
  TODAY            0.19                      0.04   0.15     0.00
  MONTH TO DATE    0.32                      0.51  -0.19     0.08
  SINCE JUN 1      0.33                      1.45  -1.12     0.24
  SINCE JAN 1      0.97                      3.27  -2.30     1.13

..................................................................


WIND (MPH)
  HIGHEST WIND SPEED    25   HIGHEST WIND DIRECTION    SE (150)
  HIGHEST GUST SPEED    30   HIGHEST GUST DIRECTION    NE (40)


SKY COVER
  AVERAGE SKY COVER 0.5


WEATHER CONDITIONS
 THE FOLLOWING WEATHER WAS RECORDED TODAY.
  THUNDERSTORM
  HEAVY RAIN
  RAIN
  LIGHT RAIN


RELATIVE HUMIDITY (PERCENT)
 HIGHEST    61           500 AM
 LOWEST     32          1200 PM

..........................................................


THE EL PASO CLIMATE NORMALS FOR TOMORROW
                         NORMAL    RECORD    YEAR
 MAXIMUM TEMPERATURE (F)   95       108      1979
 MINIMUM TEMPERATURE (F)   71        57      1897


SUNRISE AND SUNSET
JULY 12 2014..........SUNRISE   609 AM MDT   SUNSET   813 PM MDT
JULY 13 2014..........SUNRISE   610 AM MDT   SUNSET   813 PM MDT


-  INDICATES NEGATIVE NUMBERS.
R  INDICATES RECORD WAS SET OR TIED.
MM INDICATES DATA IS MISSING.
T  INDICATES TRACE AMOUNT.




$$
