000
CDUS44 KEPZ 291024 CCA
CLIELP

CLIMATE REPORT...COR SNOWFALL
NATIONAL WEATHER SERVICE EL PASO, TX
229 AM MST MON DEC 29 2014


...................................

...THE EL PASO CLIMATE SUMMARY FOR DECEMBER 28 2014...

CLIMATE NORMAL PERIOD 1981 TO 2010
CLIMATE RECORD PERIOD 1879 TO 2014


WEATHER ITEM   OBSERVED TIME   RECORD YEAR NORMAL DEPARTURE LAST
                VALUE   (LST)  VALUE       VALUE  FROM      YEAR
                                                  NORMAL
..................................................................
TEMPERATURE (F)
 YESTERDAY
  MAXIMUM         49    235 PM  76    1980  56     -7       57
  MINIMUM         24    704 AM  13    1915  32     -8       22
  AVERAGE         37                        44     -7       40

PRECIPITATION (IN)
  YESTERDAY        0.00          0.58 1914   0.02  -0.02     0.00
  MONTH TO DATE    0.12                      0.72  -0.60     0.26
  SINCE DEC 1      0.12                      0.72  -0.60     0.26
  SINCE JAN 1      8.57                      9.65  -1.08     9.51

SNOWFALL (IN)
  YESTERDAY        0.0                                       0.0
  MONTH TO DATE      T                                        T
  SINCE DEC 1        T                                        T
  SINCE JUL 1      0.0                                        T
  SNOW DEPTH       0

DEGREE DAYS
 HEATING
  YESTERDAY       28                        21      7       25
  MONTH TO DATE  410                       562   -152      552
  SINCE DEC 1    410                       562   -152      552
  SINCE JUL 1    773                      1004   -231      936

 COOLING
  YESTERDAY        0                         0      0        0
  MONTH TO DATE    0                         0      0        0
  SINCE DEC 1      0                         0      0        0
  SINCE JAN 1   2671                      2331    340     2695
..................................................................


WIND (MPH)
  HIGHEST WIND SPEED    17   HIGHEST WIND DIRECTION     S (200)
  HIGHEST GUST SPEED    22   HIGHEST GUST DIRECTION     W (250)
  AVERAGE WIND SPEED     6.8


SKY COVER
  POSSIBLE SUNSHINE  MM
  AVERAGE SKY COVER 0.2


WEATHER CONDITIONS
 THE FOLLOWING WEATHER WAS RECORDED YESTERDAY.
  NO SIGNIFICANT WEATHER WAS OBSERVED.


RELATIVE HUMIDITY (PERCENT)
 HIGHEST    92           100 AM
 LOWEST     34           300 PM
 AVERAGE    63

..........................................................


THE EL PASO CLIMATE NORMALS FOR TODAY
                         NORMAL    RECORD    YEAR
 MAXIMUM TEMPERATURE (F)   56        75      1955
 MINIMUM TEMPERATURE (F)   32        10      1983


SUNRISE AND SUNSET
DECEMBER 29 2014......SUNRISE   705 AM MST   SUNSET   511 PM MST
DECEMBER 30 2014......SUNRISE   705 AM MST   SUNSET   511 PM MST


-  INDICATES NEGATIVE NUMBERS.
R  INDICATES RECORD WAS SET OR TIED.
MM INDICATES DATA IS MISSING.
T  INDICATES TRACE AMOUNT.




$$
