000
CDUS45 KLKN 190937
CLIELY


CLIMATE REPORT
NATIONAL WEATHER SERVICE ELKO NV
233 AM PDT TUE SEP 19 2017


...................................

...THE ELY AIRPORT NV CLIMATE SUMMARY FOR SEPTEMBER 18 2017...

CLIMATE NORMAL PERIOD 1981 TO 2010
CLIMATE RECORD PERIOD 1893 TO 2017


WEATHER ITEM   OBSERVED TIME   RECORD YEAR NORMAL DEPARTURE LAST
                VALUE   (LST)  VALUE       VALUE  FROM      YEAR
                                                  NORMAL
..................................................................
TEMPERATURE (F)
 YESTERDAY
  MAXIMUM         76    233 PM  88    1956  75      1       83
  MINIMUM         48    531 AM  16    1965  37     11       36
  AVERAGE         62                        56      6       60

PRECIPITATION (IN)
  YESTERDAY        0.00          1.02 1966   0.03  -0.03     0.00
  MONTH TO DATE    0.89                      0.46   0.43     0.13
  SINCE OCT 1     10.05                      9.39   0.66    13.51
  SINCE JAN 1      8.27                      7.10   1.17     9.15

SNOWFALL (IN)
  YESTERDAY        0.0           0.4  1978   0.0    0.0      0.0
  MONTH TO DATE    0.0                       0.1   -0.1      0.0
  SINCE SEP 1      0.0                       0.1   -0.1      0.0
  SINCE JUL 1      0.0                       0.1   -0.1      0.0
  SNOW DEPTH       0

DEGREE DAYS
 HEATING
  YESTERDAY        3                         9     -6        5
  MONTH TO DATE   57                       108    -51      124
  SINCE SEP 1     57                       108    -51      124
  SINCE JUL 1     63                       172   -109      161

 COOLING
  YESTERDAY        0                         0      0        0
  MONTH TO DATE   24                         4     20       12
  SINCE SEP 1     24                         4     20       12
  SINCE JAN 1    433                       216    217      267
..................................................................


WIND (MPH)
  HIGHEST WIND SPEED    30   HIGHEST WIND DIRECTION     S (190)
  HIGHEST GUST SPEED    39   HIGHEST GUST DIRECTION     S (180)
  AVERAGE WIND SPEED    17.7



WEATHER CONDITIONS
 THE FOLLOWING WEATHER WAS RECORDED YESTERDAY.
  NO SIGNIFICANT WEATHER WAS OBSERVED.


RELATIVE HUMIDITY (PERCENT)
 HIGHEST    61           600 AM
 LOWEST     21           200 PM
 AVERAGE    41

..........................................................


THE ELY AIRPORT NV CLIMATE NORMALS FOR TODAY
                         NORMAL    RECORD    YEAR
 MAXIMUM TEMPERATURE (F)   75        85      2016
                                             2010
                                             1984
 MINIMUM TEMPERATURE (F)   36        18      1965
                                             1942


SUNRISE AND SUNSET
SEPTEMBER 19 2017.....SUNRISE   625 AM PDT   SUNSET   641 PM PDT
SEPTEMBER 20 2017.....SUNRISE   625 AM PDT   SUNSET   639 PM PDT


-  INDICATES NEGATIVE NUMBERS.
R  INDICATES RECORD WAS SET OR TIED.
MM INDICATES DATA IS MISSING.
T  INDICATES TRACE AMOUNT.




$$
