000
CDUS45 KLKN 260933
CLIELY


CLIMATE REPORT
NATIONAL WEATHER SERVICE ELKO NV
126 AM PST THU FEB 26 2015


...................................

...THE ELY AIRPORT NV CLIMATE SUMMARY FOR FEBRUARY 25 2015...

CLIMATE NORMAL PERIOD 1981 TO 2010
CLIMATE RECORD PERIOD 1893 TO 2015


WEATHER ITEM   OBSERVED TIME   RECORD YEAR NORMAL DEPARTURE LAST
                VALUE   (LST)  VALUE       VALUE  FROM      YEAR
                                                  NORMAL
..................................................................
TEMPERATURE (F)
 YESTERDAY
  MAXIMUM         54    224 PM  67    1986  45      9       62
  MINIMUM         16    635 AM -15    1993  18     -2       23
  AVERAGE         35                        32      3       43

PRECIPITATION (IN)
  YESTERDAY        0.00          1.38 1969   0.03  -0.03     0.00
  MONTH TO DATE    T                         0.66  -0.66     0.35
  SINCE OCT 1      1.48                      3.65  -2.17     3.82
  SINCE JAN 1      0.31                      1.36  -1.05     1.14

SNOWFALL (IN)
  YESTERDAY        0.0           7.0  1969   0.3   -0.3      0.0
  MONTH TO DATE    0.0                       7.1   -7.1      0.8
  SINCE DEC 1      6.7                      24.6  -17.9     23.6
  SINCE JUL 1      7.4                      34.1  -26.7     36.5
  SNOW DEPTH       0

DEGREE DAYS
 HEATING
  YESTERDAY       30                        33     -3       22
  MONTH TO DATE  644                       909   -265      815
  SINCE DEC 1   2691                      3370   -679     3171
  SINCE JUL 1   4138                      5238  -1100     4936

 COOLING
  YESTERDAY        0                         0      0        0
  MONTH TO DATE    0                         0      0        0
  SINCE DEC 1      0                         0      0        0
  SINCE JAN 1      0                         0      0        0
..................................................................


WIND (MPH)
  HIGHEST WIND SPEED    21   HIGHEST WIND DIRECTION    NW (310)
  HIGHEST GUST SPEED    30   HIGHEST GUST DIRECTION     W (290)
  AVERAGE WIND SPEED     9.6



WEATHER CONDITIONS
 THE FOLLOWING WEATHER WAS RECORDED YESTERDAY.
  NO SIGNIFICANT WEATHER WAS OBSERVED.


RELATIVE HUMIDITY (PERCENT)
 HIGHEST    54           400 AM
 LOWEST     16           100 PM
 AVERAGE    35

..........................................................


THE ELY AIRPORT NV CLIMATE NORMALS FOR TODAY
                         NORMAL    RECORD    YEAR
 MAXIMUM TEMPERATURE (F)   45        63      1988
 MINIMUM TEMPERATURE (F)   19       -12      1962


SUNRISE AND SUNSET
FEBRUARY 26 2015......SUNRISE   617 AM PST   SUNSET   528 PM PST
FEBRUARY 27 2015......SUNRISE   615 AM PST   SUNSET   530 PM PST


-  INDICATES NEGATIVE NUMBERS.
R  INDICATES RECORD WAS SET OR TIED.
MM INDICATES DATA IS MISSING.
T  INDICATES TRACE AMOUNT.




$$
