000
CDUS45 KLKN 020930
CLIELY


CLIMATE REPORT
NATIONAL WEATHER SERVICE ELKO NV
230 AM PDT THU JUL 2 2015


...................................

...THE ELY AIRPORT NV CLIMATE SUMMARY FOR JULY 1 2015...

CLIMATE NORMAL PERIOD 1981 TO 2010
CLIMATE RECORD PERIOD 1893 TO 2015


WEATHER ITEM   OBSERVED TIME   RECORD YEAR NORMAL DEPARTURE LAST
                VALUE   (LST)  VALUE       VALUE  FROM      YEAR
                                                  NORMAL
..................................................................
TEMPERATURE (F)
 YESTERDAY
  MAXIMUM         96    246 PM  98    2013  85     11       95
                                      2002
  MINIMUM         54    437 AM  28    1997  46      8       43
  AVERAGE         75                        65     10       69

PRECIPITATION (IN)
  YESTERDAY        0.01          0.88 1992   0.01   0.00     0.00
  MONTH TO DATE    0.01                      0.01   0.00     0.00
  SINCE OCT 1      4.97                      7.40  -2.43     7.03
  SINCE JAN 1      3.80                      5.11  -1.31     4.35

SNOWFALL (IN)
  YESTERDAY        0.0           0.0  1893   0.0    0.0      0.0
  MONTH TO DATE    0.0                       0.0    0.0      0.0
  SINCE JUN 1      0.0                       0.1   -0.1       T
  SINCE JUL 1      0.0                       0.0    0.0      0.0
  SNOW DEPTH       0

DEGREE DAYS
 HEATING
  YESTERDAY        0                         2     -2        0
  MONTH TO DATE    0                         2     -2        0
  SINCE JUN 1     55                       177   -122      140
  SINCE JUL 1      0                         2     -2        0

 COOLING
  YESTERDAY       10                         2      8        4
  MONTH TO DATE   10                         2      8        4
  SINCE JUN 1    117                        25     92       23
  SINCE JAN 1    120                        26     94       25
..................................................................


WIND (MPH)
  HIGHEST WIND SPEED    30   HIGHEST WIND DIRECTION     S (180)
  HIGHEST GUST SPEED    40   HIGHEST GUST DIRECTION     S (180)
  AVERAGE WIND SPEED     9.1



WEATHER CONDITIONS
 THE FOLLOWING WEATHER WAS RECORDED YESTERDAY.
  THUNDERSTORM


RELATIVE HUMIDITY (PERCENT)
 HIGHEST    83           400 AM
 LOWEST     13           200 PM
 AVERAGE    48

..........................................................


THE ELY AIRPORT NV CLIMATE NORMALS FOR TODAY
                         NORMAL    RECORD    YEAR
 MAXIMUM TEMPERATURE (F)   85        99      2013
 MINIMUM TEMPERATURE (F)   46        30      1897


SUNRISE AND SUNSET
JULY  2 2015..........SUNRISE   517 AM PDT   SUNSET   810 PM PDT
JULY  3 2015..........SUNRISE   517 AM PDT   SUNSET   810 PM PDT


-  INDICATES NEGATIVE NUMBERS.
R  INDICATES RECORD WAS SET OR TIED.
MM INDICATES DATA IS MISSING.
T  INDICATES TRACE AMOUNT.




$$
