000
CDUS45 KLKN 290027
CLIELY


CLIMATE REPORT
NATIONAL WEATHER SERVICE ELKO NV
526 PM PDT THU JUL 28 2016


...................................

...THE ELY AIRPORT NV CLIMATE SUMMARY FOR JULY 28 2016...
VALID TODAY AS OF 0500 PM LOCAL TIME.

CLIMATE NORMAL PERIOD 1981 TO 2010
CLIMATE RECORD PERIOD 1893 TO 2016


WEATHER ITEM   OBSERVED TIME   RECORD YEAR NORMAL DEPARTURE LAST
                VALUE   (LST)  VALUE       VALUE  FROM      YEAR
                                                  NORMAL
..................................................................
TEMPERATURE (F)
 TODAY
  MAXIMUM         98R  1254 PM  96    1995  88     10       83
                                      1994
  MINIMUM         49    512 AM  38    1948  49      0       46
  AVERAGE         74                        69      5       65

PRECIPITATION (IN)
  TODAY            0.00          0.50 1908   0.03  -0.03     0.00
  MONTH TO DATE    0.05                      0.56  -0.51     0.66
  SINCE OCT 1     12.93                      7.95   4.98     5.62
  SINCE JAN 1      8.57                      5.66   2.91     4.45

SNOWFALL (IN)
  TODAY            0.0           0.0  1893   0.0    0.0      0.0
  MONTH TO DATE    0.0                       0.0    0.0      0.0
  SINCE JUN 1      0.0                       0.1   -0.1      0.0
  SINCE JUL 1      0.0                       0.0    0.0      0.0
  SNOW DEPTH       0

DEGREE DAYS
 HEATING
  TODAY            0                         0      0        0
  MONTH TO DATE   17                        20     -3       19
  SINCE JUN 1     78                       195   -117       74
  SINCE JUL 1     17                        20     -3       19

 COOLING
  TODAY            9                         4      5        0
  MONTH TO DATE  105                        98      7       72
  SINCE JUN 1    160                       121     39      179
  SINCE JAN 1    160                       122     38      182
..................................................................


WIND (MPH)
  HIGHEST WIND SPEED    29   HIGHEST WIND DIRECTION    NW (320)
  HIGHEST GUST SPEED    36   HIGHEST GUST DIRECTION    NE (40)



WEATHER CONDITIONS
 THE FOLLOWING WEATHER WAS RECORDED TODAY.
  NO SIGNIFICANT WEATHER WAS OBSERVED.


RELATIVE HUMIDITY (PERCENT)
 HIGHEST    30           500 AM
 LOWEST      7           100 PM
 AVERAGE    19

..........................................................


THE ELY AIRPORT NV CLIMATE NORMALS FOR TOMORROW
                         NORMAL    RECORD    YEAR
 MAXIMUM TEMPERATURE (F)   88        97      2000
 MINIMUM TEMPERATURE (F)   49        30      1948


SUNRISE AND SUNSET
JULY 28 2016..........SUNRISE   536 AM PDT   SUNSET   755 PM PDT
JULY 29 2016..........SUNRISE   537 AM PDT   SUNSET   754 PM PDT


-  INDICATES NEGATIVE NUMBERS.
R  INDICATES RECORD WAS SET OR TIED.
MM INDICATES DATA IS MISSING.
T  INDICATES TRACE AMOUNT.




$$
