000
CDUS45 KLKN 210935
CLIELY


CLIMATE REPORT
NATIONAL WEATHER SERVICE ELKO NV
231 AM PDT FRI JUL 21 2017


...................................

...THE ELY AIRPORT NV CLIMATE SUMMARY FOR JULY 20 2017...

CLIMATE NORMAL PERIOD 1981 TO 2010
CLIMATE RECORD PERIOD 1893 TO 2017


WEATHER ITEM   OBSERVED TIME   RECORD YEAR NORMAL DEPARTURE LAST
                VALUE   (LST)  VALUE       VALUE  FROM      YEAR
                                                  NORMAL
..................................................................
TEMPERATURE (F)
 YESTERDAY
  MAXIMUM         92    220 PM  98    2005  89      3       91
  MINIMUM         57    436 AM  39    1950  49      8       56
  AVERAGE         75                        69      6       74

PRECIPITATION (IN)
  YESTERDAY        0.21          0.58 1987   0.02   0.19     0.00
  MONTH TO DATE    0.24                      0.35  -0.11     0.05
  SINCE OCT 1      8.21                      7.74   0.47    12.93
  SINCE JAN 1      6.43                      5.45   0.98     8.57

SNOWFALL (IN)
  YESTERDAY        0.0           0.0  1893   0.0    0.0      0.0
  MONTH TO DATE    0.0                       0.0    0.0      0.0
  SINCE JUN 1      T                         0.1   -0.1      0.0
  SINCE JUL 1      0.0                       0.0    0.0      0.0
  SNOW DEPTH       0

DEGREE DAYS
 HEATING
  YESTERDAY        0                         0      0        0
  MONTH TO DATE    0                        20    -20       17
  SINCE JUN 1     72                       195   -123       78
  SINCE JUL 1      0                        20    -20       17

 COOLING
  YESTERDAY       10                         4      6        9
  MONTH TO DATE  153                        66     87       54
  SINCE JUN 1    215                        89    126      109
  SINCE JAN 1    215                        90    125      109
..................................................................


WIND (MPH)
  HIGHEST WIND SPEED    32   HIGHEST WIND DIRECTION     N (20)
  HIGHEST GUST SPEED    41   HIGHEST GUST DIRECTION    NE (30)
  AVERAGE WIND SPEED     9.2



WEATHER CONDITIONS
 THE FOLLOWING WEATHER WAS RECORDED YESTERDAY.
  THUNDERSTORM
  HEAVY RAIN
  RAIN
  LIGHT RAIN
  FOG
  HAZE


RELATIVE HUMIDITY (PERCENT)
 HIGHEST    87          1000 PM
 LOWEST     24           200 PM
 AVERAGE    56

..........................................................


THE ELY AIRPORT NV CLIMATE NORMALS FOR TODAY
                         NORMAL    RECORD    YEAR
 MAXIMUM TEMPERATURE (F)   89        96      1988
                                             1908
                                             1896
 MINIMUM TEMPERATURE (F)   49        37      1972
                                             1940


SUNRISE AND SUNSET
JULY 21 2017..........SUNRISE   530 AM PDT   SUNSET   801 PM PDT
JULY 22 2017..........SUNRISE   531 AM PDT   SUNSET   800 PM PDT


-  INDICATES NEGATIVE NUMBERS.
R  INDICATES RECORD WAS SET OR TIED.
MM INDICATES DATA IS MISSING.
T  INDICATES TRACE AMOUNT.




$$
