000
CDUS45 KLKN 220939
CLIELY


CLIMATE REPORT
NATIONAL WEATHER SERVICE ELKO NV
137 AM PST WED FEB 22 2017


...................................

...THE ELY AIRPORT NV CLIMATE SUMMARY FOR FEBRUARY 21 2017...

CLIMATE NORMAL PERIOD 1981 TO 2010
CLIMATE RECORD PERIOD 1893 TO 2017


WEATHER ITEM   OBSERVED TIME   RECORD YEAR NORMAL DEPARTURE LAST
                VALUE   (LST)  VALUE       VALUE  FROM      YEAR
                                                  NORMAL
..................................................................
TEMPERATURE (F)
 YESTERDAY
  MAXIMUM         53    237 PM  65    1982  44      9       50
  MINIMUM         31   1134 PM -18    1897  17     14       17
  AVERAGE         42                        30     12       34

PRECIPITATION (IN)
  YESTERDAY        0.54          0.60 1894   0.03   0.51     0.00
  MONTH TO DATE    1.49                      0.54   0.95     0.60
  SINCE OCT 1      4.79                      3.53   1.26     7.54
  SINCE JAN 1      3.01                      1.24   1.77     3.18

SNOWFALL (IN)
  YESTERDAY        1.7           6.0  1894   0.3    1.4      0.0
  MONTH TO DATE    6.0                       6.0    0.0      4.1
  SINCE DEC 1     37.7                      23.5   14.2     61.6
  SINCE JUL 1     43.6                      33.0   10.6     79.3
  SNOW DEPTH       0

DEGREE DAYS
 HEATING
  YESTERDAY       23                        34    -11       31
  MONTH TO DATE  502                       774   -272      856
  SINCE DEC 1   3073                      3235   -162     3528
  SINCE JUL 1   4626                      5103   -477     5157

 COOLING
  YESTERDAY        0                         0      0        0
  MONTH TO DATE    0                         0      0        0
  SINCE DEC 1      0                         0      0        0
  SINCE JAN 1      0                         0      0        0
..................................................................


WIND (MPH)
  HIGHEST WIND SPEED    37   HIGHEST WIND DIRECTION     S (170)
  HIGHEST GUST SPEED    49   HIGHEST GUST DIRECTION     S (170)
  AVERAGE WIND SPEED    17.3



WEATHER CONDITIONS
 THE FOLLOWING WEATHER WAS RECORDED YESTERDAY.
  HEAVY RAIN
  RAIN
  LIGHT RAIN
  LIGHT SNOW
  FOG


RELATIVE HUMIDITY (PERCENT)
 HIGHEST   100          1000 PM
 LOWEST     41           300 PM
 AVERAGE    71

..........................................................


THE ELY AIRPORT NV CLIMATE NORMALS FOR TODAY
                         NORMAL    RECORD    YEAR
 MAXIMUM TEMPERATURE (F)   44        63      1958
 MINIMUM TEMPERATURE (F)   18       -22      1897


SUNRISE AND SUNSET
FEBRUARY 22 2017......SUNRISE   622 AM PST   SUNSET   525 PM PST
FEBRUARY 23 2017......SUNRISE   620 AM PST   SUNSET   526 PM PST


-  INDICATES NEGATIVE NUMBERS.
R  INDICATES RECORD WAS SET OR TIED.
MM INDICATES DATA IS MISSING.
T  INDICATES TRACE AMOUNT.




$$
