000
CDUS45 KLKN 210926
CLIELY


CLIMATE REPORT
NATIONAL WEATHER SERVICE ELKO NV
226 AM PDT TUE OCT 21 2014


...................................

...THE ELY AIRPORT NV CLIMATE SUMMARY FOR OCTOBER 20 2014...

CLIMATE NORMAL PERIOD 1981 TO 2010
CLIMATE RECORD PERIOD 1893 TO 2014


WEATHER ITEM   OBSERVED TIME   RECORD YEAR NORMAL DEPARTURE LAST
                VALUE   (LST)  VALUE       VALUE  FROM      YEAR
                                                  NORMAL
..................................................................
TEMPERATURE (F)
 YESTERDAY
  MAXIMUM         72    213 PM  80    2003  61     11       66
  MINIMUM         34    538 AM   5    1996  27      7       24
  AVERAGE         53                        44      9       45

PRECIPITATION (IN)
  YESTERDAY        0.00          0.56 2004   0.03  -0.03     0.00
  MONTH TO DATE    T                         0.65  -0.65     0.56
  SINCE OCT 1      T                         0.65  -0.65     0.56
  SINCE JAN 1      8.09                      8.12  -0.03     6.42

SNOWFALL (IN)
  YESTERDAY        0.0           0.5  1984   0.1   -0.1      0.0
  MONTH TO DATE    0.0                       1.7   -1.7      0.5
  SINCE SEP 1      0.0                       2.1   -2.1      0.5
  SINCE JUL 1      0.0                       2.1   -2.1      0.5
  SNOW DEPTH       0

DEGREE DAYS
 HEATING
  YESTERDAY       12                        21     -9       20
  MONTH TO DATE  257                       357   -100      428
  SINCE SEP 1    377                       609   -232      651
  SINCE JUL 1    425                       673   -248      659

 COOLING
  YESTERDAY        0                         0      0        0
  MONTH TO DATE    0                         0      0        0
  SINCE SEP 1     18                         6     12       17
  SINCE JAN 1    286                       218     68      387
..................................................................


WIND (MPH)
  HIGHEST WIND SPEED    28   HIGHEST WIND DIRECTION    SW (210)
  HIGHEST GUST SPEED    35   HIGHEST GUST DIRECTION     S (190)
  AVERAGE WIND SPEED    14.5



WEATHER CONDITIONS
 THE FOLLOWING WEATHER WAS RECORDED YESTERDAY.
  NO SIGNIFICANT WEATHER WAS OBSERVED.


RELATIVE HUMIDITY (PERCENT)
 HIGHEST    75           600 AM
 LOWEST     20           300 PM
 AVERAGE    48

..........................................................


THE ELY AIRPORT NV CLIMATE NORMALS FOR TODAY
                         NORMAL    RECORD    YEAR
 MAXIMUM TEMPERATURE (F)   60        81      2003
 MINIMUM TEMPERATURE (F)   27        -1      1996


SUNRISE AND SUNSET
OCTOBER 21 2014.......SUNRISE   655 AM PDT   SUNSET   552 PM PDT
OCTOBER 22 2014.......SUNRISE   656 AM PDT   SUNSET   551 PM PDT


-  INDICATES NEGATIVE NUMBERS.
R  INDICATES RECORD WAS SET OR TIED.
MM INDICATES DATA IS MISSING.
T  INDICATES TRACE AMOUNT.




$$
