728
CDUS45 KLKN 230951
CLIELY


CLIMATE REPORT
NATIONAL WEATHER SERVICE ELKO NV
250 AM PDT THU MAR 23 2017


...................................

...THE ELY AIRPORT NV CLIMATE SUMMARY FOR MARCH 22 2017...

CLIMATE NORMAL PERIOD 1981 TO 2010
CLIMATE RECORD PERIOD 1893 TO 2017


WEATHER ITEM   OBSERVED TIME   RECORD YEAR NORMAL DEPARTURE LAST
                VALUE   (LST)  VALUE       VALUE  FROM      YEAR
                                                  NORMAL
..................................................................
TEMPERATURE (F)
 YESTERDAY
  MAXIMUM         56    243 PM  72    2004  52      4       42
  MINIMUM         33   1159 PM -10    1952  24      9       27
  AVERAGE         45                        38      7       35

PRECIPITATION (IN)
  YESTERDAY        0.01          0.41 1978   0.03  -0.02     0.05
  MONTH TO DATE    0.32                      0.65  -0.33     0.38
  SINCE OCT 1      5.35                      4.39   0.96     7.92
  SINCE JAN 1      3.57                      2.10   1.47     3.56

SNOWFALL (IN)
  YESTERDAY        0.0           5.0  2009   0.3   -0.3       T
  MONTH TO DATE    3.5                       5.9   -2.4      2.4
  SINCE MAR 1      3.5                       5.9   -2.4      2.4
  SINCE JUL 1     53.1                      40.8   12.3     81.7
  SNOW DEPTH       0

DEGREE DAYS
 HEATING
  YESTERDAY       20                        27     -7       30
  MONTH TO DATE  497                       651   -154      522
  SINCE MAR 1    497                       651   -154      522
  SINCE JUL 1   5458                      5988   -530     5896

 COOLING
  YESTERDAY        0                         0      0        0
  MONTH TO DATE    0                         0      0        0
  SINCE MAR 1      0                         0      0        0
  SINCE JAN 1      0                         0      0        0
..................................................................


WIND (MPH)
  HIGHEST WIND SPEED    29   HIGHEST WIND DIRECTION     S (200)
  HIGHEST GUST SPEED    38   HIGHEST GUST DIRECTION     S (200)
  AVERAGE WIND SPEED    14.3



WEATHER CONDITIONS
 THE FOLLOWING WEATHER WAS RECORDED YESTERDAY.
  LIGHT SNOW
  FOG


RELATIVE HUMIDITY (PERCENT)
 HIGHEST    76           200 AM
 LOWEST     11          1200 PM
 AVERAGE    44

..........................................................


THE ELY AIRPORT NV CLIMATE NORMALS FOR TODAY
                         NORMAL    RECORD    YEAR
 MAXIMUM TEMPERATURE (F)   52        71      2004
 MINIMUM TEMPERATURE (F)   24        -8      1952


SUNRISE AND SUNSET
MARCH 23 2017.........SUNRISE   638 AM PDT   SUNSET   655 PM PDT
MARCH 24 2017.........SUNRISE   636 AM PDT   SUNSET   656 PM PDT


-  INDICATES NEGATIVE NUMBERS.
R  INDICATES RECORD WAS SET OR TIED.
MM INDICATES DATA IS MISSING.
T  INDICATES TRACE AMOUNT.




$$
