000
CDUS45 KLKN 210927
CLIELY


CLIMATE REPORT
NATIONAL WEATHER SERVICE ELKO NV
127 AM PST WED FEB 21 2018


...................................

...THE ELY AIRPORT NV CLIMATE SUMMARY FOR FEBRUARY 20 2018...

CLIMATE NORMAL PERIOD 1981 TO 2010
CLIMATE RECORD PERIOD 1893 TO 2018


WEATHER ITEM   OBSERVED TIME   RECORD YEAR NORMAL DEPARTURE LAST
                VALUE   (LST)  VALUE       VALUE  FROM      YEAR
                                                  NORMAL
..................................................................
TEMPERATURE (F)
 YESTERDAY
  MAXIMUM         25    416 PM  66    1977  44    -19       48
  MINIMUM         -3    131 AM -13    1990  17    -20       35
  AVERAGE         11                        30    -19       42

PRECIPITATION (IN)
  YESTERDAY        T             0.50 1897   0.02  -0.02      T
  MONTH TO DATE    0.07                      0.51  -0.44     0.95
  SINCE OCT 1      1.79                      3.50  -1.71     4.25
  SINCE JAN 1      1.21                      1.21   0.00     2.47

SNOWFALL (IN)
  YESTERDAY        T             5.0  1897   0.3   -0.3      0.0
  MONTH TO DATE    0.7                       5.7   -5.0      4.3
  SINCE DEC 1     19.3                      23.2   -3.9     36.0
  SINCE JUL 1     24.3                      32.7   -8.4     41.9
  SNOW DEPTH       T

DEGREE DAYS
 HEATING
  YESTERDAY       54                        35     19       23
  MONTH TO DATE  655                       740    -85      479
  SINCE DEC 1   2805                      3201   -396     3050
  SINCE JUL 1   4449                      5069   -620     4603

 COOLING
  YESTERDAY        0                         0      0        0
  MONTH TO DATE    0                         0      0        0
  SINCE DEC 1      0                         0      0        0
  SINCE JAN 1      0                         0      0        0
..................................................................


WIND (MPH)
  HIGHEST WIND SPEED    13   HIGHEST WIND DIRECTION    SW (210)
  HIGHEST GUST SPEED    16   HIGHEST GUST DIRECTION    NW (310)
  AVERAGE WIND SPEED     6.7



WEATHER CONDITIONS
 THE FOLLOWING WEATHER WAS RECORDED YESTERDAY.
  LIGHT SNOW


RELATIVE HUMIDITY (PERCENT)
 HIGHEST    87           400 AM
 LOWEST     31           400 PM
 AVERAGE    59

..........................................................


THE ELY AIRPORT NV CLIMATE NORMALS FOR TODAY
                         NORMAL    RECORD    YEAR
 MAXIMUM TEMPERATURE (F)   44        65      1982
 MINIMUM TEMPERATURE (F)   17       -18      1897


SUNRISE AND SUNSET
FEBRUARY 21 2018......SUNRISE   623 AM PST   SUNSET   523 PM PST
FEBRUARY 22 2018......SUNRISE   622 AM PST   SUNSET   524 PM PST


-  INDICATES NEGATIVE NUMBERS.
R  INDICATES RECORD WAS SET OR TIED.
MM INDICATES DATA IS MISSING.
T  INDICATES TRACE AMOUNT.




$$
