000
CDUS45 KLKN 250927
CLIELY


CLIMATE REPORT
NATIONAL WEATHER SERVICE ELKO NV
227 AM PDT FRI JUL 25 2014


...................................

...THE ELY AIRPORT NV CLIMATE SUMMARY FOR JULY 24 2014...

CLIMATE NORMAL PERIOD 1981 TO 2010
CLIMATE RECORD PERIOD 1893 TO 2014


WEATHER ITEM   OBSERVED TIME   RECORD YEAR NORMAL DEPARTURE LAST
                VALUE   (LST)  VALUE       VALUE  FROM      YEAR
                                                  NORMAL
..................................................................
TEMPERATURE (F)
 YESTERDAY
  MAXIMUM         94    215 PM  96    1899  89      5       87
  MINIMUM         52    424 AM  32    1993  49      3       53
  AVERAGE         73                        69      4       70

PRECIPITATION (IN)
  YESTERDAY        0.00          1.20 1952   0.03  -0.03     0.01
  MONTH TO DATE    0.16                      0.45  -0.29     0.11
  SINCE OCT 1      7.19                      7.84  -0.65     6.32
  SINCE JAN 1      4.51                      5.55  -1.04     3.22

SNOWFALL (IN)
  YESTERDAY        0.0           0.0  1893   0.0    0.0      0.0
  MONTH TO DATE    0.0                       0.0    0.0      0.0
  SINCE JUN 1      T                         0.1   -0.1      0.0
  SINCE JUL 1      0.0                       0.0    0.0      0.0
  SNOW DEPTH       0

DEGREE DAYS
 HEATING
  YESTERDAY        0                         0      0        0
  MONTH TO DATE    0                        20    -20        0
  SINCE JUN 1    140                       195    -55       95
  SINCE JUL 1      0                        20    -20        0

 COOLING
  YESTERDAY        8                         4      4        5
  MONTH TO DATE  174                        82     92      180
  SINCE JUN 1    193                       105     88      237
  SINCE JAN 1    195                       106     89      237
..................................................................


WIND (MPH)
  HIGHEST WIND SPEED    29   HIGHEST WIND DIRECTION     S (190)
  HIGHEST GUST SPEED    36   HIGHEST GUST DIRECTION     S (190)
  AVERAGE WIND SPEED     9.3



WEATHER CONDITIONS
 THE FOLLOWING WEATHER WAS RECORDED YESTERDAY.
  NO SIGNIFICANT WEATHER WAS OBSERVED.


RELATIVE HUMIDITY (PERCENT)
 HIGHEST    32           500 AM
 LOWEST      6          1200 PM
 AVERAGE    19

..........................................................


THE ELY AIRPORT NV CLIMATE NORMALS FOR TODAY
                         NORMAL    RECORD    YEAR
 MAXIMUM TEMPERATURE (F)   89        96      1980
 MINIMUM TEMPERATURE (F)   49        38      1999


SUNRISE AND SUNSET
JULY 25 2014..........SUNRISE   533 AM PDT   SUNSET   758 PM PDT
JULY 26 2014..........SUNRISE   534 AM PDT   SUNSET   757 PM PDT


-  INDICATES NEGATIVE NUMBERS.
R  INDICATES RECORD WAS SET OR TIED.
MM INDICATES DATA IS MISSING.
T  INDICATES TRACE AMOUNT.




$$
