600
CDUS43 KTOP 040637
CLIEMP


CLIMATE REPORT
NATIONAL WEATHER SERVICE TOPEKA KS
1237 AM CST SUN DEC 4 2016


...................................

...THE EMPORIA KS CLIMATE SUMMARY FOR DECEMBER 3 2016...

CLIMATE NORMAL PERIOD 1981 TO 2010
CLIMATE RECORD PERIOD 9999 TO 9999


WEATHER ITEM   OBSERVED NORMAL DEPARTURE LAST
                VALUE   VALUE  FROM      YEAR
                               NORMAL
...............................................
TEMPERATURE (F)
 YESTERDAY
  MAXIMUM         47     47      0       51
  MINIMUM         34     26      8       22
  AVERAGE         41     36      5       37

PRECIPITATION (IN)
  YESTERDAY        0.19   0.06   0.13     0.00
  MONTH TO DATE    0.19   0.18   0.01      T
  SINCE DEC 1      0.19   0.18   0.01      T
  SINCE JAN 1     38.01  35.22   2.79    32.01

DEGREE DAYS
 HEATING
  YESTERDAY       24     29     -5       28
  MONTH TO DATE   80     85     -5       82
  SINCE DEC 1     80     85     -5       82
  SINCE JUL 1    630   1025   -395      801

 COOLING
  YESTERDAY        0      0      0        0
  MONTH TO DATE    0      0      0        0
  SINCE DEC 1      0      0      0        0
  SINCE JAN 1   1629   1403    226     1490
...............................................


WIND (MPH)
  HIGHEST WIND SPEED    15   HIGHEST WIND DIRECTION     E (110)
  HIGHEST GUST SPEED    18   HIGHEST GUST DIRECTION     E (100)
  AVERAGE WIND SPEED     5.2


SKY COVER
  AVERAGE SKY COVER 1.0


WEATHER CONDITIONS
 THE FOLLOWING WEATHER WAS RECORDED YESTERDAY.
  RAIN
  LIGHT RAIN
  FOG


RELATIVE HUMIDITY (PERCENT)
 HIGHEST   100
 LOWEST     53
 AVERAGE    77

..........................................................


THE EMPORIA KS CLIMATE NORMALS FOR TODAY
                         NORMAL
 MAXIMUM TEMPERATURE (F)   47
 MINIMUM TEMPERATURE (F)   25


SUNRISE AND SUNSET
DECEMBER  4 2016......SUNRISE   726 AM CST   SUNSET   504 PM CST
DECEMBER  5 2016......SUNRISE   727 AM CST   SUNSET   504 PM CST


-  INDICATES NEGATIVE NUMBERS.
R  INDICATES RECORD WAS SET OR TIED.
MM INDICATES DATA IS MISSING.
T  INDICATES TRACE AMOUNT.




$$
