000
CDUS43 KTOP 240636
CLIEMP


CLIMATE REPORT
NATIONAL WEATHER SERVICE TOPEKA KS
136 AM CDT TUE MAY 24 2016


...................................

...THE EMPORIA KS CLIMATE SUMMARY FOR MAY 23 2016...

CLIMATE NORMAL PERIOD 1981 TO 2010
CLIMATE RECORD PERIOD 9999 TO 9999


WEATHER ITEM   OBSERVED NORMAL DEPARTURE LAST
                VALUE   VALUE  FROM      YEAR
                               NORMAL
...............................................
TEMPERATURE (F)
 YESTERDAY
  MAXIMUM         72     78     -6       65
  MINIMUM         63     57      6       55
  AVERAGE         68     68      0       60

PRECIPITATION (IN)
  YESTERDAY        0.50   0.17   0.33     2.34
  MONTH TO DATE    2.71   3.50  -0.79     6.75
  SINCE MAR 1     10.86   9.41   1.45    11.64
  SINCE JAN 1     12.03  11.27   0.76    13.04

DEGREE DAYS
 HEATING
  YESTERDAY        0      2     -2        5
  MONTH TO DATE  124     73     51      100
  SINCE MAR 1    789    980   -191      860
  SINCE JUL 1   3902   4802   -900     4861

 COOLING
  YESTERDAY        3      4     -1        0
  MONTH TO DATE   17     57    -40       42
  SINCE MAR 1     37     80    -43       48
  SINCE JAN 1     37     80    -43       48
...............................................


WIND (MPH)
  HIGHEST WIND SPEED    28   HIGHEST WIND DIRECTION    SE (150)
  HIGHEST GUST SPEED    40   HIGHEST GUST DIRECTION    SE (140)
  AVERAGE WIND SPEED    11.5


SKY COVER
  AVERAGE SKY COVER 0.3


WEATHER CONDITIONS
 THE FOLLOWING WEATHER WAS RECORDED YESTERDAY.
  THUNDERSTORM
  HEAVY RAIN
  RAIN
  LIGHT RAIN
  FOG


RELATIVE HUMIDITY (PERCENT)
 HIGHEST    93
 LOWEST     66
 AVERAGE    80

..........................................................


THE EMPORIA KS CLIMATE NORMALS FOR TODAY
                         NORMAL
 MAXIMUM TEMPERATURE (F)   78
 MINIMUM TEMPERATURE (F)   57


SUNRISE AND SUNSET
MAY 24 2016...........SUNRISE   607 AM CDT   SUNSET   837 PM CDT
MAY 25 2016...........SUNRISE   606 AM CDT   SUNSET   838 PM CDT


-  INDICATES NEGATIVE NUMBERS.
R  INDICATES RECORD WAS SET OR TIED.
MM INDICATES DATA IS MISSING.
T  INDICATES TRACE AMOUNT.




$$
