353
CDUS43 KTOP 242132
CLIEMP


CLIMATE REPORT
NATIONAL WEATHER SERVICE TOPEKA KS
431 PM CDT WED AUG 24 2016


...................................

...THE EMPORIA KS CLIMATE SUMMARY FOR AUGUST 24 2016...
VALID TODAY AS OF 430 PM LOCAL TIME.

CLIMATE NORMAL PERIOD 1981 TO 2010
CLIMATE RECORD PERIOD 9999 TO 9999


WEATHER ITEM   OBSERVED NORMAL DEPARTURE LAST
                VALUE   VALUE  FROM      YEAR
                               NORMAL
...............................................
TEMPERATURE (F)
 TODAY
  MAXIMUM         89     89      0       80
  MINIMUM         73     64      9       53
  AVERAGE         81     76      5       67

PRECIPITATION (IN)
  TODAY            0.03   0.16  -0.13     0.00
  MONTH TO DATE    3.15   2.72   0.43     3.51
  SINCE JUN 1      9.19  12.83  -3.64    10.51
  SINCE JAN 1     24.92  25.51  -0.59    25.55

DEGREE DAYS
 HEATING
  TODAY            0      0      0        0
  MONTH TO DATE    0      0      0        0
  SINCE JUN 1      0      8     -8        3
  SINCE JUL 1      0      0      0        0

 COOLING
  TODAY           16     11      5        2
  MONTH TO DATE  311    316     -5      242
  SINCE JUN 1   1179   1013    166     1059
  SINCE JAN 1   1255   1132    123     1127
...............................................


WIND (MPH)
  HIGHEST WIND SPEED    21   HIGHEST WIND DIRECTION     S (180)
  HIGHEST GUST SPEED    27   HIGHEST GUST DIRECTION     S (170)
  AVERAGE WIND SPEED    10.9



WEATHER CONDITIONS
 THE FOLLOWING WEATHER WAS RECORDED TODAY.
  THUNDERSTORM
  LIGHT RAIN
  FOG


RELATIVE HUMIDITY (PERCENT)
 HIGHEST    87
 LOWEST     53
 AVERAGE    70

..........................................................


THE EMPORIA KS CLIMATE NORMALS FOR TOMORROW
                         NORMAL
 MAXIMUM TEMPERATURE (F)   88
 MINIMUM TEMPERATURE (F)   64


SUNRISE AND SUNSET
AUGUST 24 2016........SUNRISE   648 AM CDT   SUNSET   806 PM CDT
AUGUST 25 2016........SUNRISE   649 AM CDT   SUNSET   804 PM CDT


-  INDICATES NEGATIVE NUMBERS.
R  INDICATES RECORD WAS SET OR TIED.
MM INDICATES DATA IS MISSING.
T  INDICATES TRACE AMOUNT.




$$
