000
CDUS43 KTOP 210633
CLIEMP


CLIMATE REPORT
NATIONAL WEATHER SERVICE TOPEKA KS
1233 AM CST FRI NOV 21 2014


...................................

...THE EMPORIA KS CLIMATE SUMMARY FOR NOVEMBER 20 2014...

CLIMATE NORMAL PERIOD 1981 TO 2010
CLIMATE RECORD PERIOD 9999 TO 9999


WEATHER ITEM   OBSERVED NORMAL DEPARTURE LAST
                VALUE   VALUE  FROM      YEAR
                               NORMAL
...............................................
TEMPERATURE (F)
 YESTERDAY
  MAXIMUM         44     54    -10       56
  MINIMUM         16     31    -15       47
  AVERAGE         30     42    -12       52

PRECIPITATION (IN)
  YESTERDAY        0.00   0.06  -0.06      T
  MONTH TO DATE    0.08   1.65  -1.57     0.44
  SINCE SEP 1      7.24   7.92  -0.68     8.62
  SINCE JAN 1     26.00  34.53  -8.53    32.71

DEGREE DAYS
 HEATING
  YESTERDAY       35     23     12       13
  MONTH TO DATE  553    363    190      356
  SINCE SEP 1    810    689    121      683
  SINCE JUL 1    812    690    122      685

 COOLING
  YESTERDAY        0      0      0        0
  MONTH TO DATE    0      0      0        0
  SINCE SEP 1    177    194    -17      246
  SINCE JAN 1   1380   1402    -22     1375
...............................................


WIND (MPH)
  HIGHEST WIND SPEED    14   HIGHEST WIND DIRECTION     E (80)
  HIGHEST GUST SPEED    17   HIGHEST GUST DIRECTION     E (70)
  AVERAGE WIND SPEED     7.6


SKY COVER
  AVERAGE SKY COVER 0.0


WEATHER CONDITIONS
 THE FOLLOWING WEATHER WAS RECORDED YESTERDAY.
  NO SIGNIFICANT WEATHER WAS OBSERVED.


RELATIVE HUMIDITY (PERCENT)
 HIGHEST    80
 LOWEST     37
 AVERAGE    59

..........................................................


THE EMPORIA KS CLIMATE NORMALS FOR TODAY
                         NORMAL
 MAXIMUM TEMPERATURE (F)   53
 MINIMUM TEMPERATURE (F)   31


SUNRISE AND SUNSET
NOVEMBER 21 2014......SUNRISE   713 AM CST   SUNSET   508 PM CST
NOVEMBER 22 2014......SUNRISE   714 AM CST   SUNSET   508 PM CST


-  INDICATES NEGATIVE NUMBERS.
R  INDICATES RECORD WAS SET OR TIED.
MM INDICATES DATA IS MISSING.
T  INDICATES TRACE AMOUNT.




$$
