542
CDUS43 KTOP 170639
CLIEMP


CLIMATE REPORT
NATIONAL WEATHER SERVICE TOPEKA KS
1239 AM CST TUE JAN 17 2017


...................................

...THE EMPORIA KS CLIMATE SUMMARY FOR JANUARY 16 2017...

CLIMATE NORMAL PERIOD 1981 TO 2010
CLIMATE RECORD PERIOD 9999 TO 9999


WEATHER ITEM   OBSERVED NORMAL DEPARTURE LAST
                VALUE   VALUE  FROM      YEAR
                               NORMAL
...............................................
TEMPERATURE (F)
 YESTERDAY
  MAXIMUM         49     41      8       37
  MINIMUM         34     21     13       16
  AVERAGE         42     31     11       27

PRECIPITATION (IN)
  YESTERDAY        0.66   0.02   0.64     0.00
  MONTH TO DATE    1.02   0.20   0.82     0.37
  SINCE DEC 1      1.79   1.55   0.24     3.46
  SINCE JAN 1      1.02   0.20   0.82     0.37

DEGREE DAYS
 HEATING
  YESTERDAY       23     34    -11       38
  MONTH TO DATE  567    544     23      425
  SINCE DEC 1   1613   1537     76     1205
  SINCE JUL 1   2163   2477   -314     1924

 COOLING
  YESTERDAY        0      0      0        0
  MONTH TO DATE    0      0      0        0
  SINCE DEC 1      0      0      0        0
  SINCE JAN 1      0      0      0        0
...............................................


WIND (MPH)
  HIGHEST WIND SPEED    22   HIGHEST WIND DIRECTION     S (200)
  HIGHEST GUST SPEED    28   HIGHEST GUST DIRECTION     S (180)
  AVERAGE WIND SPEED    11.5


SKY COVER
  AVERAGE SKY COVER 0.9


WEATHER CONDITIONS
 THE FOLLOWING WEATHER WAS RECORDED YESTERDAY.
  HEAVY RAIN
  RAIN
  LIGHT RAIN
  FOG


RELATIVE HUMIDITY (PERCENT)
 HIGHEST   100
 LOWEST     89
 AVERAGE    95

..........................................................


THE EMPORIA KS CLIMATE NORMALS FOR TODAY
                         NORMAL
 MAXIMUM TEMPERATURE (F)   41
 MINIMUM TEMPERATURE (F)   21


SUNRISE AND SUNSET
JANUARY 17 2017.......SUNRISE   739 AM CST   SUNSET   531 PM CST
JANUARY 18 2017.......SUNRISE   739 AM CST   SUNSET   532 PM CST


-  INDICATES NEGATIVE NUMBERS.
R  INDICATES RECORD WAS SET OR TIED.
MM INDICATES DATA IS MISSING.
T  INDICATES TRACE AMOUNT.




$$
