000
CDUS46 KOTX 260831
CLIEPH


CLIMATE REPORT
NATIONAL WEATHER SERVICE SPOKANE, WA
130 AM PDT SUN OCT 26 2014


...................................

...THE EPHRATA WA AIRPORT CLIMATE SUMMARY FOR OCTOBER 25 2014...

CLIMATE NORMAL PERIOD 1981 TO 2010
CLIMATE RECORD PERIOD 9999 TO 9999


WEATHER ITEM   OBSERVED TIME   RECORD YEAR NORMAL DEPARTURE LAST
                VALUE   (LST)  VALUE       VALUE  FROM      YEAR
                                                  NORMAL
..................................................................
TEMPERATURE (F)
 YESTERDAY
  MAXIMUM         58    251 PM  71    1987  57      1       67
  MINIMUM         47    709 AM  22    2002  35     12       38
  AVERAGE         53                        46      7       53

PRECIPITATION (IN)
  YESTERDAY        0.03          0.37 1975   0.02   0.01     0.00
  MONTH TO DATE    0.90                      0.38   0.52      T
  SINCE OCT 1      0.90                      0.38   0.52      T
  SINCE JAN 1      5.08                      5.40  -0.32     4.97

SNOWFALL (IN)
  YESTERDAY       MM

DEGREE DAYS
 HEATING
  YESTERDAY       12                        19     -7       12
  MONTH TO DATE  186                       331   -145      333
  SINCE SEP 1    223                       441   -218      441
  SINCE JUL 1    224                       458   -234      441

 COOLING
  YESTERDAY        0                         0      0        0
  MONTH TO DATE    8                         0      8        0
  SINCE SEP 1    104                        75     29      160
  SINCE JAN 1   1137                       769    368     1084
..................................................................


WIND (MPH)
  HIGHEST WIND SPEED    24   HIGHEST WIND DIRECTION    SW (210)
  HIGHEST GUST SPEED    32   HIGHEST GUST DIRECTION     S (200)
  AVERAGE WIND SPEED     8.8


SKY COVER
  POSSIBLE SUNSHINE  MM
  AVERAGE SKY COVER 0.5


WEATHER CONDITIONS
 THE FOLLOWING WEATHER WAS RECORDED YESTERDAY.
  LIGHT RAIN
  FOG


RELATIVE HUMIDITY (PERCENT)
 HIGHEST    96           600 PM
 LOWEST     59          1100 PM
 AVERAGE    78

..........................................................


THE EPHRATA WA AIRPORT CLIMATE NORMALS FOR TODAY
                         NORMAL    RECORD    YEAR
 MAXIMUM TEMPERATURE (F)   56        69      1965
 MINIMUM TEMPERATURE (F)   35        23      2011


SUNRISE AND SUNSET
OCTOBER 26 2014.......SUNRISE   733 AM PDT   SUNSET   551 PM PDT
OCTOBER 27 2014.......SUNRISE   734 AM PDT   SUNSET   549 PM PDT


-  INDICATES NEGATIVE NUMBERS.
R  INDICATES RECORD WAS SET OR TIED.
MM INDICATES DATA IS MISSING.
T  INDICATES TRACE AMOUNT.




$$
