000
CDUS46 KOTX 240824
CLIEPH


CLIMATE REPORT
NATIONAL WEATHER SERVICE SPOKANE, WA
121 AM PDT THU APR 24 2014


...................................

...THE EPHRATA WA AIRPORT CLIMATE SUMMARY FOR APRIL 23 2014...

CLIMATE NORMAL PERIOD 1981 TO 2010
CLIMATE RECORD PERIOD 9999 TO 9999


WEATHER ITEM   OBSERVED TIME   RECORD YEAR NORMAL DEPARTURE LAST
                VALUE   (LST)  VALUE       VALUE  FROM      YEAR
                                                  NORMAL
..................................................................
TEMPERATURE (F)
 YESTERDAY
  MAXIMUM         57   1116 AM  87    2012  65     -8       63
                                      1977
  MINIMUM         38    103 AM  30    2013  39     -1       30
                                      2011
                                      2000
  AVERAGE         48                        52     -4       47

PRECIPITATION (IN)
  YESTERDAY        0.07          0.61 1960   0.02   0.05     0.00
  MONTH TO DATE    0.62                      0.39   0.23     0.63
  SINCE OCT 1      3.13                      5.55  -2.42     5.32
  SINCE JAN 1      2.38                      2.72  -0.34     1.52

SNOWFALL (IN)
  YESTERDAY       MM            MM      MM   0.0   MM       MM
  MONTH TO DATE   MM                         0.0   MM       MM
  SINCE MAR 1     MM                         0.8   MM       MM
  SINCE JUL 1     MM                        18.9   MM       MM
  SNOW DEPTH      MM

DEGREE DAYS
 HEATING
  YESTERDAY       17                        13      4       18
  MONTH TO DATE  299                       356    -57      369
  SINCE MAR 1    961                      1040    -79     1030
  SINCE JUL 1   5543                      5613    -70     5263

 COOLING
  YESTERDAY        0                         0      0        0
  MONTH TO DATE    0                         0      0        0
  SINCE MAR 1      0                         0      0        0
  SINCE JAN 1      0                         0      0        0
..................................................................


WIND (MPH)
  HIGHEST WIND SPEED    29   HIGHEST WIND DIRECTION    SW (220)
  HIGHEST GUST SPEED    36   HIGHEST GUST DIRECTION    SW (230)
  AVERAGE WIND SPEED    12.3


SKY COVER
  POSSIBLE SUNSHINE  MM
  AVERAGE SKY COVER 0.7


WEATHER CONDITIONS
 THE FOLLOWING WEATHER WAS RECORDED YESTERDAY.
  LIGHT RAIN


RELATIVE HUMIDITY (PERCENT)
 HIGHEST    93          1000 PM
 LOWEST     41          1200 PM
 AVERAGE    67

..........................................................


THE EPHRATA WA AIRPORT CLIMATE NORMALS FOR TODAY
                         NORMAL    RECORD    YEAR
 MAXIMUM TEMPERATURE (F)   65        94      1977
 MINIMUM TEMPERATURE (F)   40        27      2008


SUNRISE AND SUNSET
APRIL 24 2014.........SUNRISE   553 AM PDT   SUNSET   800 PM PDT
APRIL 25 2014.........SUNRISE   552 AM PDT   SUNSET   801 PM PDT


-  INDICATES NEGATIVE NUMBERS.
R  INDICATES RECORD WAS SET OR TIED.
MM INDICATES DATA IS MISSING.
T  INDICATES TRACE AMOUNT.




$$
