000
CDUS46 KOTX 280836
CLIEPH


CLIMATE REPORT
NATIONAL WEATHER SERVICE SPOKANE, WA
134 AM PDT FRI APR 28 2017


...................................

...THE EPHRATA WA AIRPORT CLIMATE SUMMARY FOR APRIL 27 2017...

CLIMATE NORMAL PERIOD 1981 TO 2010
CLIMATE RECORD PERIOD 9999 TO 9999


WEATHER ITEM   OBSERVED TIME   RECORD YEAR NORMAL DEPARTURE LAST
                VALUE   (LST)  VALUE       VALUE  FROM      YEAR
                                                  NORMAL
..................................................................
TEMPERATURE (F)
 YESTERDAY
  MAXIMUM         62    206 PM  90    1987  66     -4       61
  MINIMUM         37    514 AM  28    1970  40     -3       46
  AVERAGE         50                        53     -3       54

PRECIPITATION (IN)
  YESTERDAY        0.00          0.65 1962   0.01  -0.01      T
  MONTH TO DATE    1.36                      0.44   0.92     0.25
  SINCE OCT 1      8.35                      5.60   2.75     6.59
  SINCE JAN 1      4.75                      2.77   1.98     3.87

DEGREE DAYS
 HEATING
  YESTERDAY       15                        12      3       11
  MONTH TO DATE  423                       405     18      198
  SINCE MAR 1   1105                      1089     16      799
  SINCE JUL 1   5883                      5662    221     4752

 COOLING
  YESTERDAY        0                         0      0        0
  MONTH TO DATE    0                         0      0        5
  SINCE MAR 1      0                         0      0        5
  SINCE JAN 1      0                         0      0        5
..................................................................


WIND (MPH)
  HIGHEST WIND SPEED    23   HIGHEST WIND DIRECTION     W (270)
  HIGHEST GUST SPEED    34   HIGHEST GUST DIRECTION     W (250)
  AVERAGE WIND SPEED    14.7


SKY COVER
  POSSIBLE SUNSHINE  MM
  AVERAGE SKY COVER 0.6


WEATHER CONDITIONS
 THE FOLLOWING WEATHER WAS RECORDED YESTERDAY.
  NO SIGNIFICANT WEATHER WAS OBSERVED.


RELATIVE HUMIDITY (PERCENT)
 HIGHEST    59           500 AM
 LOWEST     21           200 PM
 AVERAGE    40

..........................................................


THE EPHRATA WA AIRPORT CLIMATE NORMALS FOR TODAY
                         NORMAL    RECORD    YEAR
 MAXIMUM TEMPERATURE (F)   67        88      1987
 MINIMUM TEMPERATURE (F)   41        28      1955


SUNRISE AND SUNSET
APRIL 28 2017.........SUNRISE   546 AM PDT   SUNSET   806 PM PDT
APRIL 29 2017.........SUNRISE   544 AM PDT   SUNSET   807 PM PDT


-  INDICATES NEGATIVE NUMBERS.
R  INDICATES RECORD WAS SET OR TIED.
MM INDICATES DATA IS MISSING.
T  INDICATES TRACE AMOUNT.




$$
