000
CDUS46 KOTX 280824
CLIEPH


CLIMATE REPORT
NATIONAL WEATHER SERVICE SPOKANE, WA
1221 AM PST SUN DEC 28 2014


...................................

...THE EPHRATA WA AIRPORT CLIMATE SUMMARY FOR DECEMBER 27 2014...

CLIMATE NORMAL PERIOD 1981 TO 2010
CLIMATE RECORD PERIOD 9999 TO 9999


WEATHER ITEM   OBSERVED TIME   RECORD YEAR NORMAL DEPARTURE LAST
                VALUE   (LST)  VALUE       VALUE  FROM      YEAR
                                                  NORMAL
..................................................................
TEMPERATURE (F)
 YESTERDAY
  MAXIMUM         40    319 PM  56    1980  32      8       32
  MINIMUM         27    100 AM   2    1981  20      7       20
  AVERAGE         34                        26      8       26

PRECIPITATION (IN)
  YESTERDAY        T           0.59   1965  0.04  -0.04     0.00
  MONTH TO DATE    0.75                     1.10  -0.35     0.02
  SINCE OCT 1      2.79                     2.69   0.10     0.75
  SINCE JAN 1      6.97                     7.71  -0.74     5.72

SNOWFALL (IN)
  YESTERDAY       MM

DEGREE DAYS
 HEATING
  YESTERDAY       31                        39     -8       39
  MONTH TO DATE  768                      1013   -245     1075
  SINCE DEC 1    768                      1013   -245     1075
  SINCE JUL 1   1915                      2432   -517     2444

 COOLING
  YESTERDAY        0                         0      0        0
  MONTH TO DATE    0                         0      0        0
  SINCE DEC 1      0                         0      0        0
  SINCE JAN 1   1137                       772    365     1084
..................................................................


WIND (MPH)
  HIGHEST WIND SPEED    15   HIGHEST WIND DIRECTION     S (200)
  HIGHEST GUST SPEED    18   HIGHEST GUST DIRECTION     S (190)
  AVERAGE WIND SPEED     4.6


SKY COVER
  POSSIBLE SUNSHINE  MM
  AVERAGE SKY COVER 0.4


WEATHER CONDITIONS
 THE FOLLOWING WEATHER WAS RECORDED YESTERDAY.
  LIGHT RAIN
  FOG


RELATIVE HUMIDITY (PERCENT)
 HIGHEST    92          1200 AM
 LOWEST     75          1100 PM
 AVERAGE    84

..........................................................


THE EPHRATA WA AIRPORT CLIMATE NORMALS FOR TODAY
                         NORMAL    RECORD    YEAR
 MAXIMUM TEMPERATURE (F)   32        55      2011
 MINIMUM TEMPERATURE (F)   20       -10      1968


SUNRISE AND SUNSET
DECEMBER 28 2014......SUNRISE   745 AM PST   SUNSET   415 PM PST
DECEMBER 29 2014......SUNRISE   745 AM PST   SUNSET   416 PM PST


-  INDICATES NEGATIVE NUMBERS.
R  INDICATES RECORD WAS SET OR TIED.
MM INDICATES DATA IS MISSING.
T  INDICATES TRACE AMOUNT.

$$
