000
CDUS46 KOTX 180823
CLIEPH


CLIMATE REPORT
NATIONAL WEATHER SERVICE SPOKANE, WA
1223 AM PST THU JAN 18 2018


...................................

...THE EPHRATA WA AIRPORT CLIMATE SUMMARY FOR JANUARY 17 2018...

CLIMATE NORMAL PERIOD 1981 TO 2010
CLIMATE RECORD PERIOD 9999 TO 9999


WEATHER ITEM   OBSERVED TIME   RECORD YEAR NORMAL DEPARTURE LAST
                VALUE   (LST)  VALUE       VALUE  FROM      YEAR
                                                  NORMAL
..................................................................
TEMPERATURE (F)
 YESTERDAY
  MAXIMUM         42    320 PM  54    2011  35      7       25
  MINIMUM         37    600 AM -18    1950  23     14       10
  AVERAGE         40                        29     11       18

PRECIPITATION (IN)
  YESTERDAY        0.04          0.49 2015   0.03   0.01     0.33
  MONTH TO DATE    0.85                      0.55   0.30     0.44
  SINCE OCT 1      3.43                      3.38   0.05     4.04
  SINCE JAN 1      0.85                      0.55   0.30     0.44

SNOWFALL (IN)
  YESTERDAY       MM

DEGREE DAYS
 HEATING
  YESTERDAY       25                        36    -11       47
  MONTH TO DATE  525                       635   -110      868
  SINCE DEC 1   1633                      1802   -169     2158
  SINCE JUL 1   3013                      3221   -208     3281

 COOLING
  YESTERDAY        0                         0      0        0
  MONTH TO DATE    0                         0      0        0
  SINCE DEC 1      0                         0      0        0
  SINCE JAN 1      0                         0      0        0
..................................................................


WIND (MPH)
  HIGHEST WIND SPEED    16   HIGHEST WIND DIRECTION    NW (310)
  HIGHEST GUST SPEED    19   HIGHEST GUST DIRECTION    NW (310)
  AVERAGE WIND SPEED     7.6


SKY COVER
  POSSIBLE SUNSHINE  MM
  AVERAGE SKY COVER 1.0


WEATHER CONDITIONS
 THE FOLLOWING WEATHER WAS RECORDED YESTERDAY.
  LIGHT RAIN
  FOG


RELATIVE HUMIDITY (PERCENT)
 HIGHEST    85           800 PM
 LOWEST     70          1100 AM
 AVERAGE    78

..........................................................


THE EPHRATA WA AIRPORT CLIMATE NORMALS FOR TODAY
                         NORMAL    RECORD    YEAR
 MAXIMUM TEMPERATURE (F)   36        58      1989
 MINIMUM TEMPERATURE (F)   23        -6      1960


SUNRISE AND SUNSET
JANUARY 18 2018.......SUNRISE   738 AM PST   SUNSET   439 PM PST
JANUARY 19 2018.......SUNRISE   737 AM PST   SUNSET   441 PM PST


-  INDICATES NEGATIVE NUMBERS.
R  INDICATES RECORD WAS SET OR TIED.
MM INDICATES DATA IS MISSING.
T  INDICATES TRACE AMOUNT.




$$
