000
CDUS46 KOTX 270848
CLIEPH


CLIMATE REPORT
NATIONAL WEATHER SERVICE SPOKANE, WA
147 AM PDT SAT AUG 27 2016


...................................

...THE EPHRATA WA AIRPORT CLIMATE SUMMARY FOR AUGUST 26 2016...

CLIMATE NORMAL PERIOD 1981 TO 2010
CLIMATE RECORD PERIOD 9999 TO 9999


WEATHER ITEM   OBSERVED TIME   RECORD YEAR NORMAL DEPARTURE LAST
                VALUE   (LST)  VALUE       VALUE  FROM      YEAR
                                                  NORMAL
..................................................................
TEMPERATURE (F)
 YESTERDAY
  MAXIMUM         90    400 PM  97    1972  85      5       92
  MINIMUM         60    253 AM  46    1991  56      4       58
  AVERAGE         75                        70      5       75

PRECIPITATION (IN)
  YESTERDAY        0.00          0.31 1968   0.01  -0.01     0.00
  MONTH TO DATE    T                         0.17  -0.17      T
  SINCE OCT 1      9.01                      7.47   1.54     6.90
  SINCE JAN 1      6.29                      4.64   1.65     4.11

SNOWFALL (IN)
  YESTERDAY       MM

DEGREE DAYS
 HEATING
  YESTERDAY        0                         0      0        0
  MONTH TO DATE    2                         0      2        0
  SINCE JUN 1     72                        68      4        4
  SINCE JUL 1      2                         8     -6        0

 COOLING
  YESTERDAY       10                         6      4       10
  MONTH TO DATE  239                       227     12      300
  SINCE JUN 1    666                       630     36     1125
  SINCE JAN 1    698                       667     31     1210
..................................................................


WIND (MPH)
  HIGHEST WIND SPEED    15   HIGHEST WIND DIRECTION     S (170)
  HIGHEST GUST SPEED    19   HIGHEST GUST DIRECTION     S (180)
  AVERAGE WIND SPEED     7.5


SKY COVER
  POSSIBLE SUNSHINE  MM
  AVERAGE SKY COVER 0.0


WEATHER CONDITIONS
 THE FOLLOWING WEATHER WAS RECORDED YESTERDAY.
  NO SIGNIFICANT WEATHER WAS OBSERVED.


RELATIVE HUMIDITY (PERCENT)
 HIGHEST    53          1100 PM
 LOWEST     21          1200 PM
 AVERAGE    37

..........................................................


THE EPHRATA WA AIRPORT CLIMATE NORMALS FOR TODAY
                         NORMAL    RECORD    YEAR
 MAXIMUM TEMPERATURE (F)   84       101      1972
 MINIMUM TEMPERATURE (F)   56        49      1993


SUNRISE AND SUNSET
AUGUST 27 2016........SUNRISE   611 AM PDT   SUNSET   747 PM PDT
AUGUST 28 2016........SUNRISE   612 AM PDT   SUNSET   745 PM PDT


-  INDICATES NEGATIVE NUMBERS.
R  INDICATES RECORD WAS SET OR TIED.
MM INDICATES DATA IS MISSING.
T  INDICATES TRACE AMOUNT.




$$
