000
CDUS46 KOTX 280833
CLIEPH


CLIMATE REPORT
NATIONAL WEATHER SERVICE SPOKANE, WA
133 AM PDT SAT MAY 28 2016


...................................

...THE EPHRATA WA AIRPORT CLIMATE SUMMARY FOR MAY 27 2016...

CLIMATE NORMAL PERIOD 1981 TO 2010
CLIMATE RECORD PERIOD 9999 TO 9999


WEATHER ITEM   OBSERVED TIME   RECORD YEAR NORMAL DEPARTURE LAST
                VALUE   (LST)  VALUE       VALUE  FROM      YEAR
                                                  NORMAL
..................................................................
TEMPERATURE (F)
 YESTERDAY
  MAXIMUM         70    304 PM  95    1958  75     -5       81
  MINIMUM         49   1157 PM  35    2011  50     -1       52
  AVERAGE         60                        62     -2       67

PRECIPITATION (IN)
  YESTERDAY        0.00          0.47 1980   0.03  -0.03     0.00
                                      1980
                                      2010
  MONTH TO DATE    0.53                      0.54  -0.01     1.18
  SINCE OCT 1      7.42                      6.18   1.24     6.85
  SINCE JAN 1      4.70                      3.35   1.35     4.06

SNOWFALL (IN)
  YESTERDAY       MM

DEGREE DAYS
 HEATING
  YESTERDAY        5                         4      1        0
  MONTH TO DATE   74                       196   -122       75
  SINCE MAR 1    895                      1320   -425      984
  SINCE JUL 1   4848                      5893  -1045     4678

 COOLING
  YESTERDAY        0                         2     -2        2
  MONTH TO DATE   27                        28     -1       47
  SINCE MAR 1     32                        30      2       47
  SINCE JAN 1     32                        30      2       47
..................................................................


WIND (MPH)
  HIGHEST WIND SPEED    26   HIGHEST WIND DIRECTION    NW (310)
  HIGHEST GUST SPEED    35   HIGHEST GUST DIRECTION    NW (310)
  AVERAGE WIND SPEED    13.9


SKY COVER
  POSSIBLE SUNSHINE  MM
  AVERAGE SKY COVER 0.2


WEATHER CONDITIONS
 THE FOLLOWING WEATHER WAS RECORDED YESTERDAY.
  NO SIGNIFICANT WEATHER WAS OBSERVED.


RELATIVE HUMIDITY (PERCENT)
 HIGHEST    50           200 AM
 LOWEST     21           300 PM
 AVERAGE    36

..........................................................


THE EPHRATA WA AIRPORT CLIMATE NORMALS FOR TODAY
                         NORMAL    RECORD    YEAR
 MAXIMUM TEMPERATURE (F)   76        95      2005
 MINIMUM TEMPERATURE (F)   50        35      2011


SUNRISE AND SUNSET
MAY 28 2016...........SUNRISE   508 AM PDT   SUNSET   843 PM PDT
MAY 29 2016...........SUNRISE   507 AM PDT   SUNSET   844 PM PDT


-  INDICATES NEGATIVE NUMBERS.
R  INDICATES RECORD WAS SET OR TIED.
MM INDICATES DATA IS MISSING.
T  INDICATES TRACE AMOUNT.




$$
