000
CDUS46 KOTX 070830
CLIEPH


CLIMATE REPORT
NATIONAL WEATHER SERVICE SPOKANE, WA
1230 AM PST SUN FEB 7 2016


...................................

...THE EPHRATA WA AIRPORT CLIMATE SUMMARY FOR FEBRUARY 6 2016...

CLIMATE NORMAL PERIOD 1981 TO 2010
CLIMATE RECORD PERIOD 9999 TO 9999


WEATHER ITEM   OBSERVED TIME   RECORD YEAR NORMAL DEPARTURE LAST
                VALUE   (LST)  VALUE       VALUE  FROM      YEAR
                                                  NORMAL
..................................................................
TEMPERATURE (F)
 YESTERDAY
  MAXIMUM         46    112 PM  54    1967  40      6       53
  MINIMUM         30   1159 PM  -8    1985  25      5       42
  AVERAGE         38                        32      6       48

PRECIPITATION (IN)
  YESTERDAY        0.00          0.34 1983   0.02  -0.02     0.12
  MONTH TO DATE    0.09                      0.15  -0.06     0.33
  SINCE OCT 1      4.45                      3.89   0.56     3.83
  SINCE JAN 1      1.73                      1.06   0.67     1.04

SNOWFALL (IN)
  YESTERDAY       MM

DEGREE DAYS
 HEATING
  YESTERDAY       27                        33     -6       17
  MONTH TO DATE  200                       199      1      152
  SINCE DEC 1   2270                      2488   -218     2072
  SINCE JUL 1   3426                      3907   -481     3219

 COOLING
  YESTERDAY        0                         0      0        0
  MONTH TO DATE    0                         0      0        0
  SINCE DEC 1      0                         0      0        0
  SINCE JAN 1      0                         0      0        0
..................................................................


WIND (MPH)
  HIGHEST WIND SPEED    20   HIGHEST WIND DIRECTION    SW (220)
  HIGHEST GUST SPEED    24   HIGHEST GUST DIRECTION    SW (230)
  AVERAGE WIND SPEED     7.7


SKY COVER
  POSSIBLE SUNSHINE  MM
  AVERAGE SKY COVER 0.0


WEATHER CONDITIONS
 THE FOLLOWING WEATHER WAS RECORDED YESTERDAY.
  NO SIGNIFICANT WEATHER WAS OBSERVED.


RELATIVE HUMIDITY (PERCENT)
 HIGHEST    92          1200 AM
 LOWEST     58           100 PM
 AVERAGE    75

..........................................................


THE EPHRATA WA AIRPORT CLIMATE NORMALS FOR TODAY
                         NORMAL    RECORD    YEAR
 MAXIMUM TEMPERATURE (F)   40        62      2015
 MINIMUM TEMPERATURE (F)   25         1      1989


SUNRISE AND SUNSET
FEBRUARY  7 2016......SUNRISE   716 AM PST   SUNSET   509 PM PST
FEBRUARY  8 2016......SUNRISE   715 AM PST   SUNSET   510 PM PST


-  INDICATES NEGATIVE NUMBERS.
R  INDICATES RECORD WAS SET OR TIED.
MM INDICATES DATA IS MISSING.
T  INDICATES TRACE AMOUNT.




$$
