000
CDUS46 KOTX 200821
CLIEPH


CLIMATE REPORT
NATIONAL WEATHER SERVICE SPOKANE, WA
121 AM PDT WED AUG 20 2014


...................................

...THE EPHRATA WA AIRPORT CLIMATE SUMMARY FOR AUGUST 19 2014...

CLIMATE NORMAL PERIOD 1981 TO 2010
CLIMATE RECORD PERIOD 9999 TO 9999


WEATHER ITEM   OBSERVED TIME   RECORD YEAR NORMAL DEPARTURE LAST
                VALUE   (LST)  VALUE       VALUE  FROM      YEAR
                                                  NORMAL
..................................................................
TEMPERATURE (F)
 YESTERDAY
  MAXIMUM         95    348 PM 103    1961  87      8       90
  MINIMUM         68    517 AM  45    1980  58     10       55
  AVERAGE         82                        72     10       73

PRECIPITATION (IN)
  YESTERDAY        0.00          0.25 1954   0.00   0.00     0.00
  MONTH TO DATE    0.83                      0.13   0.70     0.46
  SINCE OCT 1      4.64                      7.43  -2.79     7.87
  SINCE JAN 1      3.89                      4.60  -0.71     4.07

SNOWFALL (IN)
  YESTERDAY       MM            MM      MM   0.0   MM       MM
  MONTH TO DATE   MM                         0.0   MM       MM
  SINCE JUN 1     MM                         0.0   MM       MM
  SINCE JUL 1     MM                         0.0   MM       MM
  SNOW DEPTH      MM

DEGREE DAYS
 HEATING
  YESTERDAY        0                         0      0        0
  MONTH TO DATE    0                         0      0        0
  SINCE JUN 1     24                        68    -44       58
  SINCE JUL 1      1                         8     -7        0

 COOLING
  YESTERDAY       17                         8      9        8
  MONTH TO DATE  283                       181    102      209
  SINCE JUN 1    902                       584    318      769
  SINCE JAN 1    946                       621    325      826
..................................................................


WIND (MPH)
  HIGHEST WIND SPEED    25   HIGHEST WIND DIRECTION    NW (320)
  HIGHEST GUST SPEED    32   HIGHEST GUST DIRECTION    NW (300)
  AVERAGE WIND SPEED    11.6


SKY COVER
  POSSIBLE SUNSHINE  MM
  AVERAGE SKY COVER 0.1


WEATHER CONDITIONS
 THE FOLLOWING WEATHER WAS RECORDED YESTERDAY.
  NO SIGNIFICANT WEATHER WAS OBSERVED.


RELATIVE HUMIDITY (PERCENT)
 HIGHEST    66           600 AM
 LOWEST     19           400 PM
 AVERAGE    43

..........................................................


THE EPHRATA WA AIRPORT CLIMATE NORMALS FOR TODAY
                         NORMAL    RECORD    YEAR
 MAXIMUM TEMPERATURE (F)   86       102      2009
                                             1977
 MINIMUM TEMPERATURE (F)   58        47      2007


SUNRISE AND SUNSET
AUGUST 20 2014........SUNRISE   601 AM PDT   SUNSET   801 PM PDT
AUGUST 21 2014........SUNRISE   603 AM PDT   SUNSET   759 PM PDT


-  INDICATES NEGATIVE NUMBERS.
R  INDICATES RECORD WAS SET OR TIED.
MM INDICATES DATA IS MISSING.
T  INDICATES TRACE AMOUNT.




$$
