793
CDUS41 KCLE 230551
CLIERI


CLIMATE REPORT
NATIONAL WEATHER SERVICE CLEVELAND OH
1251 AM EST THU FEB 23 2017


...................................

...THE ERIE PA CLIMATE SUMMARY FOR FEBRUARY 22 2017...

CLIMATE NORMAL PERIOD 1981 TO 2010
CLIMATE RECORD PERIOD 1873 TO 2017


WEATHER ITEM   OBSERVED TIME   RECORD YEAR NORMAL DEPARTURE LAST
                VALUE   (LST)  VALUE       VALUE  FROM      YEAR
                                                  NORMAL
..................................................................
TEMPERATURE (F)
 YESTERDAY
  MAXIMUM         61    156 PM  69    1930  37     24       36
  MINIMUM         48   1211 AM  -4    1963  22     26       23
  AVERAGE         55                        29     26       30

PRECIPITATION (IN)
  YESTERDAY        0.00                      0.09  -0.09     0.00
  MONTH TO DATE    1.83                      1.83   0.00     2.34
  SINCE DEC 1     10.59                      8.52   2.07     8.61
  SINCE JAN 1      6.71                      4.78   1.93     4.72

SNOWFALL (IN)
  YESTERDAY        0.0                       0.6   -0.6      0.0
  MONTH TO DATE    9.8                      14.6   -4.8     20.5
  SINCE DEC 1     65.4                      71.7   -6.3     63.8
  SINCE JUL 1     67.8                      80.4  -12.6     64.3
  SNOW DEPTH       0

DEGREE DAYS
 HEATING
  YESTERDAY       10                        36    -26       35
  MONTH TO DATE  645                       818   -173      753
  SINCE DEC 1   2616                      3000   -384     2516
  SINCE JUL 1   3396                      4156   -760     3407

 COOLING
  YESTERDAY        0                         0      0        0
  MONTH TO DATE    0                         0      0        0
  SINCE DEC 1      0                         0      0        0
  SINCE JAN 1      0                         0      0        0
..................................................................


WIND (MPH)
  HIGHEST WIND SPEED    17   HIGHEST WIND DIRECTION     S (180)
  HIGHEST GUST SPEED    22   HIGHEST GUST DIRECTION     S (180)
  AVERAGE WIND SPEED     7.8


SKY COVER
  POSSIBLE SUNSHINE  MM
  AVERAGE SKY COVER 1.0


WEATHER CONDITIONS
 THE FOLLOWING WEATHER WAS RECORDED YESTERDAY.
  NO SIGNIFICANT WEATHER WAS OBSERVED.


RELATIVE HUMIDITY (PERCENT)
 HIGHEST    80          1200 AM
 LOWEST     66           300 AM
 AVERAGE    73

..........................................................


THE ERIE PA CLIMATE NORMALS FOR TODAY
                         NORMAL    RECORD    YEAR
 MAXIMUM TEMPERATURE (F)   37        65      1922
 MINIMUM TEMPERATURE (F)   22        -8      2015


SUNRISE AND SUNSET
FEBRUARY 23 2017......SUNRISE   705 AM EST   SUNSET   604 PM EST
FEBRUARY 24 2017......SUNRISE   703 AM EST   SUNSET   605 PM EST


-  INDICATES NEGATIVE NUMBERS.
R  INDICATES RECORD WAS SET OR TIED.
MM INDICATES DATA IS MISSING.
T  INDICATES TRACE AMOUNT.




$$
