000
CDUS41 KCLE 250545
CLIERI


CLIMATE REPORT
NATIONAL WEATHER SERVICE CLEVELAND OH
145 AM EDT SAT OCT 25 2014


...................................

...THE ERIE PA CLIMATE SUMMARY FOR OCTOBER 24 2014...

CLIMATE NORMAL PERIOD 1981 TO 2010
CLIMATE RECORD PERIOD 1873 TO 2014


WEATHER ITEM   OBSERVED TIME   RECORD YEAR NORMAL DEPARTURE LAST
                VALUE   (LST)  VALUE       VALUE  FROM      YEAR
                                                  NORMAL
..................................................................
TEMPERATURE (F)
 YESTERDAY
  MAXIMUM         58    320 PM  79    1963  58      0       45
  MINIMUM         38    644 AM  27    1969  43     -5       35
  AVERAGE         48                        50     -2       40

PRECIPITATION (IN)
  YESTERDAY        0.00                      0.12  -0.12     0.31
  MONTH TO DATE    4.08                      3.20   0.88     5.38
  SINCE SEP 1      6.87                      7.81  -0.94     9.36
  SINCE JAN 1     34.58                     33.64   0.94    43.23

SNOWFALL (IN)
  YESTERDAY        0.0                       0.1   -0.1      0.3
  MONTH TO DATE    0.0                       0.1   -0.1      0.3
  SINCE SEP 1      0.0                       0.1   -0.1      0.3
  SINCE JUL 1      0.0                       0.1   -0.1      0.3
  SNOW DEPTH       0

DEGREE DAYS
 HEATING
  YESTERDAY       17                        15      2       25
  MONTH TO DATE  243                       270    -27      188
  SINCE SEP 1    342                       376    -34      308
  SINCE JUL 1    360                       394    -34      320

 COOLING
  YESTERDAY        0                         0      0        0
  MONTH TO DATE    7                         7      0       20
  SINCE SEP 1     87                        78      9       85
  SINCE JAN 1    603                       636    -33      706
..................................................................


WIND (MPH)
  HIGHEST WIND SPEED    13   HIGHEST WIND DIRECTION     W (280)
  HIGHEST GUST SPEED    17   HIGHEST GUST DIRECTION     W (270)
  AVERAGE WIND SPEED     5.4


SKY COVER
  POSSIBLE SUNSHINE  MM
  AVERAGE SKY COVER 0.3


WEATHER CONDITIONS
 THE FOLLOWING WEATHER WAS RECORDED YESTERDAY.
  NO SIGNIFICANT WEATHER WAS OBSERVED.


RELATIVE HUMIDITY (PERCENT)
 HIGHEST    92           400 AM
 LOWEST     55           100 PM
 AVERAGE    74

..........................................................


THE ERIE PA CLIMATE NORMALS FOR TODAY
                         NORMAL    RECORD    YEAR
 MAXIMUM TEMPERATURE (F)   58        81      2012
 MINIMUM TEMPERATURE (F)   43        30      2002
                                             1982


SUNRISE AND SUNSET
OCTOBER 25 2014.......SUNRISE   745 AM EDT   SUNSET   624 PM EDT
OCTOBER 26 2014.......SUNRISE   746 AM EDT   SUNSET   623 PM EDT


-  INDICATES NEGATIVE NUMBERS.
R  INDICATES RECORD WAS SET OR TIED.
MM INDICATES DATA IS MISSING.
T  INDICATES TRACE AMOUNT.




$$
