000
CDUS41 KCLE 260527
CLIERI


CLIMATE REPORT
NATIONAL WEATHER SERVICE CLEVELAND OH
1227 AM EST WED NOV 26 2014


...................................

...THE ERIE PA CLIMATE SUMMARY FOR NOVEMBER 25 2014...

CLIMATE NORMAL PERIOD 1981 TO 2010
CLIMATE RECORD PERIOD 1873 TO 2014


WEATHER ITEM   OBSERVED TIME   RECORD YEAR NORMAL DEPARTURE LAST
                VALUE   (LST)  VALUE       VALUE  FROM      YEAR
                                                  NORMAL
..................................................................
TEMPERATURE (F)
 YESTERDAY
  MAXIMUM         44   1219 AM  69    1908  46     -2       33
  MINIMUM         34   1117 PM   7    1881  34      0       18
  AVERAGE         39                        40     -1       26

PRECIPITATION (IN)
  YESTERDAY        T                         0.13  -0.13     0.02
  MONTH TO DATE    3.26                      3.28  -0.02     3.59
  SINCE SEP 1     10.34                     11.94  -1.60    13.78
  SINCE JAN 1     38.05                     37.77   0.28    47.65

SNOWFALL (IN)
  YESTERDAY        0.0                       0.4   -0.4      0.2
  MONTH TO DATE   24.1                       6.2   17.9      4.9
  SINCE SEP 1     24.1                       6.4   17.7      5.2
  SINCE JUL 1     24.1                       6.4   17.7      5.2
  SNOW DEPTH       0

DEGREE DAYS
 HEATING
  YESTERDAY       26                        25      1       39
  MONTH TO DATE  632                       520    112      580
  SINCE SEP 1   1061                      1005     56     1012
  SINCE JUL 1   1079                      1023     56     1024

 COOLING
  YESTERDAY        0                         0      0        0
  MONTH TO DATE    0                         0      0        0
  SINCE SEP 1     87                        80      7       85
  SINCE JAN 1    603                       638    -35      706
..................................................................


WIND (MPH)
  HIGHEST WIND SPEED    30   HIGHEST WIND DIRECTION    SW (220)
  HIGHEST GUST SPEED    38   HIGHEST GUST DIRECTION    SW (230)
  AVERAGE WIND SPEED    13.3


SKY COVER
  POSSIBLE SUNSHINE  MM
  AVERAGE SKY COVER 1.0


WEATHER CONDITIONS
 THE FOLLOWING WEATHER WAS RECORDED YESTERDAY.
  LIGHT RAIN


RELATIVE HUMIDITY (PERCENT)
 HIGHEST    75           700 PM
 LOWEST     49           200 AM
 AVERAGE    62

..........................................................


THE ERIE PA CLIMATE NORMALS FOR TODAY
                         NORMAL    RECORD    YEAR
 MAXIMUM TEMPERATURE (F)   45        70      1896
 MINIMUM TEMPERATURE (F)   33        10      1950


SUNRISE AND SUNSET
NOVEMBER 26 2014......SUNRISE   724 AM EST   SUNSET   452 PM EST
NOVEMBER 27 2014......SUNRISE   725 AM EST   SUNSET   451 PM EST


-  INDICATES NEGATIVE NUMBERS.
R  INDICATES RECORD WAS SET OR TIED.
MM INDICATES DATA IS MISSING.
T  INDICATES TRACE AMOUNT.




$$
