000
CDUS46 KPQR 291143
CLIEUG


CLIMATE REPORT
NATIONAL WEATHER SERVICE PORTLAND OREGON
441 AM PDT SUN MAY 29 2016


...................................

...THE EUGENE OR CLIMATE SUMMARY FOR MAY 28 2016...

CLIMATE NORMAL PERIOD 1981 TO 2010
CLIMATE RECORD PERIOD 1892 TO 2016


WEATHER ITEM   OBSERVED TIME   RECORD YEAR NORMAL DEPARTURE LAST
                VALUE   (LST)  VALUE       VALUE  FROM      YEAR
                                                  NORMAL
..................................................................
TEMPERATURE (F)
 YESTERDAY
  MAXIMUM         74    525 PM  92    1983  69      5       83
  MINIMUM         38    213 AM  32    2007  45     -7       47
  AVERAGE         56                        57     -1       65

PRECIPITATION (IN)
  YESTERDAY        0.00          0.70 1906   0.09  -0.09     0.00
  MONTH TO DATE    1.30                      2.48  -1.18     0.79
  SINCE OCT 1     38.77                     41.90  -3.13    29.03
  SINCE JAN 1     19.93                     23.10  -3.17    11.98

SNOWFALL (IN)
  YESTERDAY        0.0
  MONTH TO DATE    0.0
  SINCE MAR 1      0.0
  SINCE JUL 1      0.0

DEGREE DAYS
 HEATING
  YESTERDAY        9                         8      1        0
  MONTH TO DATE  186                       282    -96      210
  SINCE MAR 1    966                      1297   -331     1093
  SINCE JUL 1   3771                      4624   -853     3655

 COOLING
  YESTERDAY        0                         0      0        0
  MONTH TO DATE    3                         0      3        0
  SINCE MAR 1      3                         0      3        0
  SINCE JAN 1      3                         0      3        0
..................................................................


WIND (MPH)
  HIGHEST WIND SPEED    12   HIGHEST WIND DIRECTION    NE (30)
  HIGHEST GUST SPEED    13   HIGHEST GUST DIRECTION    NE (30)
  AVERAGE WIND SPEED     3.3


SKY COVER
  POSSIBLE SUNSHINE  MM
  AVERAGE SKY COVER 0.2


WEATHER CONDITIONS
 THE FOLLOWING WEATHER WAS RECORDED YESTERDAY.
  FOG


RELATIVE HUMIDITY (PERCENT)
 HIGHEST    92           400 AM
 LOWEST     33           100 PM
 AVERAGE    63

..........................................................


THE EUGENE OR CLIMATE NORMALS FOR TODAY
                         NORMAL    RECORD    YEAR
 MAXIMUM TEMPERATURE (F)   69        89      1931
 MINIMUM TEMPERATURE (F)   45        31      2001


SUNRISE AND SUNSET
MAY 29 2016...........SUNRISE   534 AM PDT   SUNSET   847 PM PDT
MAY 30 2016...........SUNRISE   533 AM PDT   SUNSET   848 PM PDT


-  INDICATES NEGATIVE NUMBERS.
R  INDICATES RECORD WAS SET OR TIED.
MM INDICATES DATA IS MISSING.
T  INDICATES TRACE AMOUNT.




$$
