000
CDUS46 KPQR 290221
CLIEUG


CLIMATE REPORT
NATIONAL WEATHER SERVICE PORTLAND OREGON
721 PM PDT MON JUL 28 2014


...................................

...THE EUGENE OR CLIMATE SUMMARY FOR JULY 28 2014...
VALID TODAY AS OF 0700 PM LOCAL TIME.

CLIMATE NORMAL PERIOD 1981 TO 2010
CLIMATE RECORD PERIOD 1892 TO 2014


WEATHER ITEM   OBSERVED TIME   RECORD YEAR NORMAL DEPARTURE LAST
                VALUE   (LST)  VALUE       VALUE  FROM      YEAR
                                                  NORMAL
..................................................................
TEMPERATURE (F)
 TODAY
  MAXIMUM         96    509 PM 106    2009  84     12       82
  MINIMUM         52    459 AM  43    2013  52      0       43
  AVERAGE         74                        68      6       63

PRECIPITATION (IN)
  TODAY            0.00          0.57 1975   0.02  -0.02     0.00
  MONTH TO DATE    0.33                      0.51  -0.18     0.00
  SINCE OCT 1     26.96                     44.17 -17.21    29.01
  SINCE JAN 1     22.77                     25.37  -2.60     9.67

SNOWFALL (IN)
  TODAY            0.0
  MONTH TO DATE    0.0
  SINCE JUN 1      0.0
  SINCE JUL 1      0.0

DEGREE DAYS
 HEATING
  TODAY            0                         1     -1        2
  MONTH TO DATE    6                        37    -31        6
  SINCE JUN 1    113                       194    -81       98
  SINCE JUL 1      6                        37    -31        6

 COOLING
  TODAY            9                         4      5        0
  MONTH TO DATE  164                        85     79      140
  SINCE JUN 1    170                       104     66      188
  SINCE JAN 1    173                       109     64      193
..................................................................


WIND (MPH)
  HIGHEST WIND SPEED    16   HIGHEST WIND DIRECTION     N (350)
  HIGHEST GUST SPEED    22   HIGHEST GUST DIRECTION     N (360)
  AVERAGE WIND SPEED     6.1


SKY COVER
  POSSIBLE SUNSHINE  MM
  AVERAGE SKY COVER 0.1


WEATHER CONDITIONS
 THE FOLLOWING WEATHER WAS RECORDED TODAY.
  FOG


RELATIVE HUMIDITY (PERCENT)
 HIGHEST   100           500 AM
 LOWEST     20           500 PM
 AVERAGE    60

..........................................................


THE EUGENE OR CLIMATE NORMALS FOR TOMORROW
                         NORMAL    RECORD    YEAR
 MAXIMUM TEMPERATURE (F)   84       105      2009
 MINIMUM TEMPERATURE (F)   52        42      1956


SUNRISE AND SUNSET
JULY 28 2014..........SUNRISE   556 AM PDT   SUNSET   842 PM PDT
JULY 29 2014..........SUNRISE   558 AM PDT   SUNSET   840 PM PDT


-  INDICATES NEGATIVE NUMBERS.
R  INDICATES RECORD WAS SET OR TIED.
MM INDICATES DATA IS MISSING.
T  INDICATES TRACE AMOUNT.




$$
