000
CDUS46 KPQR 111143
CLIEUG


CLIMATE REPORT
NATIONAL WEATHER SERVICE PORTLAND OREGON
343 AM PST MON DEC 11 2017


...................................

...THE EUGENE OR CLIMATE SUMMARY FOR DECEMBER 10 2017...

CLIMATE NORMAL PERIOD 1981 TO 2010
CLIMATE RECORD PERIOD 1892 TO 2017


WEATHER ITEM   OBSERVED TIME   RECORD YEAR NORMAL DEPARTURE LAST
                VALUE   (LST)  VALUE       VALUE  FROM      YEAR
                                                  NORMAL
..................................................................
TEMPERATURE (F)
 YESTERDAY
  MAXIMUM         39    348 PM  64    1993  46     -7       50
  MINIMUM         21    318 AM  -7    1972  34    -13       41
  AVERAGE         30                        40    -10       46

PRECIPITATION (IN)
  YESTERDAY        0.00          3.07 1993   0.26  -0.26     0.33
  MONTH TO DATE    0.58                      2.82  -2.24     2.06
  SINCE OCT 1     12.12                     13.79  -1.67    16.55
  SINCE JAN 1     38.78                     41.09  -2.31    38.29

SNOWFALL (IN)
  YESTERDAY        0.0
  MONTH TO DATE    0.0
  SINCE DEC 1      0.0
  SINCE JUL 1      0.0

DEGREE DAYS
 HEATING
  YESTERDAY       35                        25     10       19
  MONTH TO DATE  290                       244     46      257
  SINCE DEC 1    290                       244     46      257
  SINCE JUL 1   1419                      1417      2     1090

 COOLING
  YESTERDAY        0                         0      0        0
  MONTH TO DATE    0                         0      0        0
  SINCE DEC 1      0                         0      0        0
  SINCE JAN 1    376                       239    137      325
..................................................................


WIND (MPH)
  HIGHEST WIND SPEED     8   HIGHEST WIND DIRECTION    NE (40)
  HIGHEST GUST SPEED     9   HIGHEST GUST DIRECTION    NE (40)
  AVERAGE WIND SPEED     1.5


SKY COVER
  POSSIBLE SUNSHINE  MM
  AVERAGE SKY COVER 0.7


WEATHER CONDITIONS
 THE FOLLOWING WEATHER WAS RECORDED YESTERDAY.
  FOG
  FOG W/VISIBILITY <= 1/4 MILE


RELATIVE HUMIDITY (PERCENT)
 HIGHEST   100          1200 AM
 LOWEST     76           200 PM
 AVERAGE    88

..........................................................


THE EUGENE OR CLIMATE NORMALS FOR TODAY
                         NORMAL    RECORD    YEAR
 MAXIMUM TEMPERATURE (F)   46        62      1955
 MINIMUM TEMPERATURE (F)   34        -5      1972


SUNRISE AND SUNSET
DECEMBER 11 2017......SUNRISE   738 AM PST   SUNSET   434 PM PST
DECEMBER 12 2017......SUNRISE   739 AM PST   SUNSET   435 PM PST


-  INDICATES NEGATIVE NUMBERS.
R  INDICATES RECORD WAS SET OR TIED.
MM INDICATES DATA IS MISSING.
T  INDICATES TRACE AMOUNT.




$$
