243
CDUS46 KPQR 111145
CLIEUG


CLIMATE REPORT
NATIONAL WEATHER SERVICE PORTLAND OREGON
344 AM PST THU FEB 11 2016


...................................

...THE EUGENE OR CLIMATE SUMMARY FOR FEBRUARY 10 2016...

CLIMATE NORMAL PERIOD 1981 TO 2010
CLIMATE RECORD PERIOD 1892 TO 2016


WEATHER ITEM   OBSERVED TIME   RECORD YEAR NORMAL DEPARTURE LAST
                VALUE   (LST)  VALUE       VALUE  FROM      YEAR
                                                  NORMAL
..................................................................
TEMPERATURE (F)
 YESTERDAY
  MAXIMUM         61    200 PM  69    1952  50     11       55
  MINIMUM         39    540 AM  15    1933  35      4       44
  AVERAGE         50                        42      8       50

PRECIPITATION (IN)
  YESTERDAY        0.00          3.87 1961   0.20  -0.20     0.03
  MONTH TO DATE    0.46                      1.96  -1.50     3.83
  SINCE OCT 1     26.62                     27.63  -1.01    23.26
  SINCE JAN 1      7.78                      8.83  -1.05     6.21

SNOWFALL (IN)
  YESTERDAY       MM
  MONTH TO DATE    0.0
  SINCE DEC 1      0.0
  SINCE JUL 1      0.0

DEGREE DAYS
 HEATING
  YESTERDAY       15                        23     -8       15
  MONTH TO DATE  189                       230    -41      139
  SINCE DEC 1   1510                      1767   -257     1427
  SINCE JUL 1   2491                      2940   -449     2239

 COOLING
  YESTERDAY        0                         0      0        0
  MONTH TO DATE    0                         0      0        0
  SINCE DEC 1      0                         0      0        0
  SINCE JAN 1      0                         0      0        0
..................................................................


WIND (MPH)
  HIGHEST WIND SPEED    14   HIGHEST WIND DIRECTION    SE (140)
  HIGHEST GUST SPEED    15   HIGHEST GUST DIRECTION    SE (140)
  AVERAGE WIND SPEED     4.2


SKY COVER
  POSSIBLE SUNSHINE  MM
  AVERAGE SKY COVER 0.6


WEATHER CONDITIONS
 THE FOLLOWING WEATHER WAS RECORDED YESTERDAY.
  FOG


RELATIVE HUMIDITY (PERCENT)
 HIGHEST   100           100 AM
 LOWEST     64           200 PM
 AVERAGE    82

..........................................................


THE EUGENE OR CLIMATE NORMALS FOR TODAY
                         NORMAL    RECORD    YEAR
 MAXIMUM TEMPERATURE (F)   51        63      1983
                                             1943
 MINIMUM TEMPERATURE (F)   35        16      1929


SUNRISE AND SUNSET
FEBRUARY 11 2016......SUNRISE   718 AM PST   SUNSET   536 PM PST
FEBRUARY 12 2016......SUNRISE   717 AM PST   SUNSET   538 PM PST


-  INDICATES NEGATIVE NUMBERS.
R  INDICATES RECORD WAS SET OR TIED.
MM INDICATES DATA IS MISSING.
T  INDICATES TRACE AMOUNT.




$$
