000
CDUS46 KPQR 031147
CLIEUG


CLIMATE REPORT
NATIONAL WEATHER SERVICE PORTLAND OREGON
446 AM PDT TUE MAY 3 2016


...................................

...THE EUGENE OR CLIMATE SUMMARY FOR MAY 2 2016...

CLIMATE NORMAL PERIOD 1981 TO 2010
CLIMATE RECORD PERIOD 1892 TO 2016


WEATHER ITEM   OBSERVED TIME   RECORD YEAR NORMAL DEPARTURE LAST
                VALUE   (LST)  VALUE       VALUE  FROM      YEAR
                                                  NORMAL
..................................................................
TEMPERATURE (F)
 YESTERDAY
  MAXIMUM         84    129 PM  87    1946  64     20       68
  MINIMUM         47    310 AM  31    2001  41      6       40
                                      1952
  AVERAGE         66                        53     13       54

PRECIPITATION (IN)
  YESTERDAY        T             0.86 1896   0.09  -0.09     0.00
  MONTH TO DATE    T                         0.18  -0.18     0.00
  SINCE OCT 1     37.47                     39.60  -2.13    28.24
  SINCE JAN 1     18.63                     20.80  -2.17    11.19

SNOWFALL (IN)
  YESTERDAY        0.0
  MONTH TO DATE    0.0
  SINCE MAR 1      0.0
  SINCE JUL 1      0.0

DEGREE DAYS
 HEATING
  YESTERDAY        0                        12    -12       11
  MONTH TO DATE    6                        24    -18       20
  SINCE MAR 1    786                      1039   -253      903
  SINCE JUL 1   3591                      4366   -775     3465

 COOLING
  YESTERDAY        1                         0      1        0
  MONTH TO DATE    1                         0      1        0
  SINCE MAR 1      1                         0      1        0
  SINCE JAN 1      1                         0      1        0
..................................................................


WIND (MPH)
  HIGHEST WIND SPEED    17   HIGHEST WIND DIRECTION    SW (240)
  HIGHEST GUST SPEED    20   HIGHEST GUST DIRECTION    SW (240)
  AVERAGE WIND SPEED     6.6


SKY COVER
  POSSIBLE SUNSHINE  MM
  AVERAGE SKY COVER 0.5


WEATHER CONDITIONS
 THE FOLLOWING WEATHER WAS RECORDED YESTERDAY.
  NO SIGNIFICANT WEATHER WAS OBSERVED.


RELATIVE HUMIDITY (PERCENT)
 HIGHEST    93           100 AM
 LOWEST     33           600 PM
 AVERAGE    63

..........................................................


THE EUGENE OR CLIMATE NORMALS FOR TODAY
                         NORMAL    RECORD    YEAR
 MAXIMUM TEMPERATURE (F)   64        83      1944
 MINIMUM TEMPERATURE (F)   42        31      1964


SUNRISE AND SUNSET
MAY  3 2016...........SUNRISE   601 AM PDT   SUNSET   820 PM PDT
MAY  4 2016...........SUNRISE   559 AM PDT   SUNSET   821 PM PDT


-  INDICATES NEGATIVE NUMBERS.
R  INDICATES RECORD WAS SET OR TIED.
MM INDICATES DATA IS MISSING.
T  INDICATES TRACE AMOUNT.




$$
