000
CDUS46 KPQR 211141
CLIEUG


CLIMATE REPORT
NATIONAL WEATHER SERVICE PORTLAND OREGON
340 AM PST SUN DEC 21 2014


...................................

...THE EUGENE OR CLIMATE SUMMARY FOR DECEMBER 20 2014...

CLIMATE NORMAL PERIOD 1981 TO 2010
CLIMATE RECORD PERIOD 1892 TO 2014


WEATHER ITEM   OBSERVED TIME   RECORD YEAR NORMAL DEPARTURE LAST
                VALUE   (LST)  VALUE       VALUE  FROM      YEAR
                                                  NORMAL
..................................................................
TEMPERATURE (F)
 YESTERDAY
  MAXIMUM         57   1159 PM  64    1994  45     12       46
  MINIMUM         48    317 AM   7    1914  33     15       32
  AVERAGE         53                        39     14       39

PRECIPITATION (IN)
  YESTERDAY        1.60          3.02 1955   0.24   1.36     0.07
  MONTH TO DATE    5.39                      5.30   0.09     1.44
  SINCE OCT 1     15.37                     16.27  -0.90     4.15
  SINCE JAN 1     39.62                     43.57  -3.95    21.15

SNOWFALL (IN)
  YESTERDAY       MM
  MONTH TO DATE    0.0
  SINCE DEC 1      0.0
  SINCE JUL 1      0.0

DEGREE DAYS
 HEATING
  YESTERDAY       12                        26    -14       26
  MONTH TO DATE  393                       501   -108      695
  SINCE DEC 1    393                       501   -108      695
  SINCE JUL 1   1205                      1674   -469     1871

 COOLING
  YESTERDAY        0                         0      0        0
  MONTH TO DATE    0                         0      0        0
  SINCE DEC 1      0                         0      0        0
  SINCE JAN 1    475                       239    236      411
..................................................................


WIND (MPH)
  HIGHEST WIND SPEED    23   HIGHEST WIND DIRECTION     S (190)
  HIGHEST GUST SPEED    28   HIGHEST GUST DIRECTION     S (180)
  AVERAGE WIND SPEED    14.9


SKY COVER
  POSSIBLE SUNSHINE  MM
  AVERAGE SKY COVER 1.0


WEATHER CONDITIONS
 THE FOLLOWING WEATHER WAS RECORDED YESTERDAY.
  RAIN
  LIGHT RAIN
  FOG


RELATIVE HUMIDITY (PERCENT)
 HIGHEST    93           700 AM
 LOWEST     83          1100 AM
 AVERAGE    88

..........................................................


THE EUGENE OR CLIMATE NORMALS FOR TODAY
                         NORMAL    RECORD    YEAR
 MAXIMUM TEMPERATURE (F)   45        62      1955
 MINIMUM TEMPERATURE (F)   33         6      1990


SUNRISE AND SUNSET
DECEMBER 21 2014......SUNRISE   745 AM PST   SUNSET   437 PM PST
DECEMBER 22 2014......SUNRISE   745 AM PST   SUNSET   438 PM PST


-  INDICATES NEGATIVE NUMBERS.
R  INDICATES RECORD WAS SET OR TIED.
MM INDICATES DATA IS MISSING.
T  INDICATES TRACE AMOUNT.




$$
