000
CDUS46 KPQR 051141
CLIEUG


CLIMATE REPORT
NATIONAL WEATHER SERVICE PORTLAND OREGON
440 AM PDT WED AUG 5 2015


...................................

...THE EUGENE OR CLIMATE SUMMARY FOR AUGUST 4 2015...

CLIMATE NORMAL PERIOD 1981 TO 2010
CLIMATE RECORD PERIOD 1892 TO 2015


WEATHER ITEM   OBSERVED TIME   RECORD YEAR NORMAL DEPARTURE LAST
                VALUE   (LST)  VALUE       VALUE  FROM      YEAR
                                                  NORMAL
..................................................................
TEMPERATURE (F)
 YESTERDAY
  MAXIMUM         86    442 PM 101    2012  84      2       91
  MINIMUM         53    355 AM  37    1914  52      1       61
  AVERAGE         70                        68      2       76

PRECIPITATION (IN)
  YESTERDAY        0.00          0.31 1943   0.01  -0.01     0.00
  MONTH TO DATE    T                         0.04  -0.04     0.01
  SINCE OCT 1     29.46                     44.24 -14.78    27.01
  SINCE JAN 1     12.41                     25.44 -13.03    22.82

SNOWFALL (IN)
  YESTERDAY        0.0
  MONTH TO DATE    0.0
  SINCE JUN 1      0.0
  SINCE JUL 1      0.0

DEGREE DAYS
 HEATING
  YESTERDAY        0                         1     -1        0
  MONTH TO DATE    0                         4     -4        0
  SINCE JUN 1     46                       197   -151      113
  SINCE JUL 1      5                        40    -35        6

 COOLING
  YESTERDAY        5                         4      1       11
  MONTH TO DATE   31                        16     15       39
  SINCE JUN 1    357                       128    229      238
  SINCE JAN 1    362                       133    229      241
..................................................................


WIND (MPH)
  HIGHEST WIND SPEED    17   HIGHEST WIND DIRECTION     N (350)
  HIGHEST GUST SPEED    28   HIGHEST GUST DIRECTION     N (350)
  AVERAGE WIND SPEED     6.1


SKY COVER
  POSSIBLE SUNSHINE  MM
  AVERAGE SKY COVER 0.2


WEATHER CONDITIONS
 THE FOLLOWING WEATHER WAS RECORDED YESTERDAY.
  HAZE


RELATIVE HUMIDITY (PERCENT)
 HIGHEST    86           500 AM
 LOWEST     24           100 PM
 AVERAGE    55

..........................................................


THE EUGENE OR CLIMATE NORMALS FOR TODAY
                         NORMAL    RECORD    YEAR
 MAXIMUM TEMPERATURE (F)   84        98      1945
                                             1932
 MINIMUM TEMPERATURE (F)   52        35      1914


SUNRISE AND SUNSET
AUGUST  5 2015........SUNRISE   605 AM PDT   SUNSET   832 PM PDT
AUGUST  6 2015........SUNRISE   606 AM PDT   SUNSET   831 PM PDT


-  INDICATES NEGATIVE NUMBERS.
R  INDICATES RECORD WAS SET OR TIED.
MM INDICATES DATA IS MISSING.
T  INDICATES TRACE AMOUNT.




$$
