000
CDUS46 KPQR 240223
CLIEUG


CLIMATE REPORT
NATIONAL WEATHER SERVICE PORTLAND OREGON
723 PM PDT SUN JUL 23 2017


...................................

...THE EUGENE OR CLIMATE SUMMARY FOR JULY 23 2017...
VALID TODAY AS OF 0700 PM LOCAL TIME.

CLIMATE NORMAL PERIOD 1981 TO 2010
CLIMATE RECORD PERIOD 1892 TO 2017


WEATHER ITEM   OBSERVED TIME   RECORD YEAR NORMAL DEPARTURE LAST
                VALUE   (LST)  VALUE       VALUE  FROM      YEAR
                                                  NORMAL
..................................................................
TEMPERATURE (F)
 TODAY
  MAXIMUM         89    314 PM 105    2006  84      5       81
  MINIMUM         59    435 AM  44    2008  52      7       49
  AVERAGE         74                        68      6       65

PRECIPITATION (IN)
  TODAY            0.00          0.21 2014   0.01  -0.01     0.00
  MONTH TO DATE    0.02                      0.44  -0.42     0.25
  SINCE OCT 1     45.06                     44.10   0.96    39.80
  SINCE JAN 1     25.47                     25.30   0.17    20.96

SNOWFALL (IN)
  TODAY            0.0
  MONTH TO DATE    0.0
  SINCE JUN 1      0.0
  SINCE JUL 1      0.0

DEGREE DAYS
 HEATING
  TODAY            0                         1     -1        0
  MONTH TO DATE    5                        32    -27       10
  SINCE JUN 1    130                       189    -59      110
  SINCE JUL 1      5                        32    -27       10

 COOLING
  TODAY            9                         4      5        0
  MONTH TO DATE   43                        65    -22       31
  SINCE JUN 1     74                        84    -10       96
  SINCE JAN 1     87                        89     -2       99
..................................................................


WIND (MPH)
  HIGHEST WIND SPEED    25   HIGHEST WIND DIRECTION     N (20)
  HIGHEST GUST SPEED    30   HIGHEST GUST DIRECTION     N (20)
  AVERAGE WIND SPEED    12.6


SKY COVER
  POSSIBLE SUNSHINE  MM
  AVERAGE SKY COVER 0.4


WEATHER CONDITIONS
 THE FOLLOWING WEATHER WAS RECORDED TODAY.
  NO SIGNIFICANT WEATHER WAS OBSERVED.


RELATIVE HUMIDITY (PERCENT)
 HIGHEST    97           400 AM
 LOWEST     34           400 PM
 AVERAGE    66

..........................................................


THE EUGENE OR CLIMATE NORMALS FOR TOMORROW
                         NORMAL    RECORD    YEAR
 MAXIMUM TEMPERATURE (F)   84       102      1928
 MINIMUM TEMPERATURE (F)   52        43      1973
                                             1917


SUNRISE AND SUNSET
JULY 23 2017..........SUNRISE   552 AM PDT   SUNSET   847 PM PDT
JULY 24 2017..........SUNRISE   553 AM PDT   SUNSET   846 PM PDT


-  INDICATES NEGATIVE NUMBERS.
R  INDICATES RECORD WAS SET OR TIED.
MM INDICATES DATA IS MISSING.
T  INDICATES TRACE AMOUNT.




$$
