000
CDUS46 KPQR 232323
CLIEUG


CLIMATE REPORT
NATIONAL WEATHER SERVICE PORTLAND OREGON
423 PM PDT SAT SEP 23 2017


...................................

...THE EUGENE OR CLIMATE SUMMARY FOR SEPTEMBER 23 2017...
VALID TODAY AS OF 0400 PM LOCAL TIME.

CLIMATE NORMAL PERIOD 1981 TO 2010
CLIMATE RECORD PERIOD 1892 TO 2017


WEATHER ITEM   OBSERVED TIME   RECORD YEAR NORMAL DEPARTURE LAST
                VALUE   (LST)  VALUE       VALUE  FROM      YEAR
                                                  NORMAL
..................................................................
TEMPERATURE (F)
 TODAY
  MAXIMUM         70    258 PM  96    1943  75     -5       62
  MINIMUM         43    210 AM  31    2000  46     -3       45
  AVERAGE         57                        60     -3       54

PRECIPITATION (IN)
  TODAY            0.00          0.99 1948   0.05  -0.05     0.01
  MONTH TO DATE    0.92                      0.91   0.01     0.78
  SINCE OCT 1     46.12                     45.72   0.40    40.58
  SINCE JAN 1     26.53                     26.92  -0.39    21.74

SNOWFALL (IN)
  TODAY            0.0
  MONTH TO DATE    0.0
  SINCE SEP 1      0.0
  SINCE JUL 1      0.0

DEGREE DAYS
 HEATING
  TODAY            8                         5      3       11
  MONTH TO DATE   79                        75      4       79
  SINCE SEP 1     79                        75      4       79
  SINCE JUL 1     95                       142    -47      102

 COOLING
  TODAY            0                         1     -1        0
  MONTH TO DATE   71                        30     41        6
  SINCE SEP 1     71                        30     41        6
  SINCE JAN 1    373                       238    135      319
..................................................................


WIND (MPH)
  HIGHEST WIND SPEED     8   HIGHEST WIND DIRECTION     E (70)
  HIGHEST GUST SPEED    14   HIGHEST GUST DIRECTION     W (260)
  AVERAGE WIND SPEED     3.7


SKY COVER
  POSSIBLE SUNSHINE  MM
  AVERAGE SKY COVER 0.6


WEATHER CONDITIONS
 THE FOLLOWING WEATHER WAS RECORDED TODAY.
  HAZE


RELATIVE HUMIDITY (PERCENT)
 HIGHEST   100          1200 AM
 LOWEST     44           300 PM
 AVERAGE    72

..........................................................


THE EUGENE OR CLIMATE NORMALS FOR TOMORROW
                         NORMAL    RECORD    YEAR
 MAXIMUM TEMPERATURE (F)   74        96      1974
 MINIMUM TEMPERATURE (F)   45        30      1926


SUNRISE AND SUNSET
SEPTEMBER 23 2017.....SUNRISE   702 AM PDT   SUNSET   708 PM PDT
SEPTEMBER 24 2017.....SUNRISE   703 AM PDT   SUNSET   706 PM PDT


-  INDICATES NEGATIVE NUMBERS.
R  INDICATES RECORD WAS SET OR TIED.
MM INDICATES DATA IS MISSING.
T  INDICATES TRACE AMOUNT.




$$
