000
CDUS46 KPQR 052322
CLIEUG


CLIMATE REPORT
NATIONAL WEATHER SERVICE PORTLAND OREGON
422 PM PDT SUN JUL 5 2015


...................................

...THE EUGENE OR CLIMATE SUMMARY FOR JULY 5 2015...
VALID TODAY AS OF 0400 PM LOCAL TIME.

CLIMATE NORMAL PERIOD 1981 TO 2010
CLIMATE RECORD PERIOD 1892 TO 2015


WEATHER ITEM   OBSERVED TIME   RECORD YEAR NORMAL DEPARTURE LAST
                VALUE   (LST)  VALUE       VALUE  FROM      YEAR
                                                  NORMAL
..................................................................
TEMPERATURE (F)
 TODAY
  MAXIMUM         93    125 PM  97    1960  80     13       89
  MINIMUM         59    514 AM  39    1986  51      8       52
  AVERAGE         76                        65     11       71

PRECIPITATION (IN)
  TODAY            0.00          0.38 1992   0.03  -0.03     0.00
  MONTH TO DATE    0.00                      0.12  -0.12     0.00
  SINCE OCT 1     29.41                     43.78 -14.37    26.63
  SINCE JAN 1     12.36                     24.98 -12.62    22.44

SNOWFALL (IN)
  TODAY            0.0
  MONTH TO DATE    0.0
  SINCE JUN 1      0.0
  SINCE JUL 1      0.0

DEGREE DAYS
 HEATING
  TODAY            0                         2     -2        0
  MONTH TO DATE    0                        11    -11        0
  SINCE JUN 1     41                       168   -127      107
  SINCE JUL 1      0                        11    -11        0

 COOLING
  TODAY           11                         2      9        6
  MONTH TO DATE   62                        10     52       22
  SINCE JUN 1    175                        29    146       28
  SINCE JAN 1    180                        34    146       31
..................................................................


WIND (MPH)
  HIGHEST WIND SPEED    20   HIGHEST WIND DIRECTION     W (260)
  HIGHEST GUST SPEED    25   HIGHEST GUST DIRECTION     W (270)
  AVERAGE WIND SPEED    10.0


SKY COVER
  POSSIBLE SUNSHINE  MM
  AVERAGE SKY COVER 0.4


WEATHER CONDITIONS
 THE FOLLOWING WEATHER WAS RECORDED TODAY.
  NO SIGNIFICANT WEATHER WAS OBSERVED.


RELATIVE HUMIDITY (PERCENT)
 HIGHEST    69           400 AM
 LOWEST     21           100 PM
 AVERAGE    45

..........................................................


THE EUGENE OR CLIMATE NORMALS FOR TOMORROW
                         NORMAL    RECORD    YEAR
 MAXIMUM TEMPERATURE (F)   80       100      1960
 MINIMUM TEMPERATURE (F)   51        39      1935


SUNRISE AND SUNSET
JULY  5 2015..........SUNRISE   536 AM PDT   SUNSET   859 PM PDT
JULY  6 2015..........SUNRISE   536 AM PDT   SUNSET   858 PM PDT


-  INDICATES NEGATIVE NUMBERS.
R  INDICATES RECORD WAS SET OR TIED.
MM INDICATES DATA IS MISSING.
T  INDICATES TRACE AMOUNT.




$$
