000
CDUS43 KPAH 302127
CLIEVV


CLIMATE REPORT
NATIONAL WEATHER SERVICE PADUCAH KY
426 PM CDT THU MAR 30 2017

...................................

...THE EVANSVILLE IN CLIMATE SUMMARY FOR MARCH 30 2017...
VALID TODAY AS OF 0400 PM LOCAL TIME.

CLIMATE NORMAL PERIOD 1981 TO 2010
CLIMATE RECORD PERIOD 1896 TO 2017

WEATHER ITEM   OBSERVED TIME   RECORD YEAR NORMAL DEPARTURE LAST
                VALUE   (LST)  VALUE       VALUE  FROM      YEAR
                                                  NORMAL
..................................................................
TEMPERATURE (F)
 TODAY
  MAXIMUM         79    244 PM  83    1986  62     17       74
  MINIMUM         60    250 AM  22    1964  39     21       42
  AVERAGE         70                        51     19       58

PRECIPITATION (IN)
  TODAY            0.00          2.65 1985   0.14  -0.14     0.46
  MONTH TO DATE    3.31                      4.09  -0.78     5.20
  SINCE MAR 1      3.31                      4.09  -0.78     5.20
  SINCE JAN 1      6.58                     10.36  -3.78    11.54

SNOWFALL (IN)
  TODAY            0.0                                       0.0
  MONTH TO DATE    1.0                                        T
  SINCE JUL 1      1.4                                      14.2
  SNOW DEPTH       0
..................................................................

WIND (MPH)
  HIGHEST WIND SPEED    26   HIGHEST WIND DIRECTION    SW (210)
  HIGHEST GUST SPEED    34   HIGHEST GUST DIRECTION    SW (210)
.................................................................

THE EVANSVILLE IN CLIMATE NORMALS FOR TOMORROW
                         NORMAL    RECORD    YEAR
 MAXIMUM TEMPERATURE (F)   62        84      1986
                                             1981
 MINIMUM TEMPERATURE (F)   40        19      1923

SUNRISE AND SUNSET
MARCH 30 2017.........SUNRISE   638 AM CDT   SUNSET   712 PM CDT
MARCH 31 2017.........SUNRISE   636 AM CDT   SUNSET   713 PM CDT

-  INDICATES NEGATIVE NUMBERS.
R  INDICATES RECORD WAS SET OR TIED.
MM INDICATES DATA IS MISSING.
T  INDICATES TRACE AMOUNT.

$$
