000
CDUS45 KSLC 300027
CLIEVW


CLIMATE REPORT
NATIONAL WEATHER SERVICE SALT LAKE CITY UT
626 PM MDT MON AUG 29 2016


...................................

...THE EVANSTON WY CLIMATE SUMMARY FOR AUGUST 29 2016...
VALID TODAY AS OF 0500 PM LOCAL TIME.

CLIMATE NORMAL PERIOD 1981 TO 2010
CLIMATE RECORD PERIOD 9999 TO 9999


WEATHER ITEM   OBSERVED TIME   RECORD YEAR NORMAL DEPARTURE LAST
                VALUE   (LST)  VALUE       VALUE  FROM      YEAR
                                                  NORMAL
..................................................................
TEMPERATURE (F)
 TODAY
  MAXIMUM         84        MM  MM      MM  75      9       86
  MINIMUM         52    400 AM  MM      MM  47      5       57
  AVERAGE         68                        61      7       72

PRECIPITATION (IN)
  TODAY            0.00         MM      MM   0.04  -0.04     0.00
  MONTH TO DATE    0.18                      0.90  -0.72     0.88
  SINCE OCT 1      4.86                     10.76  -5.90     9.79
  SINCE JAN 1      3.87                      7.97  -4.10     8.91

DEGREE DAYS
 HEATING
  TODAY            0                         4     -4        0
  MONTH TO DATE   34                        59    -25       33
  SINCE JUN 1    111                       325   -214      166
  SINCE JUL 1     59                        95    -36       92

 COOLING
  TODAY            3                         1      2        7
  MONTH TO DATE   71                        59     12       80
  SINCE JUN 1    277                       154    123      205
  SINCE JAN 1    277                       155    122      205
..................................................................


WIND (MPH)
  RESULTANT WIND SPEED   4   RESULTANT WIND DIRECTION  SE (130)
  HIGHEST WIND SPEED     8   HIGHEST WIND DIRECTION     S (160)
  HIGHEST GUST SPEED    17   HIGHEST GUST DIRECTION    SE (120)
  AVERAGE WIND SPEED     4.9


SKY COVER
  POSSIBLE SUNSHINE  MM
  AVERAGE SKY COVER 0.0


WEATHER CONDITIONS
 THE FOLLOWING WEATHER WAS RECORDED TODAY.
  NO SIGNIFICANT WEATHER WAS OBSERVED.


RELATIVE HUMIDITY (PERCENT)
 HIGHEST    38           300 AM
 LOWEST     10           300 PM
 AVERAGE    24

..........................................................


THE EVANSTON WY CLIMATE NORMALS FOR TOMORROW
                         NORMAL    RECORD    YEAR
 MAXIMUM TEMPERATURE (F)   75        MM        MM
 MINIMUM TEMPERATURE (F)   47        MM        MM


SUNRISE AND SUNSET
AUGUST 29 2016........SUNRISE   648 AM MDT   SUNSET   801 PM MDT
AUGUST 30 2016........SUNRISE   649 AM MDT   SUNSET   759 PM MDT


-  INDICATES NEGATIVE NUMBERS.
R  INDICATES RECORD WAS SET OR TIED.
MM INDICATES DATA IS MISSING.
T  INDICATES TRACE AMOUNT.




$$
