000
CDUS45 KSLC 311236
CLIEVW


CLIMATE REPORT
NATIONAL WEATHER SERVICE SALT LAKE CITY UT
635 AM MDT FRI OCT 31 2014


...................................

...THE EVANSTON WY CLIMATE SUMMARY FOR OCTOBER 30 2014...

CLIMATE NORMAL PERIOD 1981 TO 2010
CLIMATE RECORD PERIOD 9999 TO 9999


WEATHER ITEM   OBSERVED TIME   RECORD YEAR NORMAL DEPARTURE LAST
                VALUE   (LST)  VALUE       VALUE  FROM      YEAR
                                                  NORMAL
..................................................................
TEMPERATURE (F)
 YESTERDAY
  MAXIMUM         65    307 PM  MM      MM  48     17       33
  MINIMUM         36    710 AM  MM      MM  28      8       23
  AVERAGE         51                        38     13       28

PRECIPITATION (IN)
  YESTERDAY        0.00         MM      MM   0.04  -0.04     0.01
  MONTH TO DATE    0.11                      1.12  -1.01     0.95
  SINCE OCT 1      0.11                      1.12  -1.01     0.95
  SINCE JAN 1      9.24                     10.46  -1.22     5.01

DEGREE DAYS
 HEATING
  YESTERDAY       14                        27    -13       37
  MONTH TO DATE  477                       628   -151      671
  SINCE SEP 1    665                       922   -257      936
  SINCE JUL 1    785                      1025   -240      950

 COOLING
  YESTERDAY        0                         0      0        0
  MONTH TO DATE    0                         0      0        0
  SINCE SEP 1     13                         5      8       26
  SINCE JAN 1    219                       162     57      348
..................................................................


WIND (MPH)
  RESULTANT WIND SPEED   5   RESULTANT WIND DIRECTION   E (110)
  HIGHEST WIND SPEED    16   HIGHEST WIND DIRECTION     E (90)
  HIGHEST GUST SPEED    20   HIGHEST GUST DIRECTION     E (80)
  AVERAGE WIND SPEED     6.2


SKY COVER
  POSSIBLE SUNSHINE  MM
  AVERAGE SKY COVER 0.0


WEATHER CONDITIONS
 THE FOLLOWING WEATHER WAS RECORDED YESTERDAY.
  NO SIGNIFICANT WEATHER WAS OBSERVED.


RELATIVE HUMIDITY (PERCENT)
 HIGHEST    54           200 AM
 LOWEST     19           200 PM
 AVERAGE    37

..........................................................


THE EVANSTON WY CLIMATE NORMALS FOR TODAY
                         NORMAL    RECORD    YEAR
 MAXIMUM TEMPERATURE (F)   48        MM        MM
 MINIMUM TEMPERATURE (F)   27        MM        MM


SUNRISE AND SUNSET
OCTOBER 31 2014.......SUNRISE   754 AM MDT   SUNSET   621 PM MDT
NOVEMBER  1 2014......SUNRISE   756 AM MDT   SUNSET   619 PM MDT


-  INDICATES NEGATIVE NUMBERS.
R  INDICATES RECORD WAS SET OR TIED.
MM INDICATES DATA IS MISSING.
T  INDICATES TRACE AMOUNT.




$$
