000
CDUS45 KSLC 231230
CLIEVW


CLIMATE REPORT
NATIONAL WEATHER SERVICE SALT LAKE CITY UT
629 AM MDT SAT JUL 23 2016


...................................

...THE EVANSTON WY CLIMATE SUMMARY FOR JULY 22 2016...

CLIMATE NORMAL PERIOD 1981 TO 2010
CLIMATE RECORD PERIOD 9999 TO 9999


WEATHER ITEM   OBSERVED TIME   RECORD YEAR NORMAL DEPARTURE LAST
                VALUE   (LST)  VALUE       VALUE  FROM      YEAR
                                                  NORMAL
..................................................................
TEMPERATURE (F)
 YESTERDAY
  MAXIMUM         90    240 PM  MM      MM  82      8       76
  MINIMUM         61   1203 AM  MM      MM  54      7       48
  AVERAGE         76                        68      8       62

PRECIPITATION (IN)
  YESTERDAY        0.00         MM      MM   0.03  -0.03     0.01
  MONTH TO DATE    T                         0.64  -0.64     0.88
  SINCE OCT 1      4.68                      9.60  -4.92     8.91
  SINCE JAN 1      3.69                      6.81  -3.12     8.03

DEGREE DAYS
 HEATING
  YESTERDAY        0                         1     -1        3
  MONTH TO DATE   25                        34     -9       42
  SINCE JUN 1     77                       264   -187      116
  SINCE JUL 1     25                        34     -9       42

 COOLING
  YESTERDAY       11                         3      8        0
  MONTH TO DATE   81                        48     33       45
  SINCE JUN 1    139                        61     78      115
  SINCE JAN 1    139                        62     77      115
..................................................................


WIND (MPH)
  RESULTANT WIND SPEED  10   RESULTANT WIND DIRECTION  SW (240)
  HIGHEST WIND SPEED    40   HIGHEST WIND DIRECTION     W (250)
  HIGHEST GUST SPEED    51   HIGHEST GUST DIRECTION     W (250)
  AVERAGE WIND SPEED    12.1


SKY COVER
  POSSIBLE SUNSHINE  MM
  AVERAGE SKY COVER 0.1


WEATHER CONDITIONS
 THE FOLLOWING WEATHER WAS RECORDED YESTERDAY.
  NO SIGNIFICANT WEATHER WAS OBSERVED.


RELATIVE HUMIDITY (PERCENT)
 HIGHEST    44           200 AM
 LOWEST     15           300 PM
 AVERAGE    30

..........................................................


THE EVANSTON WY CLIMATE NORMALS FOR TODAY
                         NORMAL    RECORD    YEAR
 MAXIMUM TEMPERATURE (F)   82        MM        MM
 MINIMUM TEMPERATURE (F)   54        MM        MM


SUNRISE AND SUNSET
JULY 23 2016..........SUNRISE   611 AM MDT   SUNSET   849 PM MDT
JULY 24 2016..........SUNRISE   612 AM MDT   SUNSET   848 PM MDT


-  INDICATES NEGATIVE NUMBERS.
R  INDICATES RECORD WAS SET OR TIED.
MM INDICATES DATA IS MISSING.
T  INDICATES TRACE AMOUNT.




$$
