000
CDUS45 KSLC 271230
CLIEVW


CLIMATE REPORT
NATIONAL WEATHER SERVICE SALT LAKE CITY UT
630 AM MDT THU AUG 27 2015


...................................

...THE EVANSTON WY CLIMATE SUMMARY FOR AUGUST 26 2015...

CLIMATE NORMAL PERIOD 1981 TO 2010
CLIMATE RECORD PERIOD 9999 TO 9999


WEATHER ITEM   OBSERVED TIME   RECORD YEAR NORMAL DEPARTURE LAST
                VALUE   (LST)  VALUE       VALUE  FROM      YEAR
                                                  NORMAL
..................................................................
TEMPERATURE (F)
 YESTERDAY
  MAXIMUM         67   1227 AM  MM      MM  76     -9       69
  MINIMUM         56   1159 PM  MM      MM  48      8       47
  AVERAGE         62                        62      0       58

PRECIPITATION (IN)
  YESTERDAY        0.19         MM      MM   0.03   0.16     0.11
  MONTH TO DATE    0.88                      0.80   0.08     1.97
  SINCE OCT 1      9.79                     10.66  -0.87     6.53
  SINCE JAN 1      8.91                      7.87   1.04     5.33

DEGREE DAYS
 HEATING
  YESTERDAY        3                         4     -1        7
  MONTH TO DATE   33                        47    -14       71
  SINCE JUN 1    166                       313   -147      313
  SINCE JUL 1     92                        83      9       90

 COOLING
  YESTERDAY        0                         1     -1        0
  MONTH TO DATE   70                        56     14       39
  SINCE JUN 1    195                       151     44      201
  SINCE JAN 1    195                       152     43      206
..................................................................


WIND (MPH)
  RESULTANT WIND SPEED   2   RESULTANT WIND DIRECTION   W (280)
  HIGHEST WIND SPEED    18   HIGHEST WIND DIRECTION    SW (220)
  HIGHEST GUST SPEED    23   HIGHEST GUST DIRECTION    SW (220)
  AVERAGE WIND SPEED     7.4


SKY COVER
  POSSIBLE SUNSHINE  MM
  AVERAGE SKY COVER 0.9


WEATHER CONDITIONS
 THE FOLLOWING WEATHER WAS RECORDED YESTERDAY.
  RAIN
  LIGHT RAIN
  FOG


RELATIVE HUMIDITY (PERCENT)
 HIGHEST   100          1100 PM
 LOWEST     37          1200 AM
 AVERAGE    69

..........................................................


THE EVANSTON WY CLIMATE NORMALS FOR TODAY
                         NORMAL    RECORD    YEAR
 MAXIMUM TEMPERATURE (F)   76        MM        MM
 MINIMUM TEMPERATURE (F)   48        MM        MM


SUNRISE AND SUNSET
AUGUST 27 2015........SUNRISE   645 AM MDT   SUNSET   805 PM MDT
AUGUST 28 2015........SUNRISE   646 AM MDT   SUNSET   804 PM MDT


-  INDICATES NEGATIVE NUMBERS.
R  INDICATES RECORD WAS SET OR TIED.
MM INDICATES DATA IS MISSING.
T  INDICATES TRACE AMOUNT.




$$
