000
CDUS45 KSLC 111229
CLIEVW


CLIMATE REPORT
NATIONAL WEATHER SERVICE SALT LAKE CITY UT
526 AM MST THU FEB 11 2016


...................................

...THE EVANSTON WY CLIMATE SUMMARY FOR FEBRUARY 10 2016...

CLIMATE NORMAL PERIOD 1981 TO 2010
CLIMATE RECORD PERIOD 9999 TO 9999


WEATHER ITEM   OBSERVED TIME   RECORD YEAR NORMAL DEPARTURE LAST
                VALUE   (LST)  VALUE       VALUE  FROM      YEAR
                                                  NORMAL
..................................................................
TEMPERATURE (F)
 YESTERDAY
  MAXIMUM         39    404 PM  MM      MM  30      9       37
  MINIMUM         23    809 AM  MM      MM  14      9       28
  AVERAGE         31                        22      9       33

PRECIPITATION (IN)
  YESTERDAY        0.00         MM      MM   0.02  -0.02     0.04
  MONTH TO DATE    0.01                      0.19  -0.18     0.25
  SINCE OCT 1      1.30                      3.52  -2.22     1.77
  SINCE JAN 1      0.31                      0.73  -0.42     0.89

DEGREE DAYS
 HEATING
  YESTERDAY       34                        43     -9       32
  MONTH TO DATE  454                       432     22      257
  SINCE DEC 1   3213                      3152     61     2548
  SINCE JUL 1   4902                      5261   -359     4344

 COOLING
  YESTERDAY        0                         0      0        0
  MONTH TO DATE    0                         0      0        0
  SINCE DEC 1      0                         0      0        0
  SINCE JAN 1      0                         0      0        0
..................................................................


WIND (MPH)
  RESULTANT WIND SPEED   8   RESULTANT WIND DIRECTION  SW (210)
  HIGHEST WIND SPEED    15   HIGHEST WIND DIRECTION     W (250)
  HIGHEST GUST SPEED    17   HIGHEST GUST DIRECTION    SW (230)
  AVERAGE WIND SPEED     8.9


SKY COVER
  POSSIBLE SUNSHINE  MM
  AVERAGE SKY COVER 0.0


WEATHER CONDITIONS
 THE FOLLOWING WEATHER WAS RECORDED YESTERDAY.
  NO SIGNIFICANT WEATHER WAS OBSERVED.


RELATIVE HUMIDITY (PERCENT)
 HIGHEST    75           100 AM
 LOWEST     43           800 PM
 AVERAGE    59

..........................................................


THE EVANSTON WY CLIMATE NORMALS FOR TODAY
                         NORMAL    RECORD    YEAR
 MAXIMUM TEMPERATURE (F)   30        MM        MM
 MINIMUM TEMPERATURE (F)   14        MM        MM


SUNRISE AND SUNSET
FEBRUARY 11 2016......SUNRISE   725 AM MST   SUNSET   553 PM MST
FEBRUARY 12 2016......SUNRISE   723 AM MST   SUNSET   554 PM MST


-  INDICATES NEGATIVE NUMBERS.
R  INDICATES RECORD WAS SET OR TIED.
MM INDICATES DATA IS MISSING.
T  INDICATES TRACE AMOUNT.




$$
