000
CDUS45 KSLC 061231
CLIEVW


CLIMATE REPORT
NATIONAL WEATHER SERVICE SALT LAKE CITY UT
631 AM MDT FRI MAY 6 2016


...................................

...THE EVANSTON WY CLIMATE SUMMARY FOR MAY 5 2016...

CLIMATE NORMAL PERIOD 1981 TO 2010
CLIMATE RECORD PERIOD 9999 TO 9999


WEATHER ITEM   OBSERVED TIME   RECORD YEAR NORMAL DEPARTURE LAST
                VALUE   (LST)  VALUE       VALUE  FROM      YEAR
                                                  NORMAL
..................................................................
TEMPERATURE (F)
 YESTERDAY
  MAXIMUM         75    104 PM  MM      MM  57     18       59
  MINIMUM         50    439 AM  MM      MM  34     16       40
  AVERAGE         63                        45     18       50

PRECIPITATION (IN)
  YESTERDAY        T            MM      MM   0.06  -0.06     0.25
  MONTH TO DATE    T                         0.29  -0.29     0.46
  SINCE OCT 1      2.32                      6.24  -3.92     3.36
  SINCE JAN 1      1.33                      3.45  -2.12     2.48

DEGREE DAYS
 HEATING
  YESTERDAY        2                        20    -18       15
  MONTH TO DATE   73                       102    -29       56
  SINCE MAR 1   1648                      1931   -283     1509
  SINCE JUL 1   7175                      7939   -764     6481

 COOLING
  YESTERDAY        0                         0      0        0
  MONTH TO DATE    0                         0      0        0
  SINCE MAR 1      0                         0      0        0
  SINCE JAN 1      0                         0      0        0
..................................................................


WIND (MPH)
  RESULTANT WIND SPEED   8   RESULTANT WIND DIRECTION  SE (150)
  HIGHEST WIND SPEED    40   HIGHEST WIND DIRECTION     S (180)
  HIGHEST GUST SPEED    53   HIGHEST GUST DIRECTION     S (180)
  AVERAGE WIND SPEED     9.3


SKY COVER
  POSSIBLE SUNSHINE  MM
  AVERAGE SKY COVER 0.3


WEATHER CONDITIONS
 THE FOLLOWING WEATHER WAS RECORDED YESTERDAY.
  NO SIGNIFICANT WEATHER WAS OBSERVED.


RELATIVE HUMIDITY (PERCENT)
 HIGHEST    47          1100 PM
 LOWEST     14           100 PM
 AVERAGE    31

..........................................................


THE EVANSTON WY CLIMATE NORMALS FOR TODAY
                         NORMAL    RECORD    YEAR
 MAXIMUM TEMPERATURE (F)   57        MM        MM
 MINIMUM TEMPERATURE (F)   34        MM        MM


SUNRISE AND SUNSET
MAY  6 2016...........SUNRISE   615 AM MDT   SUNSET   827 PM MDT
MAY  7 2016...........SUNRISE   614 AM MDT   SUNSET   828 PM MDT


-  INDICATES NEGATIVE NUMBERS.
R  INDICATES RECORD WAS SET OR TIED.
MM INDICATES DATA IS MISSING.
T  INDICATES TRACE AMOUNT.




$$
