000
CDUS45 KSLC 270036
CLIEVW


CLIMATE REPORT
NATIONAL WEATHER SERVICE SALT LAKE CITY UT
636 PM MDT THU MAR 26 2015


...................................

...THE EVANSTON WY CLIMATE SUMMARY FOR MARCH 26 2015...
VALID TODAY AS OF 0500 PM LOCAL TIME.

CLIMATE NORMAL PERIOD 1981 TO 2010
CLIMATE RECORD PERIOD 9999 TO 9999


WEATHER ITEM   OBSERVED TIME   RECORD YEAR NORMAL DEPARTURE LAST
                VALUE   (LST)  VALUE       VALUE  FROM      YEAR
                                                  NORMAL
..................................................................
TEMPERATURE (F)
 TODAY
  MAXIMUM         57    300 PM  MM      MM  43     14       44
  MINIMUM         25    400 AM  MM      MM  25      0       29
  AVERAGE         41                        34      7       37

PRECIPITATION (IN)
  TODAY            0.00         MM      MM   0.04  -0.04     0.01
  MONTH TO DATE    0.44                      0.66  -0.22     0.08
  SINCE OCT 1      2.33                      4.60  -2.27     1.31
  SINCE JAN 1      1.45                      1.81  -0.36     0.11

DEGREE DAYS
 HEATING
  TODAY           24                        31     -7       28
  MONTH TO DATE  691                       908   -217      795
  SINCE MAR 1    691                       908   -217      795
  SINCE JUL 1   5663                      6916  -1253     6445

 COOLING
  TODAY            0                         0      0        0
  MONTH TO DATE    0                         0      0        0
  SINCE MAR 1      0                         0      0        0
  SINCE JAN 1      0                         0      0        0
..................................................................


WIND (MPH)
  RESULTANT WIND SPEED   7   RESULTANT WIND DIRECTION   W (250)
  HIGHEST WIND SPEED    15   HIGHEST WIND DIRECTION     W (250)
  HIGHEST GUST SPEED    25   HIGHEST GUST DIRECTION     W (250)
  AVERAGE WIND SPEED     9.1


SKY COVER
  POSSIBLE SUNSHINE  MM
  AVERAGE SKY COVER 0.0


WEATHER CONDITIONS
 THE FOLLOWING WEATHER WAS RECORDED TODAY.
  NO SIGNIFICANT WEATHER WAS OBSERVED.


RELATIVE HUMIDITY (PERCENT)
 HIGHEST    75           500 AM
 LOWEST     32           200 PM
 AVERAGE    54

..........................................................


THE EVANSTON WY CLIMATE NORMALS FOR TOMORROW
                         NORMAL    RECORD    YEAR
 MAXIMUM TEMPERATURE (F)   43        MM        MM
 MINIMUM TEMPERATURE (F)   25        MM        MM


SUNRISE AND SUNSET
MARCH 26 2015.........SUNRISE   718 AM MDT   SUNSET   743 PM MDT
MARCH 27 2015.........SUNRISE   716 AM MDT   SUNSET   744 PM MDT


-  INDICATES NEGATIVE NUMBERS.
R  INDICATES RECORD WAS SET OR TIED.
MM INDICATES DATA IS MISSING.
T  INDICATES TRACE AMOUNT.




$$
