000
CDUS45 KSLC 301216
CLIEVW


CLIMATE REPORT
NATIONAL WEATHER SERVICE SALT LAKE CITY UT
516 AM MST FRI JAN 30 2015


...................................

...THE EVANSTON WY CLIMATE SUMMARY FOR JANUARY 29 2015...

CLIMATE NORMAL PERIOD 1981 TO 2010
CLIMATE RECORD PERIOD 9999 TO 9999


WEATHER ITEM   OBSERVED TIME   RECORD YEAR NORMAL DEPARTURE LAST
                VALUE   (LST)  VALUE       VALUE  FROM      YEAR
                                                  NORMAL
..................................................................
TEMPERATURE (F)
 YESTERDAY
  MAXIMUM         36    116 PM  MM      MM  29      7       36
  MINIMUM         24    830 AM  MM      MM  14     10       21
  AVERAGE         30                        22      8       29

PRECIPITATION (IN)
  YESTERDAY        0.00         MM      MM   0.01  -0.01     0.02
  MONTH TO DATE    0.60                      0.50   0.10     0.03
  SINCE OCT 1      1.48                      3.29  -1.81     1.23
  SINCE JAN 1      0.60                      0.50   0.10     0.03

DEGREE DAYS
 HEATING
  YESTERDAY       35                        44     -9       36
  MONTH TO DATE 1071                      1258   -187     1180
  SINCE DEC 1   2226                      2628   -402     2597
  SINCE JUL 1   4022                      4737   -715     4492

 COOLING
  YESTERDAY        0                         0      0        0
  MONTH TO DATE    0                         0      0        0
  SINCE DEC 1      0                         0      0        0
  SINCE JAN 1      0                         0      0        0
..................................................................


WIND (MPH)
  RESULTANT WIND SPEED   5   RESULTANT WIND DIRECTION  NE (50)
  HIGHEST WIND SPEED    15   HIGHEST WIND DIRECTION     E (80)
  HIGHEST GUST SPEED    17   HIGHEST GUST DIRECTION     E (80)
  AVERAGE WIND SPEED     5.6


SKY COVER
  POSSIBLE SUNSHINE  MM
  AVERAGE SKY COVER 0.7


WEATHER CONDITIONS
 THE FOLLOWING WEATHER WAS RECORDED YESTERDAY.
  FOG
  FOG W/VISIBILITY <= 1/4 MILE
  HAZE


RELATIVE HUMIDITY (PERCENT)
 HIGHEST    92           100 AM
 LOWEST     78          1200 PM
 AVERAGE    85

..........................................................


THE EVANSTON WY CLIMATE NORMALS FOR TODAY
                         NORMAL    RECORD    YEAR
 MAXIMUM TEMPERATURE (F)   29        MM        MM
 MINIMUM TEMPERATURE (F)   14        MM        MM


SUNRISE AND SUNSET
JANUARY 30 2015.......SUNRISE   737 AM MST   SUNSET   538 PM MST
JANUARY 31 2015.......SUNRISE   736 AM MST   SUNSET   539 PM MST


-  INDICATES NEGATIVE NUMBERS.
R  INDICATES RECORD WAS SET OR TIED.
MM INDICATES DATA IS MISSING.
T  INDICATES TRACE AMOUNT.




$$
