000
CDUS45 KSLC 220120
CLIEVW


CLIMATE REPORT
NATIONAL WEATHER SERVICE SALT LAKE CITY UT
719 PM MDT SAT OCT 21 2017


...................................

...THE EVANSTON WY CLIMATE SUMMARY FOR OCTOBER 21 2017...
VALID TODAY AS OF 0500 PM LOCAL TIME.

CLIMATE NORMAL PERIOD 1981 TO 2010
CLIMATE RECORD PERIOD 9999 TO 9999


WEATHER ITEM   OBSERVED TIME   RECORD YEAR NORMAL DEPARTURE LAST
                VALUE   (LST)  VALUE       VALUE  FROM      YEAR
                                                  NORMAL
..................................................................
TEMPERATURE (F)
 TODAY
  MAXIMUM         42    500 PM  MM      MM  53    -11       66
  MINIMUM         22    500 AM  MM      MM  31     -9       36
  AVERAGE         32                        42    -10       51

PRECIPITATION (IN)
  TODAY            0.00         MM      MM   0.04  -0.04     0.00
  MONTH TO DATE    T                         0.76  -0.76     1.02
  SINCE OCT 1      T                         0.76  -0.76     1.02
  SINCE JAN 1      5.36                     10.10  -4.74     6.74

DEGREE DAYS
 HEATING
  TODAY           33                        23     10       14
  MONTH TO DATE  454                       401     53      389
  SINCE SEP 1    780                       695     85      640
  SINCE JUL 1    804                       798      6      699

 COOLING
  TODAY            0                         0      0        0
  MONTH TO DATE    0                         0      0        0
  SINCE SEP 1     37                         5     32        7
  SINCE JAN 1    333                       162    171      293
..................................................................


WIND (MPH)
  RESULTANT WIND SPEED  14   RESULTANT WIND DIRECTION   W (250)
  HIGHEST WIND SPEED    23   HIGHEST WIND DIRECTION     W (260)
  HIGHEST GUST SPEED    30   HIGHEST GUST DIRECTION     W (260)
  AVERAGE WIND SPEED    14.1


SKY COVER
  POSSIBLE SUNSHINE  MM
  AVERAGE SKY COVER 0.3


WEATHER CONDITIONS
 THE FOLLOWING WEATHER WAS RECORDED TODAY.
  NO SIGNIFICANT WEATHER WAS OBSERVED.


RELATIVE HUMIDITY (PERCENT)
 HIGHEST    88           600 AM
 LOWEST     34           200 PM
 AVERAGE    61

..........................................................


THE EVANSTON WY CLIMATE NORMALS FOR TOMORROW
                         NORMAL    RECORD    YEAR
 MAXIMUM TEMPERATURE (F)   53        MM        MM
 MINIMUM TEMPERATURE (F)   30        MM        MM


SUNRISE AND SUNSET
OCTOBER 21 2017.......SUNRISE   743 AM MDT   SUNSET   634 PM MDT
OCTOBER 22 2017.......SUNRISE   744 AM MDT   SUNSET   632 PM MDT


-  INDICATES NEGATIVE NUMBERS.
R  INDICATES RECORD WAS SET OR TIED.
MM INDICATES DATA IS MISSING.
T  INDICATES TRACE AMOUNT.




$$
