000
CDUS42 KMHX 250525
CLIEWN


CLIMATE REPORT
NATIONAL WEATHER SERVICE NEWPORT/MOREHEAD CITY NC
125 AM EDT MON MAY 25 2015


...................................

...THE NEW BERN NC CLIMATE SUMMARY FOR MAY 24 2015...

CLIMATE NORMAL PERIOD 1981 TO 2010
CLIMATE RECORD PERIOD 1948 TO 2015


WEATHER ITEM   OBSERVED TIME   RECORD YEAR NORMAL DEPARTURE LAST
                VALUE   (LST)  VALUE       VALUE  FROM      YEAR
                                                  NORMAL
..................................................................
TEMPERATURE (F)
 YESTERDAY
  MAXIMUM         83    111 PM  96    2011  82      1       81
  MINIMUM         56    518 AM  48    2002  61     -5       62
                                      1963
  AVERAGE         70                        72     -2       72

PRECIPITATION (IN)
  YESTERDAY        0.00          3.17 1977   0.14  -0.14     0.00
  MONTH TO DATE    2.83                      3.12  -0.29     1.79
  SINCE MAR 1      8.45                     10.68  -2.23    11.22
  SINCE JAN 1     16.82                     18.36  -1.54    17.75

SNOWFALL (IN)
  YESTERDAY        0.0
  MONTH TO DATE    0.0
  SINCE NOV 1      3.0
  SINCE JUL 1      3.0
  SNOW DEPTH       0

DEGREE DAYS
 HEATING
  YESTERDAY        0                         0      0        0
  MONTH TO DATE   19                        32    -13        5
  SINCE MAR 1    476                       553    -77      563
  SINCE JUL 1   2719                      2699     20     2637

 COOLING
  YESTERDAY        5                         7     -2        7
  MONTH TO DATE  140                       117     23      204
  SINCE MAR 1    228                       184     44      284
  SINCE JAN 1    235                       187     48      289
..................................................................


WIND (MPH)
  HIGHEST WIND SPEED    13   HIGHEST WIND DIRECTION     S (180)
  HIGHEST GUST SPEED    18   HIGHEST GUST DIRECTION    SE (150)
  AVERAGE WIND SPEED     3.5


SKY COVER
  POSSIBLE SUNSHINE  MM
  AVERAGE SKY COVER 0.0


WEATHER CONDITIONS
 THE FOLLOWING WEATHER WAS RECORDED YESTERDAY.
  NO SIGNIFICANT WEATHER WAS OBSERVED.


RELATIVE HUMIDITY (PERCENT)
 HIGHEST    93           200 AM
 LOWEST     36           100 PM
 AVERAGE    65

..........................................................


THE NEW BERN NC CLIMATE NORMALS FOR TODAY
                         NORMAL    RECORD    YEAR
 MAXIMUM TEMPERATURE (F)   82        97      2011
 MINIMUM TEMPERATURE (F)   62        46      1967


SUNRISE AND SUNSET
MAY 25 2015...........SUNRISE   558 AM EDT   SUNSET   812 PM EDT
MAY 26 2015...........SUNRISE   558 AM EDT   SUNSET   813 PM EDT


-  INDICATES NEGATIVE NUMBERS.
R  INDICATES RECORD WAS SET OR TIED.
MM INDICATES DATA IS MISSING.
T  INDICATES TRACE AMOUNT.




$$
