141
CDUS42 KMHX 242226
CLIEWN


CLIMATE REPORT
NATIONAL WEATHER SERVICE NEWPORT/MOREHEAD CITY NC
525 PM EST FRI NOV 24 2017


...................................

...THE NEW BERN NC CLIMATE SUMMARY FOR NOVEMBER 24 2017...
VALID TODAY AS OF 0500 PM LOCAL TIME.

CLIMATE NORMAL PERIOD 1981 TO 2010
CLIMATE RECORD PERIOD 1948 TO 2017


WEATHER ITEM   OBSERVED TIME   RECORD YEAR NORMAL DEPARTURE LAST
                VALUE   (LST)  VALUE       VALUE  FROM      YEAR
                                                  NORMAL
..................................................................
TEMPERATURE (F)
 TODAY
  MAXIMUM         56    317 PM  78    1983  64     -8       75
  MINIMUM         36    701 AM  24    2008  42     -6       40
                                      1970
  AVERAGE         46                        53     -7       58

PRECIPITATION (IN)
  TODAY            0.00          1.52 1983   0.12  -0.12      T
  MONTH TO DATE    0.42                      2.70  -2.28     0.61
  SINCE SEP 1      8.40                     11.85  -3.45    18.31
  SINCE JAN 1     47.04                     48.65  -1.61    61.68

SNOWFALL (IN)
  TODAY            0.0
  MONTH TO DATE    0.0
  SINCE NOV 1      0.0
  SINCE JUL 1      0.0
  SNOW DEPTH       0

DEGREE DAYS
 HEATING
  TODAY           19                        13      6        7
  MONTH TO DATE  277                       229     48      276
  SINCE SEP 1    355                       346      9      334
  SINCE JUL 1    355                       346      9      334

 COOLING
  TODAY            0                         0      0        0
  MONTH TO DATE    6                        14     -8        6
  SINCE SEP 1    467                       370     97      500
  SINCE JAN 1   2150                      1899    251     2255
..................................................................


WIND (MPH)
  HIGHEST WIND SPEED    13   HIGHEST WIND DIRECTION     N (10)
  HIGHEST GUST SPEED    16   HIGHEST GUST DIRECTION     N (10)
  AVERAGE WIND SPEED     7.5


SKY COVER
  POSSIBLE SUNSHINE  MM
  AVERAGE SKY COVER 0.1


WEATHER CONDITIONS
 THE FOLLOWING WEATHER WAS RECORDED TODAY.
  NO SIGNIFICANT WEATHER WAS OBSERVED.


RELATIVE HUMIDITY (PERCENT)
 HIGHEST    92           200 AM
 LOWEST     61           300 PM
 AVERAGE    77

..........................................................


THE NEW BERN NC CLIMATE NORMALS FOR TOMORROW
                         NORMAL    RECORD    YEAR
 MAXIMUM TEMPERATURE (F)   64        83      1973
 MINIMUM TEMPERATURE (F)   41        22      1950


SUNRISE AND SUNSET
NOVEMBER 24 2017......SUNRISE   652 AM EST   SUNSET   458 PM EST
NOVEMBER 25 2017......SUNRISE   653 AM EST   SUNSET   458 PM EST


-  INDICATES NEGATIVE NUMBERS.
R  INDICATES RECORD WAS SET OR TIED.
MM INDICATES DATA IS MISSING.
T  INDICATES TRACE AMOUNT.




$$
