000
CDUS42 KMHX 012130
CLIEWN


CLIMATE REPORT
NATIONAL WEATHER SERVICE NEWPORT/MOREHEAD CITY NC
530 PM EDT MON SEP 1 2014


...................................

...THE NEW BERN NC CLIMATE SUMMARY FOR SEPTEMBER 1 2014...
VALID TODAY AS OF 0500 PM LOCAL TIME.

CLIMATE NORMAL PERIOD 1981 TO 2010
CLIMATE RECORD PERIOD 1948 TO 2014


WEATHER ITEM   OBSERVED TIME   RECORD YEAR NORMAL DEPARTURE LAST
                VALUE   (LST)  VALUE       VALUE  FROM      YEAR
                                                  NORMAL
..................................................................
TEMPERATURE (F)
 TODAY
  MAXIMUM         95    317 PM  98    1993  86      9       93
  MINIMUM         76    604 AM  58    1976  69      7       75
  AVERAGE         86                        77      9       84

PRECIPITATION (IN)
  TODAY            0.00          2.45 1949   0.23  -0.23     0.01
  MONTH TO DATE    0.00                      0.23  -0.23     0.01
  SINCE SEP 1      0.00                      0.23  -0.23     0.01
  SINCE JAN 1     37.01                     37.03  -0.02    29.38

SNOWFALL (IN)
  TODAY            0.0
  MONTH TO DATE    0.0
  SINCE NOV 1     14.0
  SINCE JUL 1      0.0
  SNOW DEPTH       0

DEGREE DAYS
 HEATING
  TODAY            0                         0      0        0
  MONTH TO DATE    0                         0      0        0
  SINCE SEP 1      0                         0      0        0
  SINCE JUL 1      0                         0      0        0

 COOLING
  TODAY           21                        12      9       19
  MONTH TO DATE   21                        12      9       19
  SINCE SEP 1     21                        12      9       19
  SINCE JAN 1   1732                      1541    191     1636
..................................................................


WIND (MPH)
  HIGHEST WIND SPEED    10   HIGHEST WIND DIRECTION     S (170)
  HIGHEST GUST SPEED    16   HIGHEST GUST DIRECTION     S (200)
  AVERAGE WIND SPEED     3.8


SKY COVER
  POSSIBLE SUNSHINE  MM
  AVERAGE SKY COVER 0.1


WEATHER CONDITIONS
 THE FOLLOWING WEATHER WAS RECORDED TODAY.
  LIGHT RAIN


RELATIVE HUMIDITY (PERCENT)
 HIGHEST    94           600 AM
 LOWEST     49           200 PM
 AVERAGE    72

..........................................................


THE NEW BERN NC CLIMATE NORMALS FOR TOMORROW
                         NORMAL    RECORD    YEAR
 MAXIMUM TEMPERATURE (F)   86        94      1993
 MINIMUM TEMPERATURE (F)   69        54      1967


SUNRISE AND SUNSET
SEPTEMBER  1 2014.....SUNRISE   641 AM EDT   SUNSET   735 PM EDT
SEPTEMBER  2 2014.....SUNRISE   642 AM EDT   SUNSET   734 PM EDT


-  INDICATES NEGATIVE NUMBERS.
R  INDICATES RECORD WAS SET OR TIED.
MM INDICATES DATA IS MISSING.
T  INDICATES TRACE AMOUNT.




$$
