000
CDUS42 KMHX 270525
CLIEWN


CLIMATE REPORT
NATIONAL WEATHER SERVICE NEWPORT/MOREHEAD CITY NC
125 AM EDT MON MAR 27 2017


...................................

...THE NEW BERN NC CLIMATE SUMMARY FOR MARCH 26 2017...

CLIMATE NORMAL PERIOD 1981 TO 2010
CLIMATE RECORD PERIOD 1948 TO 2017


WEATHER ITEM   OBSERVED TIME   RECORD YEAR NORMAL DEPARTURE LAST
                VALUE   (LST)  VALUE       VALUE  FROM      YEAR
                                                  NORMAL
..................................................................
TEMPERATURE (F)
 YESTERDAY
  MAXIMUM         77    258 PM  82    1959  68      9       66
  MINIMUM         48    647 AM  28    2014  45      3       58
                                      1983
  AVERAGE         63                        56      7       62

PRECIPITATION (IN)
  YESTERDAY        0.00          1.43 1978   0.14  -0.14     0.00
  MONTH TO DATE    3.19                      3.71  -0.52     2.51
  SINCE MAR 1      3.19                      3.71  -0.52     2.51
  SINCE JAN 1      9.41                     11.39  -1.98    13.53

SNOWFALL (IN)
  YESTERDAY        0.0
  MONTH TO DATE    0.0
  SINCE NOV 1      T
  SINCE JUL 1      T
  SNOW DEPTH       0

DEGREE DAYS
 HEATING
  YESTERDAY        2                         9     -7        3
  MONTH TO DATE  398                       327     71      196
  SINCE MAR 1    398                       327     71      196
  SINCE JUL 1   2138                      2473   -335     1884

 COOLING
  YESTERDAY        0                         0      0        0
  MONTH TO DATE    8                         0      8       45
  SINCE MAR 1      8                         0      8       45
  SINCE JAN 1     14                         3     11       45
..................................................................


WIND (MPH)
  HIGHEST WIND SPEED    17   HIGHEST WIND DIRECTION     S (170)
  HIGHEST GUST SPEED    26   HIGHEST GUST DIRECTION     S (200)
  AVERAGE WIND SPEED     4.2


SKY COVER
  POSSIBLE SUNSHINE  MM
  AVERAGE SKY COVER 0.3


WEATHER CONDITIONS
 THE FOLLOWING WEATHER WAS RECORDED YESTERDAY.
  FOG


RELATIVE HUMIDITY (PERCENT)
 HIGHEST   100          1200 AM
 LOWEST     43           100 PM
 AVERAGE    72

..........................................................


THE NEW BERN NC CLIMATE NORMALS FOR TODAY
                         NORMAL    RECORD    YEAR
 MAXIMUM TEMPERATURE (F)   68        84      2007
 MINIMUM TEMPERATURE (F)   45        24      2014


SUNRISE AND SUNSET
MARCH 27 2017.........SUNRISE   702 AM EDT   SUNSET   726 PM EDT
MARCH 28 2017.........SUNRISE   700 AM EDT   SUNSET   727 PM EDT


-  INDICATES NEGATIVE NUMBERS.
R  INDICATES RECORD WAS SET OR TIED.
MM INDICATES DATA IS MISSING.
T  INDICATES TRACE AMOUNT.




$$
