000
CDUS42 KMHX 300529
CLIEWN


CLIMATE REPORT
NATIONAL WEATHER SERVICE NEWPORT/MOREHEAD CITY NC
126 AM EDT SUN APR 30 2017


...................................

...THE NEW BERN NC CLIMATE SUMMARY FOR APRIL 29 2017...

CLIMATE NORMAL PERIOD 1981 TO 2010
CLIMATE RECORD PERIOD 1948 TO 2017


WEATHER ITEM   OBSERVED TIME   RECORD YEAR NORMAL DEPARTURE LAST
                VALUE   (LST)  VALUE       VALUE  FROM      YEAR
                                                  NORMAL
..................................................................
TEMPERATURE (F)
 YESTERDAY
  MAXIMUM         88    220 PM  90    1974  77     11       70
  MINIMUM         70   1159 PM  33    1967  54     16       57
  AVERAGE         79                        65     14       64

PRECIPITATION (IN)
  YESTERDAY        0.00          1.27 1990   0.10  -0.10     0.01
  MONTH TO DATE    4.37                      3.07   1.30     1.68
  SINCE MAR 1      8.40                      7.46   0.94     5.01
  SINCE JAN 1     14.62                     15.14  -0.52    16.03

SNOWFALL (IN)
  YESTERDAY        0.0
  MONTH TO DATE    0.0
  SINCE NOV 1      T
  SINCE JUL 1      T
  SNOW DEPTH       0

DEGREE DAYS
 HEATING
  YESTERDAY        0                         3     -3        1
  MONTH TO DATE   55                       150    -95      170
  SINCE MAR 1    466                       519    -53      387
  SINCE JUL 1   2206                      2665   -459     2075

 COOLING
  YESTERDAY       14                         3     11        0
  MONTH TO DATE  119                        54     65       53
  SINCE MAR 1    130                        65     65      101
  SINCE JAN 1    136                        68     68      101
..................................................................


WIND (MPH)
  HIGHEST WIND SPEED    17   HIGHEST WIND DIRECTION     S (180)
  HIGHEST GUST SPEED    23   HIGHEST GUST DIRECTION    SW (210)
  AVERAGE WIND SPEED     9.2


SKY COVER
  POSSIBLE SUNSHINE  MM
  AVERAGE SKY COVER 0.3


WEATHER CONDITIONS
 THE FOLLOWING WEATHER WAS RECORDED YESTERDAY.
  NO SIGNIFICANT WEATHER WAS OBSERVED.


RELATIVE HUMIDITY (PERCENT)
 HIGHEST   100           600 AM
 LOWEST     59           100 PM
 AVERAGE    80

..........................................................


THE NEW BERN NC CLIMATE NORMALS FOR TODAY
                         NORMAL    RECORD    YEAR
 MAXIMUM TEMPERATURE (F)   77        91      1974
 MINIMUM TEMPERATURE (F)   54        39      1967


SUNRISE AND SUNSET
APRIL 30 2017.........SUNRISE   618 AM EDT   SUNSET   753 PM EDT
MAY  1 2017...........SUNRISE   617 AM EDT   SUNSET   754 PM EDT


-  INDICATES NEGATIVE NUMBERS.
R  INDICATES RECORD WAS SET OR TIED.
MM INDICATES DATA IS MISSING.
T  INDICATES TRACE AMOUNT.




$$
