000
CDUS42 KMHX 230625
CLIEWN


CLIMATE REPORT
NATIONAL WEATHER SERVICE NEWPORT/MOREHEAD CITY NC
125 AM EST SUN NOV 23 2014


...................................

...THE NEW BERN NC CLIMATE SUMMARY FOR NOVEMBER 22 2014...

CLIMATE NORMAL PERIOD 1981 TO 2010
CLIMATE RECORD PERIOD 1948 TO 2014


WEATHER ITEM   OBSERVED TIME   RECORD YEAR NORMAL DEPARTURE LAST
                VALUE   (LST)  VALUE       VALUE  FROM      YEAR
                                                  NORMAL
..................................................................
TEMPERATURE (F)
 YESTERDAY
  MAXIMUM         59    206 PM  78    1992  65     -6       75
  MINIMUM         27    458 AM  22    1951  42    -15       51
  AVERAGE         43                        53    -10       63

PRECIPITATION (IN)
  YESTERDAY        0.00          3.57 2006   0.11  -0.11     0.00
  MONTH TO DATE    0.69                      2.46  -1.77     1.65
  SINCE SEP 1     10.60                     11.61  -1.01     8.11
  SINCE JAN 1     47.61                     48.41  -0.80    37.48

SNOWFALL (IN)
  YESTERDAY        0.0
  MONTH TO DATE    0.0
  SINCE NOV 1      0.0
  SINCE JUL 1      0.0
  SNOW DEPTH       0

DEGREE DAYS
 HEATING
  YESTERDAY       22                        12     10        2
  MONTH TO DATE  293                       204     89      195
  SINCE SEP 1    348                       321     27      271
  SINCE JUL 1    348                       321     27      271

 COOLING
  YESTERDAY        0                         0      0        0
  MONTH TO DATE    6                        14     -8       16
  SINCE SEP 1    474                       370    104      389
  SINCE JAN 1   2185                      1899    286     2006
..................................................................


WIND (MPH)
  HIGHEST WIND SPEED    10   HIGHEST WIND DIRECTION     E (70)
  HIGHEST GUST SPEED    13   HIGHEST GUST DIRECTION    NE (60)
  AVERAGE WIND SPEED     1.2


SKY COVER
  POSSIBLE SUNSHINE  MM
  AVERAGE SKY COVER 0.0


WEATHER CONDITIONS
 THE FOLLOWING WEATHER WAS RECORDED YESTERDAY.
  NO SIGNIFICANT WEATHER WAS OBSERVED.


RELATIVE HUMIDITY (PERCENT)
 HIGHEST    85           900 PM
 LOWEST     28           200 PM
 AVERAGE    57

..........................................................


THE NEW BERN NC CLIMATE NORMALS FOR TODAY
                         NORMAL    RECORD    YEAR
 MAXIMUM TEMPERATURE (F)   64        83      1992
 MINIMUM TEMPERATURE (F)   42        24      1949


SUNRISE AND SUNSET
NOVEMBER 23 2014......SUNRISE   651 AM EST   SUNSET   458 PM EST
NOVEMBER 24 2014......SUNRISE   652 AM EST   SUNSET   458 PM EST


-  INDICATES NEGATIVE NUMBERS.
R  INDICATES RECORD WAS SET OR TIED.
MM INDICATES DATA IS MISSING.
T  INDICATES TRACE AMOUNT.




$$
