000
CDUS42 KMHX 252228
CLIEWN


CLIMATE REPORT
NATIONAL WEATHER SERVICE NEWPORT/MOREHEAD CITY NC
527 PM EST SUN FEB 25 2018


...................................

...THE NEW BERN NC CLIMATE SUMMARY FOR FEBRUARY 25 2018...
VALID TODAY AS OF 0500 PM LOCAL TIME.

CLIMATE NORMAL PERIOD 1981 TO 2010
CLIMATE RECORD PERIOD 1948 TO 2018


WEATHER ITEM   OBSERVED TIME   RECORD YEAR NORMAL DEPARTURE LAST
                VALUE   (LST)  VALUE       VALUE  FROM      YEAR
                                                  NORMAL
..................................................................
TEMPERATURE (F)
 TODAY
  MAXIMUM         84R   148 PM  80    2017  60     24       80
  MINIMUM         63    639 AM  14    1967  38     25       48
  AVERAGE         74                        49     25       64

PRECIPITATION (IN)
  TODAY            0.15          1.61 1960   0.13   0.02     0.00
  MONTH TO DATE    1.08                      3.25  -2.17     1.97
  SINCE DEC 1     10.37                     10.67  -0.30     9.72
  SINCE JAN 1      6.14                      7.27  -1.13     6.22

SNOWFALL (IN)
  TODAY            0.0
  MONTH TO DATE    0.0
  SINCE NOV 1      6.0
  SINCE JUL 1      6.0
  SNOW DEPTH       0

DEGREE DAYS
 HEATING
  TODAY            0                        16    -16        1
  MONTH TO DATE  254                       459   -205      284
  SINCE DEC 1   1689                      1672     17     1312
  SINCE JUL 1   2128                      2099     29     1707

 COOLING
  TODAY            9                         0      9        0
  MONTH TO DATE   40                         0     40        6
  SINCE DEC 1     43                         4     39        6
  SINCE JAN 1     43                         1     42        6
..................................................................


WIND (MPH)
  HIGHEST WIND SPEED    21   HIGHEST WIND DIRECTION     W (280)
  HIGHEST GUST SPEED    31   HIGHEST GUST DIRECTION     W (260)
  AVERAGE WIND SPEED    10.4


SKY COVER
  POSSIBLE SUNSHINE  MM
  AVERAGE SKY COVER 0.3


WEATHER CONDITIONS
 THE FOLLOWING WEATHER WAS RECORDED TODAY.
  HEAVY RAIN
  LIGHT RAIN
  FOG
  HAZE


RELATIVE HUMIDITY (PERCENT)
 HIGHEST   100           500 AM
 LOWEST     47           200 PM
 AVERAGE    74

..........................................................


THE NEW BERN NC CLIMATE NORMALS FOR TOMORROW
                         NORMAL    RECORD    YEAR
 MAXIMUM TEMPERATURE (F)   60        80      1977
 MINIMUM TEMPERATURE (F)   38        18      1967


SUNRISE AND SUNSET
FEBRUARY 25 2018......SUNRISE   643 AM EST   SUNSET   600 PM EST
FEBRUARY 26 2018......SUNRISE   641 AM EST   SUNSET   601 PM EST


-  INDICATES NEGATIVE NUMBERS.
R  INDICATES RECORD WAS SET OR TIED.
MM INDICATES DATA IS MISSING.
T  INDICATES TRACE AMOUNT.




$$
