000
CDUS43 KIND 300534
CLIEYE


CLIMATE REPORT
NATIONAL WEATHER SERVICE INDIANAPOLIS IN
133 AM EDT SAT JUL 30 2016


...................................

...THE INDIANAPOLIS EAGLE CREEK IN CLIMATE SUMMARY FOR JULY 29 2016...

CLIMATE NORMAL PERIOD 1981 TO 2010
CLIMATE RECORD PERIOD 9999 TO 9999


WEATHER ITEM   OBSERVED TIME   NORMAL DEPARTURE LAST
                VALUE   (LST)  VALUE  FROM      YEAR
                                      NORMAL
......................................................
TEMPERATURE (F)
 YESTERDAY
  MAXIMUM         89    208 PM  83      6       89
  MINIMUM         70    545 AM  66      4       72
  AVERAGE         80            75      5       81

PRECIPITATION (IN)
  YESTERDAY        0.13          0.10   0.03     0.00
  MONTH TO DATE    5.36          4.08   1.28     7.35
  SINCE JUN 1     14.22          8.47   5.75    12.52
  SINCE JAN 1     25.73         25.28   0.45    24.87

DEGREE DAYS
 HEATING
  YESTERDAY        0             0      0        0
  MONTH TO DATE    3             0      3        1
  SINCE JUN 1      3            14    -11       19
  SINCE JUL 1      3             0      3        1

 COOLING
  YESTERDAY       15            10      5       16
  MONTH TO DATE  352           300     52      253
  SINCE JUN 1    653           534    119      488
  SINCE JAN 1    755           618    137      615
......................................................


WIND (MPH)
  HIGHEST WIND SPEED    18   HIGHEST WIND DIRECTION    NW (310)
  HIGHEST GUST SPEED    25   HIGHEST GUST DIRECTION    NW (300)
  AVERAGE WIND SPEED     3.0


SKY COVER
  AVERAGE SKY COVER 0.2


WEATHER CONDITIONS
 THE FOLLOWING WEATHER WAS RECORDED YESTERDAY.
  HEAVY RAIN
  LIGHT RAIN


RELATIVE HUMIDITY (PERCENT)
 HIGHEST    90           300 AM
 LOWEST     55           100 PM
 AVERAGE    73

..........................................................


THE INDIANAPOLIS EAGLE CREEK IN CLIMATE NORMALS FOR TODAY
                         NORMAL
 MAXIMUM TEMPERATURE (F)   83
 MINIMUM TEMPERATURE (F)   66


SUNRISE AND SUNSET
JULY 30 2016..........SUNRISE   643 AM EDT   SUNSET   900 PM EDT
JULY 31 2016..........SUNRISE   644 AM EDT   SUNSET   859 PM EDT


-  INDICATES NEGATIVE NUMBERS.
R  INDICATES RECORD WAS SET OR TIED.
MM INDICATES DATA IS MISSING.
T  INDICATES TRACE AMOUNT.




$$
