000
CDUS43 KIND 260536
CLIEYE


CLIMATE REPORT
NATIONAL WEATHER SERVICE INDIANAPOLIS IN
135 AM EDT SUN MAR 26 2017


...................................

...THE INDIANAPOLIS EAGLE CREEK IN CLIMATE SUMMARY FOR MARCH 25 2017...

CLIMATE NORMAL PERIOD 1981 TO 2010
CLIMATE RECORD PERIOD 9999 TO 9999


WEATHER ITEM   OBSERVED TIME   NORMAL DEPARTURE LAST
                VALUE   (LST)  VALUE  FROM      YEAR
                                      NORMAL
......................................................
TEMPERATURE (F)
 YESTERDAY
  MAXIMUM         75    134 PM  55     20       49
  MINIMUM         58   1121 PM  37     21       34
  AVERAGE         67            46     21       42

PRECIPITATION (IN)
  YESTERDAY        0.59          0.13   0.46      T
  MONTH TO DATE    2.59          2.47   0.12     1.54
  SINCE MAR 1      2.59          2.47   0.12     1.54
  SINCE JAN 1      7.75          6.81   0.94     3.50

DEGREE DAYS
 HEATING
  YESTERDAY        0            19    -19       23
  MONTH TO DATE  591           591      0      407
  SINCE MAR 1    591           591      0      407
  SINCE JUL 1   3851          4716   -865     3920

 COOLING
  YESTERDAY        2             0      2        0
  MONTH TO DATE    2             0      2        0
  SINCE MAR 1      2             0      2        0
  SINCE JAN 1      2             0      2        0
......................................................


WIND (MPH)
  HIGHEST WIND SPEED    20   HIGHEST WIND DIRECTION     S (170)
  HIGHEST GUST SPEED    30   HIGHEST GUST DIRECTION     S (200)
  AVERAGE WIND SPEED     7.5


SKY COVER
  AVERAGE SKY COVER 0.5


WEATHER CONDITIONS
 THE FOLLOWING WEATHER WAS RECORDED YESTERDAY.
  THUNDERSTORM
  HEAVY RAIN
  RAIN
  LIGHT RAIN
  FOG


RELATIVE HUMIDITY (PERCENT)
 HIGHEST    90           900 PM
 LOWEST     44           400 PM
 AVERAGE    67

..........................................................


THE INDIANAPOLIS EAGLE CREEK IN CLIMATE NORMALS FOR TODAY
                         NORMAL
 MAXIMUM TEMPERATURE (F)   56
 MINIMUM TEMPERATURE (F)   37


SUNRISE AND SUNSET
MARCH 26 2017.........SUNRISE   739 AM EDT   SUNSET   804 PM EDT
MARCH 27 2017.........SUNRISE   737 AM EDT   SUNSET   805 PM EDT


-  INDICATES NEGATIVE NUMBERS.
R  INDICATES RECORD WAS SET OR TIED.
MM INDICATES DATA IS MISSING.
T  INDICATES TRACE AMOUNT.




$$
