000
CDUS43 KIND 290533
CLIEYE


CLIMATE REPORT
NATIONAL WEATHER SERVICE INDIANAPOLIS IN
131 AM EDT SAT APR 29 2017


...................................

...THE INDIANAPOLIS EAGLE CREEK IN CLIMATE SUMMARY FOR APRIL 28 2017...

CLIMATE NORMAL PERIOD 1981 TO 2010
CLIMATE RECORD PERIOD 9999 TO 9999


WEATHER ITEM   OBSERVED TIME   NORMAL DEPARTURE LAST
                VALUE   (LST)  VALUE  FROM      YEAR
                                      NORMAL
......................................................
TEMPERATURE (F)
 YESTERDAY
  MAXIMUM         61    417 PM  67     -6       74
  MINIMUM         46    250 AM  47     -1       50
  AVERAGE         54            57     -3       62

PRECIPITATION (IN)
  YESTERDAY        1.08          0.17   0.91     0.33
  MONTH TO DATE    2.61          3.52  -0.91     3.07
  SINCE MAR 1      7.06          6.82   0.24     5.51
  SINCE JAN 1     12.22         11.16   1.06     7.47

DEGREE DAYS
 HEATING
  YESTERDAY       11             8      3        3
  MONTH TO DATE  195           353   -158      336
  SINCE MAR 1    843          1053   -210      822
  SINCE JUL 1   4103          5178  -1075     4335

 COOLING
  YESTERDAY        0             1     -1        0
  MONTH TO DATE   30            18     12       13
  SINCE MAR 1     32            19     13       13
  SINCE JAN 1     32            19     13       13
......................................................


WIND (MPH)
  HIGHEST WIND SPEED    25   HIGHEST WIND DIRECTION     N (340)
  HIGHEST GUST SPEED    30   HIGHEST GUST DIRECTION     N (340)
  AVERAGE WIND SPEED     6.2


SKY COVER
  AVERAGE SKY COVER 0.5


WEATHER CONDITIONS
 THE FOLLOWING WEATHER WAS RECORDED YESTERDAY.
  THUNDERSTORM
  HEAVY RAIN
  RAIN
  LIGHT RAIN
  FOG


RELATIVE HUMIDITY (PERCENT)
 HIGHEST    93          1100 PM
 LOWEST     64           300 PM
 AVERAGE    79

..........................................................


THE INDIANAPOLIS EAGLE CREEK IN CLIMATE NORMALS FOR TODAY
                         NORMAL
 MAXIMUM TEMPERATURE (F)   67
 MINIMUM TEMPERATURE (F)   48


SUNRISE AND SUNSET
APRIL 29 2017.........SUNRISE   648 AM EDT   SUNSET   838 PM EDT
APRIL 30 2017.........SUNRISE   647 AM EDT   SUNSET   839 PM EDT


-  INDICATES NEGATIVE NUMBERS.
R  INDICATES RECORD WAS SET OR TIED.
MM INDICATES DATA IS MISSING.
T  INDICATES TRACE AMOUNT.




$$
