000
CDUS43 KIND 270531
CLIEYE


CLIMATE REPORT
NATIONAL WEATHER SERVICE INDIANAPOLIS IN
130 AM EDT TUE SEP 27 2016


...................................

...THE INDIANAPOLIS EAGLE CREEK IN CLIMATE SUMMARY FOR SEPTEMBER 26 2016...

CLIMATE NORMAL PERIOD 1981 TO 2010
CLIMATE RECORD PERIOD 9999 TO 9999


WEATHER ITEM   OBSERVED TIME   NORMAL DEPARTURE LAST
                VALUE   (LST)  VALUE  FROM      YEAR
                                      NORMAL
......................................................
TEMPERATURE (F)
 YESTERDAY
  MAXIMUM         73   1257 AM  73      0       76
  MINIMUM         56   1149 PM  52      4       61
  AVERAGE         65            63      2       69

PRECIPITATION (IN)
  YESTERDAY        0.27          0.07   0.20      T
  MONTH TO DATE    3.36          1.91   1.45     1.94
  SINCE SEP 1      3.36          1.91   1.45     1.94
  SINCE JAN 1     35.39         30.56   4.83    27.94

DEGREE DAYS
 HEATING
  YESTERDAY        0             4     -4        0
  MONTH TO DATE    0            37    -37       22
  SINCE SEP 1      0            37    -37       22
  SINCE JUL 1      3            40    -37       25

 COOLING
  YESTERDAY        0             2     -2        4
  MONTH TO DATE  212           116     96      152
  SINCE SEP 1    212           116     96      152
  SINCE JAN 1   1401          1036    365     1012
......................................................


WIND (MPH)
  HIGHEST WIND SPEED    25   HIGHEST WIND DIRECTION    NW (310)
  HIGHEST GUST SPEED    35   HIGHEST GUST DIRECTION    NW (310)
  AVERAGE WIND SPEED     8.4


SKY COVER
  AVERAGE SKY COVER 0.4


WEATHER CONDITIONS
 THE FOLLOWING WEATHER WAS RECORDED YESTERDAY.
  THUNDERSTORM
  HEAVY RAIN
  LIGHT RAIN
  FOG


RELATIVE HUMIDITY (PERCENT)
 HIGHEST    93          1200 AM
 LOWEST     31           500 PM
 AVERAGE    62

..........................................................


THE INDIANAPOLIS EAGLE CREEK IN CLIMATE NORMALS FOR TODAY
                         NORMAL
 MAXIMUM TEMPERATURE (F)   72
 MINIMUM TEMPERATURE (F)   52


SUNRISE AND SUNSET
SEPTEMBER 27 2016.....SUNRISE   738 AM EDT   SUNSET   733 PM EDT
SEPTEMBER 28 2016.....SUNRISE   739 AM EDT   SUNSET   732 PM EDT


-  INDICATES NEGATIVE NUMBERS.
R  INDICATES RECORD WAS SET OR TIED.
MM INDICATES DATA IS MISSING.
T  INDICATES TRACE AMOUNT.




$$
