000
CDUS43 KIND 280550
CLIEYE


CLIMATE REPORT
NATIONAL WEATHER SERVICE INDIANAPOLIS IN
150 AM EDT FRI AUG 28 2015


...................................

...THE INDIANAPOLIS EAGLE CREEK IN CLIMATE SUMMARY FOR AUGUST 27 2015...

CLIMATE NORMAL PERIOD 1981 TO 2010
CLIMATE RECORD PERIOD 9999 TO 9999


WEATHER ITEM   OBSERVED TIME   NORMAL DEPARTURE LAST
                VALUE   (LST)  VALUE  FROM      YEAR
                                      NORMAL
......................................................
TEMPERATURE (F)
 YESTERDAY
  MAXIMUM         79    422 PM  83     -4       87
  MINIMUM         57    651 AM  64     -7       71
  AVERAGE         68            73     -5       79

PRECIPITATION (IN)
  YESTERDAY        0.00          0.12  -0.12     0.00
  MONTH TO DATE    1.13          2.72  -1.59     3.18
  SINCE JUN 1     13.65         11.37   2.28    12.33
  SINCE JAN 1     26.00         28.18  -2.18    28.78

DEGREE DAYS
 HEATING
  YESTERDAY        0             0      0        0
  MONTH TO DATE    2             0      2        3
  SINCE JUN 1     21            15      6       11
  SINCE JUL 1      3             1      2        8

 COOLING
  YESTERDAY        3             8     -5       14
  MONTH TO DATE  190           254    -64      233
  SINCE JUN 1    699           806   -107      641
  SINCE JAN 1    826           890    -64      749
......................................................


WIND (MPH)
  HIGHEST WIND SPEED     9   HIGHEST WIND DIRECTION    SE (140)
  HIGHEST GUST SPEED    13   HIGHEST GUST DIRECTION     E (110)
  AVERAGE WIND SPEED     2.4


SKY COVER
  AVERAGE SKY COVER 0.2


WEATHER CONDITIONS
 THE FOLLOWING WEATHER WAS RECORDED YESTERDAY.
  NO SIGNIFICANT WEATHER WAS OBSERVED.


RELATIVE HUMIDITY (PERCENT)
 HIGHEST    93           300 AM
 LOWEST     45           400 PM
 AVERAGE    69

..........................................................


THE INDIANAPOLIS EAGLE CREEK IN CLIMATE NORMALS FOR TODAY
                         NORMAL
 MAXIMUM TEMPERATURE (F)   83
 MINIMUM TEMPERATURE (F)   64


SUNRISE AND SUNSET
AUGUST 28 2015........SUNRISE   709 AM EDT   SUNSET   823 PM EDT
AUGUST 29 2015........SUNRISE   710 AM EDT   SUNSET   822 PM EDT


-  INDICATES NEGATIVE NUMBERS.
R  INDICATES RECORD WAS SET OR TIED.
MM INDICATES DATA IS MISSING.
T  INDICATES TRACE AMOUNT.




$$
