177
CDUS42 KKEY 220556
CLIEYW


CLIMATE REPORT
NATIONAL WEATHER SERVICE KEY WEST, FL
154 AM EDT MON MAY 22 2017

...................................

...THE KEY WEST CLIMATE SUMMARY FOR MAY 21 2017...

CLIMATE NORMAL PERIOD 1981 TO 2010
CLIMATE RECORD PERIOD 1871 TO 2017

WEATHER ITEM   OBSERVED TIME   RECORD YEAR NORMAL DEPARTURE LAST
               VALUE    (LST)  VALUE       VALUE  FROM      YEAR
                                                  NORMAL
..................................................................
TEMPERATURE (F)
 YESTERDAY
  MAXIMUM         87    100 PM  91    1935  86      1       85
  MINIMUM         79    913 PM  68    1901  76      3       77
  AVERAGE         83                        81      2       81

PRECIPITATION (IN)
  YESTERDAY        0.00          3.54 1929   0.12  -0.12     0.00
  MONTH TO DATE    0.66                      1.68  -1.02     2.15
  SINCE MAR 1      5.47                      5.78  -0.31     3.85
  SINCE JAN 1      8.52                      9.31  -0.79    10.93

SNOWFALL (IN)
  YESTERDAY        0.0
  MONTH TO DATE    0.0
  SINCE MAR 1      0.0
  SINCE JUL 1      0.0
  SNOW DEPTH      MM

DEGREE DAYS
 HEATING
  YESTERDAY        0                         0      0        0
  MONTH TO DATE    0                         0      0        0
  SINCE MAR 1      0                         7     -7        0
  SINCE JUL 1      5                        73    -68       24

 COOLING
  YESTERDAY       18                        16      2       16
  MONTH TO DATE  326                       310     16      301
  SINCE MAR 1   1020                       916    104      994
  SINCE JAN 1   1560                      1264    296     1322
..................................................................

WIND (MPH)
  HIGHEST WIND SPEED    20   HIGHEST WIND DIRECTION     E (110)
  HIGHEST GUST SPEED    24   HIGHEST GUST DIRECTION     E (110)
  AVERAGE WIND SPEED    14.1

SKY COVER
  POSSIBLE SUNSHINE  MM
  AVERAGE SKY COVER  MM

WEATHER CONDITIONS
 THE FOLLOWING WEATHER WAS RECORDED YESTERDAY.
  NO SIGNIFICANT WEATHER WAS OBSERVED.

RELATIVE HUMIDITY (PERCENT)
 HIGHEST    MM
 LOWEST     MM
 AVERAGE    MM

..........................................................

THE KEY WEST CLIMATE NORMALS FOR TODAY
                         NORMAL    RECORD    YEAR
 MAXIMUM TEMPERATURE (F)   86        92      1935
 MINIMUM TEMPERATURE (F)   77        68      1940
                                             1926

SUNRISE AND SUNSET
MAY 22 2017...........SUNRISE   640 AM EDT   SUNSET   807 PM EDT
MAY 23 2017...........SUNRISE   640 AM EDT   SUNSET   808 PM EDT

-  INDICATES NEGATIVE NUMBERS.
R  INDICATES RECORD WAS SET OR TIED.
MM INDICATES DATA IS MISSING.
T  INDICATES TRACE AMOUNT.

$$
