000
CDUS42 KKEY 280534
CLIEYW

CLIMATE REPORT
NATIONAL WEATHER SERVICE KEY WEST, FL
130 AM EDT MON JUL 28 2014


...................................

...THE KEY WEST CLIMATE SUMMARY FOR JULY 27 2014...

CLIMATE NORMAL PERIOD 1981 TO 2010
CLIMATE RECORD PERIOD 1871 TO 2014


WEATHER ITEM   OBSERVED TIME   RECORD YEAR NORMAL DEPARTURE LAST
                VALUE   (LST)  VALUE       VALUE  FROM      YEAR
                                                  NORMAL
..................................................................
TEMPERATURE (F)
 YESTERDAY
  MAXIMUM         91    137 PM  94    1957  90      1       88
                                      1956
                                      1881
  MINIMUM         84    625 AM  70    1930  80      4       82
  AVERAGE         88                        85      3       85

PRECIPITATION (IN)
  YESTERDAY        0.00          2.32 1876   0.12  -0.12     0.00
  MONTH TO DATE    1.96                      3.08  -1.12     7.80
  SINCE JUN 1      4.34                      7.19  -2.85    16.34
  SINCE JAN 1     17.19                     17.82  -0.63    31.13

SNOWFALL (IN)
  YESTERDAY        0.0
  MONTH TO DATE    0.0
  SINCE JUN 1      0.0
  SINCE JUL 1      0.0
  SNOW DEPTH       0

DEGREE DAYS
 HEATING
  YESTERDAY        0                         0      0        0
  MONTH TO DATE    0                         0      0        0
  SINCE JUN 1      0                         0      0        0
  SINCE JUL 1      0                         0      0        0

 COOLING
  YESTERDAY       23                        20      3       20
  MONTH TO DATE  581                       528     53      476
  SINCE JUN 1   1139                      1077     62     1034
  SINCE JAN 1   2761                      2507    254     2663
..................................................................


WIND (MPH)
  HIGHEST WIND SPEED    13   HIGHEST WIND DIRECTION    SE (130)
  HIGHEST GUST SPEED    16   HIGHEST GUST DIRECTION    SE (120)
  AVERAGE WIND SPEED     5.7


SKY COVER
  POSSIBLE SUNSHINE  MM
  AVERAGE SKY COVER 0.2


WEATHER CONDITIONS
 THE FOLLOWING WEATHER WAS RECORDED YESTERDAY.
  NO SIGNIFICANT WEATHER WAS OBSERVED.


RELATIVE HUMIDITY (PERCENT)
 HIGHEST    70
 LOWEST     56
 AVERAGE    63

..........................................................


THE KEY WEST CLIMATE NORMALS FOR TODAY
                         NORMAL    RECORD    YEAR
 MAXIMUM TEMPERATURE (F)   90        95      1881
 MINIMUM TEMPERATURE (F)   80        70      1916


SUNRISE AND SUNSET
JULY 28 2014..........SUNRISE   654 AM EDT   SUNSET   813 PM EDT
JULY 29 2014..........SUNRISE   654 AM EDT   SUNSET   813 PM EDT


-  INDICATES NEGATIVE NUMBERS.
R  INDICATES RECORD WAS SET OR TIED.
MM INDICATES DATA IS MISSING.
T  INDICATES TRACE AMOUNT.




$$
