000
CDUS42 KKEY 222035
CLIEYW


CLIMATE REPORT
NATIONAL WEATHER SERVICE KEY WEST, FL
435 PM EDT SUN OCT 22 2017


...................................

...THE KEY WEST CLIMATE SUMMARY FOR OCTOBER 22 2017...
VALID TODAY AS OF 0400 PM LOCAL TIME.

CLIMATE NORMAL PERIOD 1981 TO 2010
CLIMATE RECORD PERIOD 1871 TO 2017


WEATHER ITEM   OBSERVED TIME   RECORD YEAR NORMAL DEPARTURE LAST
                VALUE   (LST)  VALUE       VALUE  FROM      YEAR
                                                  NORMAL
..................................................................
TEMPERATURE (F)
 TODAY
  MAXIMUM         87        MM  89    1962  84      3       80
                                      1956
                                      1876
  MINIMUM         79        MM  64    1898  75      4       73
  AVERAGE         83                        79      4       77

PRECIPITATION (IN)
  TODAY            0.19          7.30 2008   0.15   0.04     0.00
  MONTH TO DATE    4.87                      3.79   1.08     0.73
  SINCE SEP 1     14.15                     10.50   3.65     8.77
  SINCE JAN 1     34.39                     34.17   0.22    34.11

SNOWFALL (IN)
  TODAY            0.0
  MONTH TO DATE    0.0
  SINCE SEP 1      0.0
  SINCE JUL 1      0.0
  SNOW DEPTH       0

DEGREE DAYS
 HEATING
  TODAY            0                         0      0        0
  MONTH TO DATE    0                         0      0        0
  SINCE SEP 1      0                         0      0        0
  SINCE JUL 1      0                         0      0        0

 COOLING
  TODAY           18                        14      4       12
  MONTH TO DATE  396                       350     46      403
  SINCE SEP 1    992                       896     96      977
  SINCE JAN 1   4623                      4085    538     4284
..................................................................


WIND (MPH)
  HIGHEST WIND SPEED    21   HIGHEST WIND DIRECTION     E (110)
  HIGHEST GUST SPEED    31   HIGHEST GUST DIRECTION     E (100)
  AVERAGE WIND SPEED    17.6


SKY COVER
  POSSIBLE SUNSHINE  MM
  AVERAGE SKY COVER 0.3


WEATHER CONDITIONS
 THE FOLLOWING WEATHER WAS RECORDED TODAY.
  RAIN
  LIGHT RAIN
  FOG


RELATIVE HUMIDITY (PERCENT)
 HIGHEST    88
 LOWEST     68
 AVERAGE    78

..........................................................


THE KEY WEST CLIMATE NORMALS FOR TOMORROW
                         NORMAL    RECORD    YEAR
 MAXIMUM TEMPERATURE (F)   83        91      1881
 MINIMUM TEMPERATURE (F)   75        64      1898


SUNRISE AND SUNSET
OCTOBER 22 2017.......SUNRISE   728 AM EDT   SUNSET   654 PM EDT
OCTOBER 23 2017.......SUNRISE   729 AM EDT   SUNSET   653 PM EDT


-  INDICATES NEGATIVE NUMBERS.
R  INDICATES RECORD WAS SET OR TIED.
MM INDICATES DATA IS MISSING.
T  INDICATES TRACE AMOUNT.




$$
