000
CDUS42 KKEY 060542
CLIEYW


CLIMATE REPORT
NATIONAL WEATHER SERVICE KEY WEST, FL
1241 AM EST TUE DEC 6 2016


...................................

...THE KEY WEST CLIMATE SUMMARY FOR DECEMBER 5 2016...

CLIMATE NORMAL PERIOD 1981 TO 2010
CLIMATE RECORD PERIOD 1871 TO 2016


WEATHER ITEM   OBSERVED TIME   RECORD YEAR NORMAL DEPARTURE LAST
                VALUE   (LST)  VALUE       VALUE  FROM      YEAR
                                                  NORMAL
..................................................................
TEMPERATURE (F)
 YESTERDAY
  MAXIMUM         83    245 PM  86    1994  77      6       77
                                      1941
  MINIMUM         78    708 AM  45    1876  69      9       71
  AVERAGE         81                        73      8       74

PRECIPITATION (IN)
  YESTERDAY        0.00          0.49 2012   0.08  -0.08      T
  MONTH TO DATE    0.43                      0.41   0.02     3.50
  SINCE DEC 1      0.43                      0.41   0.02     3.50
  SINCE JAN 1     36.04                     38.02  -1.98    35.16

SNOWFALL (IN)
  YESTERDAY        0.0
  MONTH TO DATE    0.0
  SINCE DEC 1      0.0
  SINCE JUL 1      0.0
  SNOW DEPTH       0

DEGREE DAYS
 HEATING
  YESTERDAY        0                         0      0        0
  MONTH TO DATE    0                         0      0        0
  SINCE DEC 1      0                         0      0        0
  SINCE JUL 1      0                         1     -1        0

 COOLING
  YESTERDAY       16                         8      8        9
  MONTH TO DATE   71                        42     29       53
  SINCE DEC 1     71                        42     29       53
  SINCE JAN 1   4824                      4575    249     5232
..................................................................


WIND (MPH)
  HIGHEST WIND SPEED    17   HIGHEST WIND DIRECTION    SE (140)
  HIGHEST GUST SPEED    24   HIGHEST GUST DIRECTION    SE (150)
  AVERAGE WIND SPEED    12.7


SKY COVER
  POSSIBLE SUNSHINE  MM
  AVERAGE SKY COVER 0.1


WEATHER CONDITIONS
 THE FOLLOWING WEATHER WAS RECORDED YESTERDAY.
  NO SIGNIFICANT WEATHER WAS OBSERVED.


RELATIVE HUMIDITY (PERCENT)
 HIGHEST    91
 LOWEST     79
 AVERAGE    85

..........................................................


THE KEY WEST CLIMATE NORMALS FOR TODAY
                         NORMAL    RECORD    YEAR
 MAXIMUM TEMPERATURE (F)   77        86      1978
 MINIMUM TEMPERATURE (F)   69        49      1876


SUNRISE AND SUNSET
DECEMBER  6 2016......SUNRISE   658 AM EST   SUNSET   539 PM EST
DECEMBER  7 2016......SUNRISE   659 AM EST   SUNSET   539 PM EST


-  INDICATES NEGATIVE NUMBERS.
R  INDICATES RECORD WAS SET OR TIED.
MM INDICATES DATA IS MISSING.
T  INDICATES TRACE AMOUNT.




$$
