000
CDUS42 KKEY 030535
CLIEYW

CLIMATE REPORT
NATIONAL WEATHER SERVICE KEY WEST, FL
131 AM EDT TUE MAY 3 2016


...................................

...THE KEY WEST CLIMATE SUMMARY FOR MAY 2 2016...

CLIMATE NORMAL PERIOD 1981 TO 2010
CLIMATE RECORD PERIOD 1871 TO 2016


WEATHER ITEM   OBSERVED TIME   RECORD YEAR NORMAL DEPARTURE LAST
                VALUE   (LST)  VALUE       VALUE  FROM      YEAR
                                                  NORMAL
..................................................................
TEMPERATURE (F)
 YESTERDAY
  MAXIMUM         84   1231 PM  89    1953  83      1       83
                                      1876
                                      1875
  MINIMUM         77    629 AM  63    1877  74      3       74
  AVERAGE         81                        78      3       79

PRECIPITATION (IN)
  YESTERDAY        T             4.14 2013   0.05  -0.05     0.00
  MONTH TO DATE    T                         0.10  -0.10     0.00
  SINCE MAR 1      1.70                      4.20  -2.50     8.08
  SINCE JAN 1      8.78                      7.73   1.05    11.31

SNOWFALL (IN)
  YESTERDAY        0.0
  MONTH TO DATE    0.0
  SINCE MAR 1      0.0
  SINCE JUL 1      0.0
  SNOW DEPTH       0

DEGREE DAYS
 HEATING
  YESTERDAY        0                         0      0        0
  MONTH TO DATE    0                         0      0        0
  SINCE MAR 1      0                         7     -7        0
  SINCE JUL 1     24                        73    -49       27

 COOLING
  YESTERDAY       16                        14      2       14
  MONTH TO DATE   32                        27      5       27
  SINCE MAR 1    725                       633     92      871
  SINCE JAN 1   1053                       981     72     1229
..................................................................


WIND (MPH)
  HIGHEST WIND SPEED    21   HIGHEST WIND DIRECTION     E (110)
  HIGHEST GUST SPEED    26   HIGHEST GUST DIRECTION     E (110)
  AVERAGE WIND SPEED    13.9


SKY COVER
  POSSIBLE SUNSHINE  MM
  AVERAGE SKY COVER 0.2


WEATHER CONDITIONS
 THE FOLLOWING WEATHER WAS RECORDED YESTERDAY.
  LIGHT RAIN


RELATIVE HUMIDITY (PERCENT)
 HIGHEST    97
 LOWEST     79
 AVERAGE    88

..........................................................


THE KEY WEST CLIMATE NORMALS FOR TODAY
                         NORMAL    RECORD    YEAR
 MAXIMUM TEMPERATURE (F)   83        91      1873
 MINIMUM TEMPERATURE (F)   74        65      1999


SUNRISE AND SUNSET
MAY  3 2016...........SUNRISE   650 AM EDT   SUNSET   758 PM EDT
MAY  4 2016...........SUNRISE   649 AM EDT   SUNSET   758 PM EDT


-  INDICATES NEGATIVE NUMBERS.
R  INDICATES RECORD WAS SET OR TIED.
MM INDICATES DATA IS MISSING.
T  INDICATES TRACE AMOUNT.

$$

CLR
