000
CDUS42 KKEY 180530
CLIEYW


CLIMATE REPORT
NATIONAL WEATHER SERVICE KEY WEST, FL
1228 AM EST WED JAN 18 2017

...................................

...THE KEY WEST CLIMATE SUMMARY FOR JANUARY 17 2017...

CLIMATE NORMAL PERIOD 1981 TO 2010
CLIMATE RECORD PERIOD 1871 TO 2017

WEATHER ITEM   OBSERVED TIME   RECORD YEAR NORMAL DEPARTURE LAST
                VALUE   (LST)  VALUE       VALUE  FROM      YEAR
                                                  NORMAL
..................................................................
TEMPERATURE (F)
 YESTERDAY
  MAXIMUM         81    209 PM  88    1877  74      7       79
  MINIMUM         73    112 AM  53    1983  64      9       64
                                      1981
                                      1977
  AVERAGE         77                        69      8       72

PRECIPITATION (IN)
  YESTERDAY        T             1.91 2011   0.06  -0.06     0.22
  MONTH TO DATE    0.31                      1.10  -0.79     2.14
  SINCE DEC 1      2.05                      3.32  -1.27     6.72
  SINCE JAN 1      0.31                      1.10  -0.79     2.14

SNOWFALL (IN)
  YESTERDAY        0.0
  MONTH TO DATE    0.0
  SINCE DEC 1      0.0
  SINCE JUL 1      0.0
  SNOW DEPTH       0

DEGREE DAYS
 HEATING
  YESTERDAY        0                         1     -1        0
  MONTH TO DATE    3                        17    -14        0
  SINCE DEC 1      3                        34    -31        0
  SINCE JUL 1      3                        35    -32        0

 COOLING
  YESTERDAY       12                         5      7        7
  MONTH TO DATE  156                        87     69      128
  SINCE DEC 1    549                       304    245      527
  SINCE JAN 1    156                        87     69      128
..................................................................


WIND (MPH)
  HIGHEST WIND SPEED    22   HIGHEST WIND DIRECTION     E (110)
  HIGHEST GUST SPEED    27   HIGHEST GUST DIRECTION     E (110)
  AVERAGE WIND SPEED    14.3


SKY COVER
  POSSIBLE SUNSHINE  MM
  AVERAGE SKY COVER 0.3


WEATHER CONDITIONS
 THE FOLLOWING WEATHER WAS RECORDED YESTERDAY.
  LIGHT RAIN


RELATIVE HUMIDITY (PERCENT)
 HIGHEST    87
 LOWEST     67
 AVERAGE    77

..........................................................


THE KEY WEST CLIMATE NORMALS FOR TODAY
                         NORMAL    RECORD    YEAR
 MAXIMUM TEMPERATURE (F)   74        85      1960
 MINIMUM TEMPERATURE (F)   64        48      1981


SUNRISE AND SUNSET
JANUARY 18 2017.......SUNRISE   713 AM EST   SUNSET   603 PM EST
JANUARY 19 2017.......SUNRISE   713 AM EST   SUNSET   603 PM EST


-  INDICATES NEGATIVE NUMBERS.
R  INDICATES RECORD WAS SET OR TIED.
MM INDICATES DATA IS MISSING.
T  INDICATES TRACE AMOUNT.

$$

BWC
