000
CDUS42 KKEY 260529
CLIEYW


CLIMATE REPORT
NATIONAL WEATHER SERVICE KEY WEST, FL
127 AM EDT SUN MAR 26 2017


...................................

...THE KEY WEST CLIMATE SUMMARY FOR MARCH 25 2017...

CLIMATE NORMAL PERIOD 1981 TO 2010
CLIMATE RECORD PERIOD 1871 TO 2017


WEATHER ITEM   OBSERVED TIME   RECORD YEAR NORMAL DEPARTURE LAST
                VALUE   (LST)  VALUE       VALUE  FROM      YEAR
                                                  NORMAL
..................................................................
TEMPERATURE (F)
 YESTERDAY
  MAXIMUM         81    246 PM  89    1873  79      2       80
  MINIMUM         73    653 AM  54    1915  69      4       72
  AVERAGE         77                        74      3       76

PRECIPITATION (IN)
  YESTERDAY        0.00          1.42 1889   0.06  -0.06     0.04
  MONTH TO DATE    0.93                      1.68  -0.75     0.30
  SINCE MAR 1      0.93                      1.68  -0.75     0.30
  SINCE JAN 1      3.98                      5.21  -1.23     7.38

SNOWFALL (IN)
  YESTERDAY        0.0
  MONTH TO DATE    0.0
  SINCE MAR 1      0.0
  SINCE JUL 1      0.0
  SNOW DEPTH       0

DEGREE DAYS
 HEATING
  YESTERDAY        0                         0      0        0
  MONTH TO DATE    0                         0      0        0
  SINCE MAR 1      0                         0      0        0
  SINCE JUL 1      5                        66    -61       24

 COOLING
  YESTERDAY       12                         9      3       11
  MONTH TO DATE  226                       207     19      245
  SINCE MAR 1    226                       207     19      245
  SINCE JAN 1    766                       555    211      573
..................................................................


WIND (MPH)
  HIGHEST WIND SPEED    21   HIGHEST WIND DIRECTION     E (100)
  HIGHEST GUST SPEED    27   HIGHEST GUST DIRECTION     E (100)
  AVERAGE WIND SPEED    13.4


SKY COVER
  POSSIBLE SUNSHINE  MM
  AVERAGE SKY COVER 0.2


WEATHER CONDITIONS
 THE FOLLOWING WEATHER WAS RECORDED YESTERDAY.
  NO SIGNIFICANT WEATHER WAS OBSERVED.


RELATIVE HUMIDITY (PERCENT)
 HIGHEST    84
 LOWEST     62
 AVERAGE    73

..........................................................


THE KEY WEST CLIMATE NORMALS FOR TODAY
                         NORMAL    RECORD    YEAR
 MAXIMUM TEMPERATURE (F)   79        88      1937
                                             1874
 MINIMUM TEMPERATURE (F)   69        58      1924
                                             1877


SUNRISE AND SUNSET
MARCH 26 2017.........SUNRISE   725 AM EDT   SUNSET   741 PM EDT
MARCH 27 2017.........SUNRISE   724 AM EDT   SUNSET   741 PM EDT


-  INDICATES NEGATIVE NUMBERS.
R  INDICATES RECORD WAS SET OR TIED.
MM INDICATES DATA IS MISSING.
T  INDICATES TRACE AMOUNT.




$$
