000
CDUS42 KKEY 270543
CLIEYW

CLIMATE REPORT
NATIONAL WEATHER SERVICE KEY WEST, FL
140 AM EDT WED MAY 27 2015


...................................

...THE KEY WEST CLIMATE SUMMARY FOR MAY 26 2015...

CLIMATE NORMAL PERIOD 1981 TO 2010
CLIMATE RECORD PERIOD 1871 TO 2015


WEATHER ITEM   OBSERVED TIME   RECORD YEAR NORMAL DEPARTURE LAST
                VALUE   (LST)  VALUE       VALUE  FROM      YEAR
                                                  NORMAL
..................................................................
TEMPERATURE (F)
 YESTERDAY
  MAXIMUM         87    345 PM  91    1989  86      1       87
                                      1873
  MINIMUM         78   1159 PM  68    1992  77      1       80
  AVERAGE         83                        82      1       84

PRECIPITATION (IN)
  YESTERDAY        0.01          2.89 1882   0.14  -0.13     0.00
  MONTH TO DATE    1.11                      2.30  -1.19     0.91
  SINCE MAR 1      9.19                      6.40   2.79     5.25
  SINCE JAN 1     12.42                      9.93   2.49    12.85

SNOWFALL (IN)
  YESTERDAY        0.0
  MONTH TO DATE    0.0
  SINCE MAR 1      0.0
  SINCE JUL 1      0.0
  SNOW DEPTH       0

DEGREE DAYS
 HEATING
  YESTERDAY        0                         0      0        0
  MONTH TO DATE    0                         0      0        0
  SINCE MAR 1      0                         7     -7        0
  SINCE JUL 1     27                        73    -46       22

 COOLING
  YESTERDAY       18                        17      1       19
  MONTH TO DATE  428                       392     36      432
  SINCE MAR 1   1272                       998    274     1100
  SINCE JAN 1   1630                      1346    284     1526
..................................................................


WIND (MPH)
  HIGHEST WIND SPEED    22   HIGHEST WIND DIRECTION     E (110)
  HIGHEST GUST SPEED    29   HIGHEST GUST DIRECTION     E (110)
  AVERAGE WIND SPEED    16.1


SKY COVER
  POSSIBLE SUNSHINE  MM
  AVERAGE SKY COVER 0.2


WEATHER CONDITIONS
 THE FOLLOWING WEATHER WAS RECORDED YESTERDAY.
  LIGHT RAIN


RELATIVE HUMIDITY (PERCENT)
 HIGHEST    79
 LOWEST     59
 AVERAGE    69

..........................................................


THE KEY WEST CLIMATE NORMALS FOR TODAY
                         NORMAL    RECORD    YEAR
 MAXIMUM TEMPERATURE (F)   86        90      2000
                                             1989
                                             1955
 MINIMUM TEMPERATURE (F)   77        70      1894


SUNRISE AND SUNSET
MAY 27 2015...........SUNRISE   639 AM EDT   SUNSET   809 PM EDT
MAY 28 2015...........SUNRISE   639 AM EDT   SUNSET   810 PM EDT


-  INDICATES NEGATIVE NUMBERS.
R  INDICATES RECORD WAS SET OR TIED.
MM INDICATES DATA IS MISSING.
T  INDICATES TRACE AMOUNT.




$$
