000
CDUS42 KKEY 160613
CLIEYW


CLIMATE REPORT
NATIONAL WEATHER SERVICE KEY WEST, FL
112 AM EST TUE JAN 16 2018


...................................

...THE KEY WEST CLIMATE SUMMARY FOR JANUARY 15 2018...

CLIMATE NORMAL PERIOD 1981 TO 2010
CLIMATE RECORD PERIOD 1871 TO 2018


WEATHER ITEM   OBSERVED TIME   RECORD YEAR NORMAL DEPARTURE LAST
                VALUE   (LST)  VALUE       VALUE  FROM      YEAR
                                                  NORMAL
..................................................................
TEMPERATURE (F)
 YESTERDAY
  MAXIMUM         67    455 PM  87    1877  74     -7       80
  MINIMUM         59    921 AM  47    1964  64     -5       70
  AVERAGE         63                        69     -6       75

PRECIPITATION (IN)
  YESTERDAY        0.00          1.67 1998   0.07  -0.07     0.00
  MONTH TO DATE    0.75                      0.97  -0.22     0.30
  SINCE DEC 1      2.03                      3.19  -1.16     2.04
  SINCE JAN 1      0.75                      0.97  -0.22     0.30

SNOWFALL (IN)
  YESTERDAY        0.0
  MONTH TO DATE    0.0
  SINCE DEC 1      0.0
  SINCE JUL 1      0.0
  SNOW DEPTH       0

DEGREE DAYS
 HEATING
  YESTERDAY        2                         1      1        0
  MONTH TO DATE   23                        15      8        3
  SINCE DEC 1     32                        32      0        3
  SINCE JUL 1     32                        33     -1        3

 COOLING
  YESTERDAY        0                         5     -5       10
  MONTH TO DATE   45                        77    -32      132
  SINCE DEC 1    305                       294     11      525
  SINCE JAN 1     45                        77    -32      132
..................................................................


WIND (MPH)
  HIGHEST WIND SPEED    18   HIGHEST WIND DIRECTION     N (10)
  HIGHEST GUST SPEED    24   HIGHEST GUST DIRECTION     N (10)
  AVERAGE WIND SPEED    12.9


SKY COVER
  POSSIBLE SUNSHINE  MM
  AVERAGE SKY COVER 0.3


WEATHER CONDITIONS
 THE FOLLOWING WEATHER WAS RECORDED YESTERDAY.
  NO SIGNIFICANT WEATHER WAS OBSERVED.


RELATIVE HUMIDITY (PERCENT)
 HIGHEST    93
 LOWEST     72
 AVERAGE    83

..........................................................


THE KEY WEST CLIMATE NORMALS FOR TODAY
                         NORMAL    RECORD    YEAR
 MAXIMUM TEMPERATURE (F)   74        90      1877
 MINIMUM TEMPERATURE (F)   64        48      2006


SUNRISE AND SUNSET
JANUARY 16 2018.......SUNRISE   713 AM EST   SUNSET   601 PM EST
JANUARY 17 2018.......SUNRISE   713 AM EST   SUNSET   602 PM EST


-  INDICATES NEGATIVE NUMBERS.
R  INDICATES RECORD WAS SET OR TIED.
MM INDICATES DATA IS MISSING.
T  INDICATES TRACE AMOUNT.




$$
