000
CDAK49 PAFG 250945
CLIFAI

CLIMATE REPORT
NATIONAL WEATHER SERVICE FAIRBANKS AK
145 AM AKDT SUN SEP 25 2016

...................................

...THE FAIRBANKS AK CLIMATE SUMMARY FOR SEPTEMBER 24 2016...

CLIMATE NORMAL PERIOD 1981 TO 2010
CLIMATE RECORD PERIOD 1904 TO 2016


WEATHER ITEM   OBSERVED TIME   RECORD YEAR NORMAL DEPARTURE LAST
                VALUE   (LST)  VALUE       VALUE  FROM      YEAR
                                                  NORMAL
..................................................................
TEMPERATURE (F)
 YESTERDAY
  MAXIMUM         51    307 PM  69    1942  50      1       43
                                      1940
                                      1934
  MINIMUM         32    223 AM   8    1992  32      0       22
  AVERAGE         42                        41      1       33

PRECIPITATION (IN)
  YESTERDAY        0.00          0.45 2005   0.03  -0.03     0.00
  MONTH TO DATE    1.80                      0.92   0.88     1.50
  SINCE SEP 1      1.80                      0.92   0.88     1.50
  SINCE JAN 1     13.51                      8.49   5.02     9.46

SNOWFALL (IN)
  YESTERDAY        0.0           0.4  1983   0.1   -0.1      0.0
  MONTH TO DATE    0.0                       1.1   -1.1       T
  SINCE SEP 1      0.0                       1.1   -1.1       T
  SINCE JUL 1      0.0                       1.1   -1.1       T
  SNOW DEPTH       0

DEGREE DAYS
 HEATING
  YESTERDAY       23                        24     -1       32
  MONTH TO DATE  396                       448    -52      479
  SINCE SEP 1    396                       448    -52      479
  SINCE JUL 1    598                       837   -239      904

 COOLING
  YESTERDAY        0                         0      0        0
  MONTH TO DATE    0                         0      0        0
  SINCE SEP 1      0                         0      0        0
  SINCE JAN 1     76                        61     15       62
..................................................................


WIND (MPH)
  HIGHEST GUST SPEED    11   HIGHEST GUST DIRECTION    SW (240)


SKY COVER
  AVERAGE SKY COVER 0.8


WEATHER CONDITIONS
 THE FOLLOWING WEATHER WAS RECORDED YESTERDAY.
  FOG


RELATIVE HUMIDITY (PERCENT)
 HIGHEST   100
 LOWEST     59
 AVERAGE    80

..........................................................


THE FAIRBANKS AK CLIMATE NORMALS FOR TODAY
                         NORMAL    RECORD    YEAR
 MAXIMUM TEMPERATURE (F)   49        70      1929
 MINIMUM TEMPERATURE (F)   31        14      1983


SUNRISE AND SUNSET
SEPTEMBER 25 2016..........SUNRISE  745 AM AKDT   SUNSET  739 PM AKDT
SEPTEMBER 26 2016..........SUNRISE  748 AM AKDT   SUNSET  735 PM AKDT


-  INDICATES NEGATIVE NUMBERS.
R  INDICATES RECORD WAS SET OR TIED.
MM INDICATES DATA IS MISSING.
T  INDICATES TRACE AMOUNT.

&&

SNOW DEPTH IS MEASURED AT 3AM AKST/4AM AKDT

----------------------------
AVAILABLE DAYLIGHT

AMOUNT OF DAYLIGHT TODAY  (HOUR:MIN)........11:54
LOSS SINCE YESTERDAY........................6 MINUTES
----------------------------

$$
RF SEP 16
