000
CDAK49 PAFG 180935
CLIFAI

CLIMATE REPORT
NATIONAL WEATHER SERVICE FAIRBANKS AK
135 AM AKDT THU SEP 18 2014

...................................

...THE FAIRBANKS AK CLIMATE SUMMARY FOR SEPTEMBER 17 2014...

CLIMATE NORMAL PERIOD 1981 TO 2010
CLIMATE RECORD PERIOD 1904 TO 2014


WEATHER ITEM   OBSERVED TIME   RECORD YEAR NORMAL DEPARTURE LAST
                VALUE   (LST)  VALUE       VALUE  FROM      YEAR
                                                  NORMAL
..................................................................
TEMPERATURE (F)
 YESTERDAY
  MAXIMUM         66    514 PM  71    1995  54     12       45
  MINIMUM         37    224 AM  15    1909  35      2       32
  AVERAGE         52                        44      8       39

PRECIPITATION (IN)
  YESTERDAY        0.00          0.68 1935   0.04  -0.04      T
  MONTH TO DATE    2.24                      0.71   1.53     1.60
  SINCE SEP 1      2.24                      0.71   1.53     1.60
  SINCE JAN 1     14.96                      8.28   6.68     7.40

SNOWFALL (IN)
  YESTERDAY        0.0           1.5  1992   0.1   -0.1       T
  MONTH TO DATE    0.0                       0.6   -0.6       T
  SINCE SEP 1      0.0                       0.6   -0.6       T
  SINCE JUL 1      0.0                       0.6   -0.6       T
  SNOW DEPTH       0

DEGREE DAYS
 HEATING
  YESTERDAY       13                        21     -8       26
  MONTH TO DATE  231                       289    -58      271
  SINCE SEP 1    231                       289    -58      271
  SINCE JUL 1    552                       678   -126      530

 COOLING
  YESTERDAY        0                         0      0        0
  MONTH TO DATE    0                         0      0        0
  SINCE SEP 1      0                         0      0        0
  SINCE JAN 1     27                        61    -34      226
..................................................................


WIND (MPH)
  HIGHEST GUST SPEED    14   HIGHEST GUST DIRECTION     E (70)


SKY COVER
  AVERAGE SKY COVER 0.5


WEATHER CONDITIONS
 THE FOLLOWING WEATHER WAS RECORDED YESTERDAY.
  NO SIGNIFICANT WEATHER WAS OBSERVED.


RELATIVE HUMIDITY (PERCENT)
 HIGHEST    86
 LOWEST     29
 AVERAGE    58

..........................................................


THE FAIRBANKS AK CLIMATE NORMALS FOR TODAY
                         NORMAL    RECORD    YEAR
 MAXIMUM TEMPERATURE (F)   54        74      1995
 MINIMUM TEMPERATURE (F)   34        17      1904


SUNRISE AND SUNSET
SEPTEMBER 18 2014..........SUNRISE  723 AM AKDT   SUNSET  807 PM AKDT
SEPTEMBER 19 2014..........SUNRISE  726 AM AKDT   SUNSET  803 PM AKDT


-  INDICATES NEGATIVE NUMBERS.
R  INDICATES RECORD WAS SET OR TIED.
MM INDICATES DATA IS MISSING.
T  INDICATES TRACE AMOUNT.

&&

SNOW DEPTH IS MEASURED AT 3AM AKST/4AM AKDT

----------------------------
AVAILABLE DAYLIGHT

AMOUNT OF DAYLIGHT TODAY  (HOUR:MIN)........12:44
LOSS SINCE YESTERDAY........................7 MINUTES
----------------------------

$$
DA SEP 14
