000
CDAK49 PAFG 310934
CLIFAI

CLIMATE REPORT
NATIONAL WEATHER SERVICE FAIRBANKS AK
134 AM AKDT FRI JUL 31 2015

...................................

...THE FAIRBANKS AK CLIMATE SUMMARY FOR JULY 30 2015...

CLIMATE NORMAL PERIOD 1981 TO 2010
CLIMATE RECORD PERIOD 1904 TO 2015


WEATHER ITEM   OBSERVED TIME   RECORD YEAR NORMAL DEPARTURE LAST
                VALUE   (LST)  VALUE       VALUE  FROM      YEAR
                                                  NORMAL
..................................................................
TEMPERATURE (F)
 YESTERDAY
  MAXIMUM         69    519 PM  90    1977  70     -1       75
  MINIMUM         53    631 AM  32    1929  51      2       47
  AVERAGE         61                        60      1       61

PRECIPITATION (IN)
  YESTERDAY        0.43          0.79 1938   0.08   0.35     0.00
  MONTH TO DATE    2.78                      2.09   0.69     5.78
  SINCE JUN 1      3.81                      3.46   0.35     9.34
  SINCE JAN 1      5.38                      5.62  -0.24    10.43

SNOWFALL (IN)
  YESTERDAY        0.0           0.0  2002   0.0    0.0      0.0
                                      2001
                                      2000
  MONTH TO DATE    0.0                       0.0    0.0      0.0
  SINCE JUN 1      0.0                       0.0    0.0      0.0
  SINCE JUL 1      0.0                       0.0    0.0      0.0
  SNOW DEPTH       0

DEGREE DAYS
 HEATING
  YESTERDAY        4                         5     -1        4
  MONTH TO DATE   99                       105     -6      136
  SINCE JUN 1    280                       265     15      328
  SINCE JUL 1     99                       105     -6      136

 COOLING
  YESTERDAY        0                         0      0        0
  MONTH TO DATE   24                        29     -5       19
  SINCE JUN 1     55                        52      3       20
  SINCE JAN 1     57                        53      4       20
..................................................................


WIND (MPH)
  HIGHEST GUST SPEED    22   HIGHEST GUST DIRECTION    NW (320)


SKY COVER
  AVERAGE SKY COVER 0.8


WEATHER CONDITIONS
 THE FOLLOWING WEATHER WAS RECORDED YESTERDAY.
  THUNDERSTORM
  LIGHT RAIN


RELATIVE HUMIDITY (PERCENT)
 HIGHEST    93
 LOWEST     55
 AVERAGE    74

..........................................................


THE FAIRBANKS AK CLIMATE NORMALS FOR TODAY
                         NORMAL    RECORD    YEAR
 MAXIMUM TEMPERATURE (F)   70        87      1994
 MINIMUM TEMPERATURE (F)   51        35      1929


SUNRISE AND SUNSET
JULY 31 2015..........SUNRISE  448 AM AKDT   SUNSET  1106 PM AKDT
AUGUST 01 2015..........SUNRISE  452 AM AKDT   SUNSET  1102 PM AKDT


-  INDICATES NEGATIVE NUMBERS.
R  INDICATES RECORD WAS SET OR TIED.
MM INDICATES DATA IS MISSING.
T  INDICATES TRACE AMOUNT.

&&

SNOW DEPTH IS MEASURED AT 3AM AKST/4AM AKDT

----------------------------
AVAILABLE DAYLIGHT

AMOUNT OF DAYLIGHT TODAY  (HOUR:MIN)........18:18
LOSS SINCE YESTERDAY........................7 MINUTES
----------------------------

$$
JUL 15
