000
CDAK49 PAFG 240945
CLIFAI

CLIMATE REPORT
NATIONAL WEATHER SERVICE FAIRBANKS AK
1245 AM AKST FRI NOV 24 2017

...................................

...THE FAIRBANKS AK CLIMATE SUMMARY FOR NOVEMBER 23 2017...

CLIMATE NORMAL PERIOD 1981 TO 2010
CLIMATE RECORD PERIOD 1904 TO 2017


WEATHER ITEM   OBSERVED TIME   RECORD YEAR NORMAL DEPARTURE LAST
                VALUE   (LST)  VALUE       VALUE  FROM      YEAR
                                                  NORMAL
..................................................................
TEMPERATURE (F)
 YESTERDAY
  MAXIMUM          6    227 AM  45    1952   8     -2       -6
  MINIMUM        -17    944 PM -39    1994  -9     -8      -19
                                      1963
                                      1909
  AVERAGE         -5                        -1     -4      -12

PRECIPITATION (IN)
  YESTERDAY        0.01          0.32 2010   0.03  -0.02      T
  MONTH TO DATE    1.34                      0.53   0.81     0.24
  SINCE SEP 1      5.20                      2.46   2.74     2.34
  SINCE JAN 1     14.07                     10.03   4.04    14.05

SNOWFALL (IN)
  YESTERDAY        0.2           2.9  1971   0.5   -0.3       T
  MONTH TO DATE   24.1                      10.3   13.8      3.3
  SINCE SEP 1     29.3                      22.9    6.4      4.1
  SINCE JUL 1     29.3                      22.9    6.4      4.1
  SNOW DEPTH      15

DEGREE DAYS
 HEATING
  YESTERDAY       70                        66      4       77
  MONTH TO DATE 1277                      1406   -129     1309
  SINCE SEP 1   2821                      3276   -455     3045
  SINCE JUL 1   3044                      3665   -621     3247

 COOLING
  YESTERDAY        0                         0      0        0
  MONTH TO DATE    0                         0      0        0
  SINCE SEP 1      0                         0      0        0
  SINCE JAN 1    104                        61     43       76
..................................................................


WIND (MPH)
  HIGHEST GUST SPEED     7   HIGHEST GUST DIRECTION     S (190)


SKY COVER
  AVERAGE SKY COVER 0.9


WEATHER CONDITIONS
 THE FOLLOWING WEATHER WAS RECORDED YESTERDAY.
  LIGHT SNOW
  FOG


RELATIVE HUMIDITY (PERCENT)
 HIGHEST    96
 LOWEST     79
 AVERAGE    88

..........................................................


THE FAIRBANKS AK CLIMATE NORMALS FOR TODAY
                         NORMAL    RECORD    YEAR
 MAXIMUM TEMPERATURE (F)    8        44      1992
                                             1943
 MINIMUM TEMPERATURE (F)   -8       -45      1994


SUNRISE AND SUNSET
NOVEMBER 24 2017......SUNRISE   958 AM AKST  SUNSET   318 PM AKST
NOVEMBER 25 2017......SUNRISE  1002 AM AKST  SUNSET   315 PM AKST


-  INDICATES NEGATIVE NUMBERS.
R  INDICATES RECORD WAS SET OR TIED.
MM INDICATES DATA IS MISSING.
T  INDICATES TRACE AMOUNT.

&&

SNOW DEPTH IS MEASURED AT 3AM AKST/4AM AKDT

----------------------------
AVAILABLE DAYLIGHT

AMOUNT OF DAYLIGHT TODAY  (HOUR:MIN)........05:18
LOSS SINCE YESTERDAY........................6 MINUTES
----------------------------

$$
SDB NOV 17
