000
CDAK49 PAFG 240945
CLIFAI

CLIMATE REPORT
NATIONAL WEATHER SERVICE FAIRBANKS AK
145 AM AKDT SUN SEP 24 2017

...................................

...THE FAIRBANKS AK CLIMATE SUMMARY FOR SEPTEMBER 23 2017...

CLIMATE NORMAL PERIOD 1981 TO 2010
CLIMATE RECORD PERIOD 1904 TO 2017


WEATHER ITEM   OBSERVED TIME   RECORD YEAR NORMAL DEPARTURE LAST
                VALUE   (LST)  VALUE       VALUE  FROM      YEAR
                                                  NORMAL
..................................................................
TEMPERATURE (F)
 YESTERDAY
  MAXIMUM         62    333 PM  72    1940  51     11       46
  MINIMUM         41    536 AM   7    1992  32      9       34
  AVERAGE         52                        41     11       40

PRECIPITATION (IN)
  YESTERDAY        0.01          0.29 1961   0.03  -0.02     0.02
  MONTH TO DATE    0.51                      0.89  -0.38     1.80
  SINCE SEP 1      0.51                      0.89  -0.38     1.80
  SINCE JAN 1      9.38                      8.46   0.92    13.51

SNOWFALL (IN)
  YESTERDAY        0.0           1.4  1924   0.1   -0.1      0.0
  MONTH TO DATE    0.0                       1.0   -1.0      0.0
  SINCE SEP 1      0.0                       1.0   -1.0      0.0
  SINCE JUL 1      0.0                       1.0   -1.0      0.0
  SNOW DEPTH       0

DEGREE DAYS
 HEATING
  YESTERDAY       13                        24    -11       25
  MONTH TO DATE  349                       424    -75      373
  SINCE SEP 1    349                       424    -75      373
  SINCE JUL 1    572                       813   -241      575

 COOLING
  YESTERDAY        0                         0      0        0
  MONTH TO DATE    0                         0      0        0
  SINCE SEP 1      0                         0      0        0
  SINCE JAN 1    104                        61     43       76
..................................................................


WIND (MPH)
  HIGHEST GUST SPEED    19   HIGHEST GUST DIRECTION     N (20)


SKY COVER
  AVERAGE SKY COVER 0.8


WEATHER CONDITIONS
 THE FOLLOWING WEATHER WAS RECORDED YESTERDAY.
  LIGHT RAIN


RELATIVE HUMIDITY (PERCENT)
 HIGHEST    96
 LOWEST     55
 AVERAGE    76

..........................................................


THE FAIRBANKS AK CLIMATE NORMALS FOR TODAY
                         NORMAL    RECORD    YEAR
 MAXIMUM TEMPERATURE (F)   50        69      1942
                                             1940
                                             1934
 MINIMUM TEMPERATURE (F)   32         8      1992


SUNRISE AND SUNSET
SEPTEMBER 24 2017.....SUNRISE   741 AM AKDT  SUNSET   743 PM AKDT
SEPTEMBER 25 2017.....SUNRISE   744 AM AKDT  SUNSET   740 PM AKDT


-  INDICATES NEGATIVE NUMBERS.
R  INDICATES RECORD WAS SET OR TIED.
MM INDICATES DATA IS MISSING.
T  INDICATES TRACE AMOUNT.

&&

SNOW DEPTH IS MEASURED AT 3AM AKST/4AM AKDT

----------------------------
AVAILABLE DAYLIGHT

AMOUNT OF DAYLIGHT TODAY  (HOUR:MIN)........12:01
LOSS SINCE YESTERDAY........................7 MINUTES
----------------------------

$$
CCC SEP 17
