000
CDAK49 PAFG 250042
CLIFAI

CLIMATE REPORT
NATIONAL WEATHER SERVICE FAIRBANKS AK
442 PM AKDT MON JUL 24 2017

...................................

...THE FAIRBANKS AK CLIMATE SUMMARY FOR JULY 24 2017...
VALID TODAY AS OF 0400 PM LOCAL TIME.

CLIMATE NORMAL PERIOD 1981 TO 2010
CLIMATE RECORD PERIOD 1904 TO 2017


WEATHER ITEM   OBSERVED TIME   RECORD YEAR NORMAL DEPARTURE LAST
                VALUE   (LST)  VALUE       VALUE  FROM      YEAR
                                                  NORMAL
..................................................................
TEMPERATURE (F)
 TODAY
  MAXIMUM         62   1249 AM  89    1968  71     -9       71
  MINIMUM         59    139 PM  35    1917  52      7       52
  AVERAGE         61                        62     -1       62

PRECIPITATION (IN)
  TODAY            0.17          1.27 1967   0.08   0.09     0.01
  MONTH TO DATE    1.76                      1.65   0.11     2.99
  SINCE JUN 1      3.49                      3.02   0.47     6.28
  SINCE JAN 1      6.54                      5.18   1.36     8.17

SNOWFALL (IN)
  TODAY            0.0           0.0  2002   0.0    0.0      0.0
                                      2001
                                      2000
  MONTH TO DATE    0.0                       0.0    0.0      0.0
  SINCE JUN 1      0.0                       0.0    0.0      0.0
  SINCE JUL 1      0.0                       0.0    0.0      0.0
  SNOW DEPTH       0

DEGREE DAYS
 HEATING
  TODAY            4                         4      0        3
  MONTH TO DATE   18                        77    -59       59
  SINCE JUN 1    112                       237   -125      220
  SINCE JUL 1     18                        77    -59       59

 COOLING
  TODAY            0                         1     -1        0
  MONTH TO DATE   50                        28     22       41
  SINCE JUN 1     85                        51     34       60
  SINCE JAN 1     85                        52     33       66
..................................................................


WIND (MPH)
  HIGHEST GUST SPEED    24   HIGHEST GUST DIRECTION     W (250)


SKY COVER
  AVERAGE SKY COVER 1.0


WEATHER CONDITIONS
 THE FOLLOWING WEATHER WAS RECORDED TODAY.
  LIGHT RAIN
  FOG
  HAZE


RELATIVE HUMIDITY (PERCENT)
 HIGHEST   100
 LOWEST     84
 AVERAGE    92

..........................................................


THE FAIRBANKS AK CLIMATE NORMALS FOR TOMORROW
                         NORMAL    RECORD    YEAR
 MAXIMUM TEMPERATURE (F)   71        93      1955
 MINIMUM TEMPERATURE (F)   52        40      1958
                                             1921
                                             1917


SUNRISE AND SUNSET
JULY 24 2017..........SUNRISE  426 AM AKDT   SUNSET  1128 PM AKDT
JULY 25 2017..........SUNRISE  429 AM AKDT   SUNSET  1124 PM AKDT


-  INDICATES NEGATIVE NUMBERS.
R  INDICATES RECORD WAS SET OR TIED.
MM INDICATES DATA IS MISSING.
T  INDICATES TRACE AMOUNT.

&&

SNOW DEPTH IS MEASURED AT 3AM AKST/4AM AKDT

----------------------------
AVAILABLE DAYLIGHT

AMOUNT OF DAYLIGHT TODAY  (HOUR:MIN)........19:02
LOSS SINCE YESTERDAY........................7 MINUTES
----------------------------

$$
JUL 17
